182.8.226.107 - - [28/May/2026:21:19:28 +0300] "GET /images/logo/68cd70d486515.png HTTP/1.1" 200 11456 "https://cehaburo.com/en/certificates" "Mozilla/5.0 (iPhone; CPU iPhone OS 18_7 like Mac OS X) AppleWebKit/605.1.15 (KHTML, like Gecko) Version/26.3 Mobile/15E148 Safari/604.1"
125.165.110.186 - - [28/May/2026:21:19:28 +0300] "GET /vendors/slick/slick.min.css HTTP/1.1" 200 503 "https://cehaburo.com/en/certificates" "Mozilla/5.0 (iPhone; CPU iPhone OS 18_7 like Mac OS X) AppleWebKit/605.1.15 (KHTML, like Gecko) Version/26.3 Mobile/15E148 Safari/604.1"
182.8.226.107 - - [28/May/2026:21:19:28 +0300] "GET /images/logo/61cc6bce93429.png HTTP/1.1" 200 11689 "https://cehaburo.com/en/certificates" "Mozilla/5.0 (iPhone; CPU iPhone OS 18_7 like Mac OS X) AppleWebKit/605.1.15 (KHTML, like Gecko) Version/26.3 Mobile/15E148 Safari/604.1"
125.165.110.186 - - [28/May/2026:21:19:28 +0300] "GET /images/logo/logo.png HTTP/1.1" 200 4478 "https://cehaburo.com/en/certificates" "Mozilla/5.0 (iPhone; CPU iPhone OS 18_7 like Mac OS X) AppleWebKit/605.1.15 (KHTML, like Gecko) Version/26.3 Mobile/15E148 Safari/604.1"
125.165.110.186 - - [28/May/2026:21:19:28 +0300] "GET /vendors/fontawesome-pro-5/webfonts/fa-brands-400.woff2 HTTP/1.1" 200 76526 "https://cehaburo.com/en/certificates" "Mozilla/5.0 (iPhone; CPU iPhone OS 18_7 like Mac OS X) AppleWebKit/605.1.15 (KHTML, like Gecko) Version/26.3 Mobile/15E148 Safari/604.1"
125.165.110.186 - - [28/May/2026:21:19:28 +0300] "GET /vendors/fontawesome-pro-5/webfonts/fa-regular-400.woff2 HTTP/1.1" 200 169597 "https://cehaburo.com/en/certificates" "Mozilla/5.0 (iPhone; CPU iPhone OS 18_7 like Mac OS X) AppleWebKit/605.1.15 (KHTML, like Gecko) Version/26.3 Mobile/15E148 Safari/604.1"
125.165.110.186 - - [28/May/2026:21:19:28 +0300] "GET /vendors/fontawesome-pro-5/webfonts/fa-light-300.woff2 HTTP/1.1" 200 185394 "https://cehaburo.com/en/certificates" "Mozilla/5.0 (iPhone; CPU iPhone OS 18_7 like Mac OS X) AppleWebKit/605.1.15 (KHTML, like Gecko) Version/26.3 Mobile/15E148 Safari/604.1"
125.165.110.186 - - [28/May/2026:21:19:28 +0300] "GET /images/certificate/61fb7f85b8bcd.jpg HTTP/1.1" 200 1304329 "https://cehaburo.com/en/certificates" "Mozilla/5.0 (iPhone; CPU iPhone OS 18_7 like Mac OS X) AppleWebKit/605.1.15 (KHTML, like Gecko) Version/26.3 Mobile/15E148 Safari/604.1"
125.165.110.186 - - [28/May/2026:21:19:28 +0300] "GET /images/certificate/6183ee2a63e5c.png HTTP/1.1" 200 794394 "https://cehaburo.com/en/certificates" "Mozilla/5.0 (iPhone; CPU iPhone OS 18_7 like Mac OS X) AppleWebKit/605.1.15 (KHTML, like Gecko) Version/26.3 Mobile/15E148 Safari/604.1"
125.165.110.186 - - [28/May/2026:21:19:30 +0300] "GET /images/logo/64b5226a99913.png HTTP/1.1" 200 20537 "https://cehaburo.com/en/certificates" "Mozilla/5.0 (iPhone; CPU iPhone OS 18_7 like Mac OS X) AppleWebKit/605.1.15 (KHTML, like Gecko) Version/26.3 Mobile/15E148 Safari/604.1"
125.165.110.186 - - [28/May/2026:21:19:29 +0300] "GET /images/certificate/6183ef4b2e075.png HTTP/1.1" 200 697801 "https://cehaburo.com/en/certificates" "Mozilla/5.0 (iPhone; CPU iPhone OS 18_7 like Mac OS X) AppleWebKit/605.1.15 (KHTML, like Gecko) Version/26.3 Mobile/15E148 Safari/604.1"
125.165.110.186 - - [28/May/2026:21:19:30 +0300] "GET /images/logo/64b69cd526f8e.png HTTP/1.1" 200 10142 "https://cehaburo.com/en/certificates" "Mozilla/5.0 (iPhone; CPU iPhone OS 18_7 like Mac OS X) AppleWebKit/605.1.15 (KHTML, like Gecko) Version/26.3 Mobile/15E148 Safari/604.1"
125.165.110.186 - - [28/May/2026:21:19:30 +0300] "GET /images/logo/61cc6c04c5f8b.png HTTP/1.1" 200 11970 "https://cehaburo.com/en/certificates" "Mozilla/5.0 (iPhone; CPU iPhone OS 18_7 like Mac OS X) AppleWebKit/605.1.15 (KHTML, like Gecko) Version/26.3 Mobile/15E148 Safari/604.1"
141.0.8.109 - - [28/May/2026:21:19:30 +0300] "-" 408 - "-" "-"
125.165.110.186 - - [28/May/2026:21:19:30 +0300] "GET /images/logo/61cc6bdb9a67b.png HTTP/1.1" 200 10573 "https://cehaburo.com/en/certificates" "Mozilla/5.0 (iPhone; CPU iPhone OS 18_7 like Mac OS X) AppleWebKit/605.1.15 (KHTML, like Gecko) Version/26.3 Mobile/15E148 Safari/604.1"
125.165.110.186 - - [28/May/2026:21:19:30 +0300] "GET /images/logo/68cd70d486515.png HTTP/1.1" 200 11456 "https://cehaburo.com/en/certificates" "Mozilla/5.0 (iPhone; CPU iPhone OS 18_7 like Mac OS X) AppleWebKit/605.1.15 (KHTML, like Gecko) Version/26.3 Mobile/15E148 Safari/604.1"
125.165.110.186 - - [28/May/2026:21:19:30 +0300] "GET /images/logo/61cc6bce93429.png HTTP/1.1" 200 11689 "https://cehaburo.com/en/certificates" "Mozilla/5.0 (iPhone; CPU iPhone OS 18_7 like Mac OS X) AppleWebKit/605.1.15 (KHTML, like Gecko) Version/26.3 Mobile/15E148 Safari/604.1"
125.165.110.186 - - [28/May/2026:21:19:30 +0300] "GET /vendors/fontawesome-pro-5/webfonts/fa-solid-900.woff2 HTTP/1.1" 200 137479 "https://cehaburo.com/en/certificates" "Mozilla/5.0 (iPhone; CPU iPhone OS 18_7 like Mac OS X) AppleWebKit/605.1.15 (KHTML, like Gecko) Version/26.3 Mobile/15E148 Safari/604.1"
103.67.88.82 - - [28/May/2026:21:19:31 +0300] "GET /vendors/slick/slick.min.css HTTP/1.1" 200 503 "https://cehaburo.com/en/certificates" "Mozilla/5.0 (iPhone; CPU iPhone OS 18_5 like Mac OS X) AppleWebKit/605.1.15 (KHTML, like Gecko) Version/18.5 Mobile/15E148 Safari/604.1"
103.67.88.82 - - [28/May/2026:21:19:31 +0300] "GET /vendors/animate.css HTTP/1.1" 200 4325 "https://cehaburo.com/en/certificates" "Mozilla/5.0 (iPhone; CPU iPhone OS 18_5 like Mac OS X) AppleWebKit/605.1.15 (KHTML, like Gecko) Version/18.5 Mobile/15E148 Safari/604.1"
125.165.110.186 - - [28/May/2026:21:19:30 +0300] "GET /images/certificate/6183f17f21dae.jpg HTTP/1.1" 200 2362276 "https://cehaburo.com/en/certificates" "Mozilla/5.0 (iPhone; CPU iPhone OS 18_7 like Mac OS X) AppleWebKit/605.1.15 (KHTML, like Gecko) Version/26.3 Mobile/15E148 Safari/604.1"
103.67.88.82 - - [28/May/2026:21:19:32 +0300] "GET /vendors/magnific-popup/magnific-popup.min.css HTTP/1.1" 200 1565 "https://cehaburo.com/en/certificates" "Mozilla/5.0 (iPhone; CPU iPhone OS 18_5 like Mac OS X) AppleWebKit/605.1.15 (KHTML, like Gecko) Version/18.5 Mobile/15E148 Safari/604.1"
103.67.88.82 - - [28/May/2026:21:19:32 +0300] "GET /vendors/jquery-ui/jquery-ui.min.css HTTP/1.1" 200 7607 "https://cehaburo.com/en/certificates" "Mozilla/5.0 (iPhone; CPU iPhone OS 18_5 like Mac OS X) AppleWebKit/605.1.15 (KHTML, like Gecko) Version/18.5 Mobile/15E148 Safari/604.1"
103.67.88.82 - - [28/May/2026:21:19:32 +0300] "GET /vendors/mapbox-gl/mapbox-gl.min.css HTTP/1.1" 200 4574 "https://cehaburo.com/en/certificates" "Mozilla/5.0 (iPhone; CPU iPhone OS 18_5 like Mac OS X) AppleWebKit/605.1.15 (KHTML, like Gecko) Version/18.5 Mobile/15E148 Safari/604.1"
103.67.88.82 - - [28/May/2026:21:19:33 +0300] "GET /images/logo/logo.png HTTP/1.1" 200 4478 "https://cehaburo.com/en/certificates" "Mozilla/5.0 (iPhone; CPU iPhone OS 18_5 like Mac OS X) AppleWebKit/605.1.15 (KHTML, like Gecko) Version/18.5 Mobile/15E148 Safari/604.1"
103.136.57.82 - - [28/May/2026:21:19:32 +0300] "GET /vendors/fontawesome-pro-5/webfonts/fa-brands-400.woff2 HTTP/1.1" 200 76526 "https://cehaburo.com/en/certificates" "Mozilla/5.0 (iPhone; CPU iPhone OS 18_3_1 like Mac OS X) AppleWebKit/605.1.15 (KHTML, like Gecko) CriOS/148.0.7778.166 Mobile/15E148 Safari/604.1"
103.136.57.82 - - [28/May/2026:21:19:32 +0300] "GET /vendors/fontawesome-pro-5/webfonts/fa-regular-400.woff2 HTTP/1.1" 200 169597 "https://cehaburo.com/en/certificates" "Mozilla/5.0 (iPhone; CPU iPhone OS 18_3_1 like Mac OS X) AppleWebKit/605.1.15 (KHTML, like Gecko) CriOS/148.0.7778.166 Mobile/15E148 Safari/604.1"
103.136.57.82 - - [28/May/2026:21:19:34 +0300] "GET /vendors/fontawesome-pro-5/webfonts/fa-solid-900.woff2 HTTP/1.1" 200 137479 "https://cehaburo.com/en/certificates" "Mozilla/5.0 (iPhone; CPU iPhone OS 18_3_1 like Mac OS X) AppleWebKit/605.1.15 (KHTML, like Gecko) CriOS/148.0.7778.166 Mobile/15E148 Safari/604.1"
103.136.57.82 - - [28/May/2026:21:19:33 +0300] "GET /images/certificate/6183eec005104.png HTTP/1.1" 200 760196 "https://cehaburo.com/en/certificates" "Mozilla/5.0 (iPhone; CPU iPhone OS 18_3_1 like Mac OS X) AppleWebKit/605.1.15 (KHTML, like Gecko) CriOS/148.0.7778.166 Mobile/15E148 Safari/604.1"
103.67.88.82 - - [28/May/2026:21:19:33 +0300] "GET /images/certificate/6183ee2a63e5c.png HTTP/1.1" 200 794394 "https://cehaburo.com/en/certificates" "Mozilla/5.0 (iPhone; CPU iPhone OS 18_5 like Mac OS X) AppleWebKit/605.1.15 (KHTML, like Gecko) Version/18.5 Mobile/15E148 Safari/604.1"
103.67.88.82 - - [28/May/2026:21:19:33 +0300] "GET /images/certificate/61fb7f85b8bcd.jpg HTTP/1.1" 200 1304329 "https://cehaburo.com/en/certificates" "Mozilla/5.0 (iPhone; CPU iPhone OS 18_5 like Mac OS X) AppleWebKit/605.1.15 (KHTML, like Gecko) Version/18.5 Mobile/15E148 Safari/604.1"
182.253.50.95 - - [28/May/2026:21:19:35 +0300] "GET /vendors/slick/slick.min.css HTTP/1.1" 200 503 "https://cehaburo.com/en/certificates" "Mozilla/5.0 (iPhone; CPU iPhone OS 18_7 like Mac OS X) AppleWebKit/605.1.15 (KHTML, like Gecko) Version/26.4 Mobile/15E148 Safari/604.1"
182.253.50.95 - - [28/May/2026:21:19:35 +0300] "GET /vendors/bootstrap-select/css/bootstrap-select.min.css HTTP/1.1" 200 2247 "https://cehaburo.com/en/certificates" "Mozilla/5.0 (iPhone; CPU iPhone OS 18_7 like Mac OS X) AppleWebKit/605.1.15 (KHTML, like Gecko) Version/26.4 Mobile/15E148 Safari/604.1"
182.253.50.95 - - [28/May/2026:21:19:35 +0300] "GET /vendors/jquery-ui/jquery-ui.min.css HTTP/1.1" 200 7607 "https://cehaburo.com/en/certificates" "Mozilla/5.0 (iPhone; CPU iPhone OS 18_7 like Mac OS X) AppleWebKit/605.1.15 (KHTML, like Gecko) Version/26.4 Mobile/15E148 Safari/604.1"
141.0.8.149 - - [28/May/2026:21:19:36 +0300] "-" 408 - "-" "-"
182.253.50.95 - - [28/May/2026:21:19:37 +0300] "GET /vendors/magnific-popup/magnific-popup.min.css HTTP/1.1" 200 1565 "https://cehaburo.com/en/certificates" "Mozilla/5.0 (iPhone; CPU iPhone OS 18_7 like Mac OS X) AppleWebKit/605.1.15 (KHTML, like Gecko) Version/26.4 Mobile/15E148 Safari/604.1"
182.253.50.95 - - [28/May/2026:21:19:37 +0300] "GET /vendors/animate.css HTTP/1.1" 200 4325 "https://cehaburo.com/en/certificates" "Mozilla/5.0 (iPhone; CPU iPhone OS 18_7 like Mac OS X) AppleWebKit/605.1.15 (KHTML, like Gecko) Version/26.4 Mobile/15E148 Safari/604.1"
182.253.50.95 - - [28/May/2026:21:19:37 +0300] "GET /images/logo/logo.png HTTP/1.1" 200 4478 "https://cehaburo.com/en/certificates" "Mozilla/5.0 (iPhone; CPU iPhone OS 18_7 like Mac OS X) AppleWebKit/605.1.15 (KHTML, like Gecko) Version/26.4 Mobile/15E148 Safari/604.1"
114.10.76.104 - - [28/May/2026:21:19:37 +0300] "-" 408 - "-" "-"
103.67.88.82 - - [28/May/2026:21:19:36 +0300] "GET /images/certificate/6183ef4b2e075.png HTTP/1.1" 200 697801 "https://cehaburo.com/en/certificates" "Mozilla/5.0 (iPhone; CPU iPhone OS 18_5 like Mac OS X) AppleWebKit/605.1.15 (KHTML, like Gecko) Version/18.5 Mobile/15E148 Safari/604.1"
182.3.46.254 - - [28/May/2026:21:19:37 +0300] "GET /en/certificates HTTP/1.1" 200 6043 "-" "Mozilla/5.0 (iPhone; CPU iPhone OS 18_7 like Mac OS X) AppleWebKit/605.1.15 (KHTML, like Gecko) Mobile/15E148"
103.150.226.29 - - [28/May/2026:21:19:38 +0300] "GET /images/logo/61cc6c04c5f8b.png HTTP/1.1" 200 11970 "https://cehaburo.com/en/certificates" "Mozilla/5.0 (Windows NT 10.0; WOW64; rv:66.0) Gecko/20100101 Firefox/66.0"
103.156.57.174 - - [28/May/2026:21:19:37 +0300] "GET /vendors/fontawesome-pro-5/webfonts/fa-regular-400.woff2 HTTP/1.1" 200 169597 "https://cehaburo.com/en/certificates" "Mozilla/5.0 (iPhone; CPU iPhone OS 26_5_0 like Mac OS X) AppleWebKit/605.1.15 (KHTML, like Gecko) CriOS/148.0.7778.166 Mobile/15E148 Safari/604.1"
103.156.57.174 - - [28/May/2026:21:19:38 +0300] "GET /vendors/fontawesome-pro-5/webfonts/fa-brands-400.woff2 HTTP/1.1" 200 76526 "https://cehaburo.com/en/certificates" "Mozilla/5.0 (iPhone; CPU iPhone OS 26_5_0 like Mac OS X) AppleWebKit/605.1.15 (KHTML, like Gecko) CriOS/148.0.7778.166 Mobile/15E148 Safari/604.1"
202.65.239.179 - - [28/May/2026:21:19:37 +0300] "GET /images/certificate/6183ef4b2e075.png HTTP/1.1" 200 697801 "https://cehaburo.com/en/certificates" "Mozilla/5.0 (iPhone; CPU iPhone OS 18_6_2 like Mac OS X) AppleWebKit/605.1.15 (KHTML, like Gecko) Version/18.6 Mobile/15E148 Safari/604.1"
121.101.134.165 - - [28/May/2026:21:19:39 +0300] "GET /vendors/magnific-popup/magnific-popup.min.css HTTP/1.1" 200 1565 "-" "Mozilla/5.0 (iPhone; CPU iPhone OS 18_7 like Mac OS X) AppleWebKit/605.1.15 (KHTML, like Gecko) Version/26.4 Mobile/15E148 Safari/604.1"
103.67.88.82 - - [28/May/2026:21:19:36 +0300] "GET /images/certificate/6183eec005104.png HTTP/1.1" 200 760196 "https://cehaburo.com/en/certificates" "Mozilla/5.0 (iPhone; CPU iPhone OS 18_5 like Mac OS X) AppleWebKit/605.1.15 (KHTML, like Gecko) Version/18.5 Mobile/15E148 Safari/604.1"
121.101.134.165 - - [28/May/2026:21:19:39 +0300] "GET /vendors/animate.css HTTP/1.1" 200 4325 "-" "Mozilla/5.0 (iPhone; CPU iPhone OS 18_7 like Mac OS X) AppleWebKit/605.1.15 (KHTML, like Gecko) Version/26.4 Mobile/15E148 Safari/604.1"
182.253.50.95 - - [28/May/2026:21:19:37 +0300] "GET /images/certificate/61fb7f85b8bcd.jpg HTTP/1.1" 200 1304329 "https://cehaburo.com/en/certificates" "Mozilla/5.0 (iPhone; CPU iPhone OS 18_7 like Mac OS X) AppleWebKit/605.1.15 (KHTML, like Gecko) Version/26.4 Mobile/15E148 Safari/604.1"
182.253.50.95 - - [28/May/2026:21:19:37 +0300] "GET /images/certificate/6183ee2a63e5c.png HTTP/1.1" 200 794394 "https://cehaburo.com/en/certificates" "Mozilla/5.0 (iPhone; CPU iPhone OS 18_7 like Mac OS X) AppleWebKit/605.1.15 (KHTML, like Gecko) Version/26.4 Mobile/15E148 Safari/604.1"
121.101.134.165 - - [28/May/2026:21:19:40 +0300] "GET /vendors/jquery-ui/jquery-ui.min.css HTTP/1.1" 200 7607 "-" "Mozilla/5.0 (iPhone; CPU iPhone OS 18_7 like Mac OS X) AppleWebKit/605.1.15 (KHTML, like Gecko) Version/26.4 Mobile/15E148 Safari/604.1"
121.101.134.165 - - [28/May/2026:21:19:40 +0300] "GET /vendors/mapbox-gl/mapbox-gl.min.css HTTP/1.1" 200 4574 "-" "Mozilla/5.0 (iPhone; CPU iPhone OS 18_7 like Mac OS X) AppleWebKit/605.1.15 (KHTML, like Gecko) Version/26.4 Mobile/15E148 Safari/604.1"
121.101.134.165 - - [28/May/2026:21:19:40 +0300] "GET /css/spacing.css HTTP/1.1" 200 10689 "-" "Mozilla/5.0 (iPhone; CPU iPhone OS 18_7 like Mac OS X) AppleWebKit/605.1.15 (KHTML, like Gecko) Version/26.4 Mobile/15E148 Safari/604.1"
121.101.134.165 - - [28/May/2026:21:19:40 +0300] "GET /images/logo/logo.png HTTP/1.1" 200 4478 "-" "Mozilla/5.0 (iPhone; CPU iPhone OS 18_7 like Mac OS X) AppleWebKit/605.1.15 (KHTML, like Gecko) Version/26.4 Mobile/15E148 Safari/604.1"
182.253.50.95 - - [28/May/2026:21:19:41 +0300] "GET /images/certificate/6183ef4b2e075.png HTTP/1.1" 200 697801 "https://cehaburo.com/en/certificates" "Mozilla/5.0 (iPhone; CPU iPhone OS 18_7 like Mac OS X) AppleWebKit/605.1.15 (KHTML, like Gecko) Version/26.4 Mobile/15E148 Safari/604.1"
121.101.134.165 - - [28/May/2026:21:19:41 +0300] "GET /vendors/fontawesome-pro-5/webfonts/fa-brands-400.woff2 HTTP/1.1" 200 76526 "-" "Mozilla/5.0 (iPhone; CPU iPhone OS 18_7 like Mac OS X) AppleWebKit/605.1.15 (KHTML, like Gecko) Version/26.4 Mobile/15E148 Safari/604.1"
103.156.14.25 - - [28/May/2026:21:19:41 +0300] "GET /images/favicon.html HTTP/1.1" 200 169 "https://cehaburo.com/en/certificates" "Mozilla/5.0 (iPhone; CPU iPhone OS 18_7 like Mac OS X) AppleWebKit/605.1.15 (KHTML, like Gecko) Version/26.3 Mobile/15E148 Safari/604.1"
121.101.134.165 - - [28/May/2026:21:19:41 +0300] "GET /vendors/fontawesome-pro-5/webfonts/fa-regular-400.woff2 HTTP/1.1" 200 169597 "-" "Mozilla/5.0 (iPhone; CPU iPhone OS 18_7 like Mac OS X) AppleWebKit/605.1.15 (KHTML, like Gecko) Version/26.4 Mobile/15E148 Safari/604.1"
121.101.134.165 - - [28/May/2026:21:19:41 +0300] "GET /vendors/fontawesome-pro-5/webfonts/fa-light-300.woff2 HTTP/1.1" 200 185394 "-" "Mozilla/5.0 (iPhone; CPU iPhone OS 18_7 like Mac OS X) AppleWebKit/605.1.15 (KHTML, like Gecko) Version/26.4 Mobile/15E148 Safari/604.1"
103.67.88.82 - - [28/May/2026:21:19:42 +0300] "GET /images/logo/64b5226a99913.png HTTP/1.1" 200 20537 "https://cehaburo.com/en/certificates" "Mozilla/5.0 (iPhone; CPU iPhone OS 18_5 like Mac OS X) AppleWebKit/605.1.15 (KHTML, like Gecko) Version/18.5 Mobile/15E148 Safari/604.1"
121.101.134.165 - - [28/May/2026:21:19:42 +0300] "GET /images/logo/64b5226a99913.png HTTP/1.1" 200 20537 "-" "Mozilla/5.0 (iPhone; CPU iPhone OS 18_7 like Mac OS X) AppleWebKit/605.1.15 (KHTML, like Gecko) Version/26.4 Mobile/15E148 Safari/604.1"
103.67.88.82 - - [28/May/2026:21:19:42 +0300] "GET /images/logo/64b69cd526f8e.png HTTP/1.1" 200 10142 "https://cehaburo.com/en/certificates" "Mozilla/5.0 (iPhone; CPU iPhone OS 18_5 like Mac OS X) AppleWebKit/605.1.15 (KHTML, like Gecko) Version/18.5 Mobile/15E148 Safari/604.1"
121.101.134.165 - - [28/May/2026:21:19:42 +0300] "GET /images/certificate/6183ef4b2e075.png HTTP/1.1" 200 697801 "-" "Mozilla/5.0 (iPhone; CPU iPhone OS 18_7 like Mac OS X) AppleWebKit/605.1.15 (KHTML, like Gecko) Version/26.4 Mobile/15E148 Safari/604.1"
121.101.134.165 - - [28/May/2026:21:19:42 +0300] "GET /images/logo/64b69cd526f8e.png HTTP/1.1" 200 10142 "-" "Mozilla/5.0 (iPhone; CPU iPhone OS 18_7 like Mac OS X) AppleWebKit/605.1.15 (KHTML, like Gecko) Version/26.4 Mobile/15E148 Safari/604.1"
121.101.134.165 - - [28/May/2026:21:19:41 +0300] "GET /images/certificate/6183ee2a63e5c.png HTTP/1.1" 200 794394 "-" "Mozilla/5.0 (iPhone; CPU iPhone OS 18_7 like Mac OS X) AppleWebKit/605.1.15 (KHTML, like Gecko) Version/26.4 Mobile/15E148 Safari/604.1"
121.101.134.165 - - [28/May/2026:21:19:42 +0300] "GET /images/certificate/6183f17f21dae.jpg HTTP/1.1" 200 2362276 "-" "Mozilla/5.0 (iPhone; CPU iPhone OS 18_7 like Mac OS X) AppleWebKit/605.1.15 (KHTML, like Gecko) Version/26.4 Mobile/15E148 Safari/604.1"
103.67.88.82 - - [28/May/2026:21:19:42 +0300] "GET /images/logo/61cc6c04c5f8b.png HTTP/1.1" 200 11970 "https://cehaburo.com/en/certificates" "Mozilla/5.0 (iPhone; CPU iPhone OS 18_5 like Mac OS X) AppleWebKit/605.1.15 (KHTML, like Gecko) Version/18.5 Mobile/15E148 Safari/604.1"
121.101.134.165 - - [28/May/2026:21:19:43 +0300] "GET /images/logo/61cc6c04c5f8b.png HTTP/1.1" 200 11970 "-" "Mozilla/5.0 (iPhone; CPU iPhone OS 18_7 like Mac OS X) AppleWebKit/605.1.15 (KHTML, like Gecko) Version/26.4 Mobile/15E148 Safari/604.1"
103.67.88.82 - - [28/May/2026:21:19:43 +0300] "GET /images/logo/61cc6bdb9a67b.png HTTP/1.1" 200 10573 "https://cehaburo.com/en/certificates" "Mozilla/5.0 (iPhone; CPU iPhone OS 18_5 like Mac OS X) AppleWebKit/605.1.15 (KHTML, like Gecko) Version/18.5 Mobile/15E148 Safari/604.1"
182.8.162.131 - - [28/May/2026:21:19:43 +0300] "GET /vendors/slick/slick.min.css HTTP/1.1" 200 503 "https://cehaburo.com/en/certificates" "Mozilla/5.0 (iPhone; CPU iPhone OS 18_1_1 like Mac OS X) AppleWebKit/605.1.15 (KHTML, like Gecko) Version/18.1.1 Mobile/22B91 Safari/604.1"
121.101.134.165 - - [28/May/2026:21:19:43 +0300] "GET /images/logo/61cc6bdb9a67b.png HTTP/1.1" 200 10573 "-" "Mozilla/5.0 (iPhone; CPU iPhone OS 18_7 like Mac OS X) AppleWebKit/605.1.15 (KHTML, like Gecko) Version/26.4 Mobile/15E148 Safari/604.1"
182.8.162.131 - - [28/May/2026:21:19:43 +0300] "GET /vendors/magnific-popup/magnific-popup.min.css HTTP/1.1" 200 1565 "https://cehaburo.com/en/certificates" "Mozilla/5.0 (iPhone; CPU iPhone OS 18_1_1 like Mac OS X) AppleWebKit/605.1.15 (KHTML, like Gecko) Version/18.1.1 Mobile/22B91 Safari/604.1"
103.67.88.82 - - [28/May/2026:21:19:43 +0300] "GET /images/logo/68cd70d486515.png HTTP/1.1" 200 11456 "https://cehaburo.com/en/certificates" "Mozilla/5.0 (iPhone; CPU iPhone OS 18_5 like Mac OS X) AppleWebKit/605.1.15 (KHTML, like Gecko) Version/18.5 Mobile/15E148 Safari/604.1"
103.156.57.174 - - [28/May/2026:21:19:43 +0300] "GET /images/certificate/6183ef4b2e075.png HTTP/1.1" 200 697801 "https://cehaburo.com/en/certificates" "Mozilla/5.0 (iPhone; CPU iPhone OS 26_5_0 like Mac OS X) AppleWebKit/605.1.15 (KHTML, like Gecko) CriOS/148.0.7778.166 Mobile/15E148 Safari/604.1"
121.101.134.165 - - [28/May/2026:21:19:43 +0300] "GET /images/logo/68cd70d486515.png HTTP/1.1" 200 11456 "-" "Mozilla/5.0 (iPhone; CPU iPhone OS 18_7 like Mac OS X) AppleWebKit/605.1.15 (KHTML, like Gecko) Version/26.4 Mobile/15E148 Safari/604.1"
103.67.88.82 - - [28/May/2026:21:19:43 +0300] "GET /images/logo/61cc6bce93429.png HTTP/1.1" 200 11689 "https://cehaburo.com/en/certificates" "Mozilla/5.0 (iPhone; CPU iPhone OS 18_5 like Mac OS X) AppleWebKit/605.1.15 (KHTML, like Gecko) Version/18.5 Mobile/15E148 Safari/604.1"
121.101.134.165 - - [28/May/2026:21:19:40 +0300] "GET /images/certificate/61fb7f85b8bcd.jpg HTTP/1.1" 200 1304329 "-" "Mozilla/5.0 (iPhone; CPU iPhone OS 18_7 like Mac OS X) AppleWebKit/605.1.15 (KHTML, like Gecko) Version/26.4 Mobile/15E148 Safari/604.1"
121.101.134.165 - - [28/May/2026:21:19:44 +0300] "GET /images/logo/61cc6bce93429.png HTTP/1.1" 200 11689 "-" "Mozilla/5.0 (iPhone; CPU iPhone OS 18_7 like Mac OS X) AppleWebKit/605.1.15 (KHTML, like Gecko) Version/26.4 Mobile/15E148 Safari/604.1"
121.101.134.165 - - [28/May/2026:21:19:44 +0300] "GET /vendors/fontawesome-pro-5/webfonts/fa-solid-900.woff2 HTTP/1.1" 200 137479 "-" "Mozilla/5.0 (iPhone; CPU iPhone OS 18_7 like Mac OS X) AppleWebKit/605.1.15 (KHTML, like Gecko) Version/26.4 Mobile/15E148 Safari/604.1"
182.253.50.95 - - [28/May/2026:21:19:41 +0300] "GET /images/certificate/6183f17f21dae.jpg HTTP/1.1" 200 2362276 "https://cehaburo.com/en/certificates" "Mozilla/5.0 (iPhone; CPU iPhone OS 18_7 like Mac OS X) AppleWebKit/605.1.15 (KHTML, like Gecko) Version/26.4 Mobile/15E148 Safari/604.1"
182.8.162.131 - - [28/May/2026:21:19:46 +0300] "GET /vendors/fontawesome-pro-5/css/all.css HTTP/1.1" 200 32906 "https://cehaburo.com/en/certificates" "Mozilla/5.0 (iPhone; CPU iPhone OS 18_1_1 like Mac OS X) AppleWebKit/605.1.15 (KHTML, like Gecko) Version/18.1.1 Mobile/22B91 Safari/604.1"
182.8.162.131 - - [28/May/2026:21:19:46 +0300] "GET /vendors/jquery-ui/jquery-ui.min.css HTTP/1.1" 200 7607 "https://cehaburo.com/en/certificates" "Mozilla/5.0 (iPhone; CPU iPhone OS 18_1_1 like Mac OS X) AppleWebKit/605.1.15 (KHTML, like Gecko) Version/18.1.1 Mobile/22B91 Safari/604.1"
182.8.162.131 - - [28/May/2026:21:19:46 +0300] "GET /vendors/mapbox-gl/mapbox-gl.min.css HTTP/1.1" 200 4574 "https://cehaburo.com/en/certificates" "Mozilla/5.0 (iPhone; CPU iPhone OS 18_1_1 like Mac OS X) AppleWebKit/605.1.15 (KHTML, like Gecko) Version/18.1.1 Mobile/22B91 Safari/604.1"
182.8.162.131 - - [28/May/2026:21:19:47 +0300] "GET /images/logo/logo.png HTTP/1.1" 200 4478 "https://cehaburo.com/en/certificates" "Mozilla/5.0 (iPhone; CPU iPhone OS 18_1_1 like Mac OS X) AppleWebKit/605.1.15 (KHTML, like Gecko) Version/18.1.1 Mobile/22B91 Safari/604.1"
103.67.88.82 - - [28/May/2026:21:19:41 +0300] "GET /images/certificate/6183f17f21dae.jpg HTTP/1.1" 200 2362276 "https://cehaburo.com/en/certificates" "Mozilla/5.0 (iPhone; CPU iPhone OS 18_5 like Mac OS X) AppleWebKit/605.1.15 (KHTML, like Gecko) Version/18.5 Mobile/15E148 Safari/604.1"
103.150.226.29 - - [28/May/2026:21:19:48 +0300] "GET /images/logo/61cc6bdb9a67b.png HTTP/1.1" 200 10573 "https://cehaburo.com/en/certificates" "Mozilla/5.0 (Windows NT 10.0; WOW64; rv:66.0) Gecko/20100101 Firefox/66.0"
182.8.162.131 - - [28/May/2026:21:19:47 +0300] "GET /images/certificate/6183ee2a63e5c.png HTTP/1.1" 200 794394 "https://cehaburo.com/en/certificates" "Mozilla/5.0 (iPhone; CPU iPhone OS 18_1_1 like Mac OS X) AppleWebKit/605.1.15 (KHTML, like Gecko) Version/18.1.1 Mobile/22B91 Safari/604.1"
182.8.162.131 - - [28/May/2026:21:19:47 +0300] "GET /images/certificate/6183eec005104.png HTTP/1.1" 200 760196 "https://cehaburo.com/en/certificates" "Mozilla/5.0 (iPhone; CPU iPhone OS 18_1_1 like Mac OS X) AppleWebKit/605.1.15 (KHTML, like Gecko) Version/18.1.1 Mobile/22B91 Safari/604.1"
182.8.162.131 - - [28/May/2026:21:19:49 +0300] "GET /images/certificate/61fb7f85b8bcd.jpg HTTP/1.1" 200 1304329 "https://cehaburo.com/en/certificates" "Mozilla/5.0 (iPhone; CPU iPhone OS 18_1_1 like Mac OS X) AppleWebKit/605.1.15 (KHTML, like Gecko) Version/18.1.1 Mobile/22B91 Safari/604.1"
182.8.162.131 - - [28/May/2026:21:19:49 +0300] "GET /images/certificate/6183ef4b2e075.png HTTP/1.1" 200 697801 "https://cehaburo.com/en/certificates" "Mozilla/5.0 (iPhone; CPU iPhone OS 18_1_1 like Mac OS X) AppleWebKit/605.1.15 (KHTML, like Gecko) Version/18.1.1 Mobile/22B91 Safari/604.1"
36.81.234.207 - - [28/May/2026:21:19:20 +0300] "GET /images/certificate/61fb7f85b8bcd.jpg HTTP/1.1" 200 1304329 "https://cehaburo.com/en/certificates" "Mozilla/5.0 (iPhone; CPU iPhone OS 18_7_8 like Mac OS X) AppleWebKit/605.1.15 (KHTML, like Gecko) Mobile/22H352 Safari/604.1 [FBAN/FBIOS;FBAV/540.0.0.44.68;FBBV/828638047;FBDV/iPhone14,5;FBMD/iPhone;FBSN/iOS;FBSV/18.7.8;FBSS/3;FBID/phone;FBLC/id_ID;FBOP/5;FBRV/837704895;IABMV/1]"
103.127.96.217 - - [28/May/2026:21:19:49 +0300] "GET /vendors/fontawesome-pro-5/webfonts/fa-light-300.woff2 HTTP/1.1" 200 185394 "https://cehaburo.com/vendors/fontawesome-pro-5/css/all.css" "Mozilla/5.0 (Macintosh; Intel Mac OS X 10_15_7) AppleWebKit/605.1.15 (KHTML, like Gecko) Version/15.6.1 Safari/605.1.15"
203.17.87.187 - - [28/May/2026:21:19:48 +0300] "GET /images/certificate/6183eec005104.png HTTP/1.1" 200 760196 "-" "Mozilla/5.0 (iPhone; CPU iPhone OS 18_4_1 like Mac OS X) AppleWebKit/605.1.15 (KHTML, like Gecko) CriOS/148.0.7778.166 Mobile/15E148 Safari/604.1"
103.127.96.217 - - [28/May/2026:21:19:49 +0300] "GET /vendors/fontawesome-pro-5/webfonts/fa-regular-400.woff2 HTTP/1.1" 200 169597 "https://cehaburo.com/vendors/fontawesome-pro-5/css/all.css" "Mozilla/5.0 (Macintosh; Intel Mac OS X 10_15_7) AppleWebKit/605.1.15 (KHTML, like Gecko) Version/15.6.1 Safari/605.1.15"
103.150.226.29 - - [28/May/2026:21:19:50 +0300] "GET /images/logo/68cd70d486515.png HTTP/1.1" 200 11456 "https://cehaburo.com/en/certificates" "Mozilla/5.0 (Windows NT 10.0; WOW64; rv:66.0) Gecko/20100101 Firefox/66.0"
182.8.162.131 - - [28/May/2026:21:19:50 +0300] "GET /images/certificate/6183f17f21dae.jpg HTTP/1.1" 200 2362276 "https://cehaburo.com/en/certificates" "Mozilla/5.0 (iPhone; CPU iPhone OS 18_1_1 like Mac OS X) AppleWebKit/605.1.15 (KHTML, like Gecko) Version/18.1.1 Mobile/22B91 Safari/604.1"
182.8.162.131 - - [28/May/2026:21:19:50 +0300] "GET /images/logo/64b5226a99913.png HTTP/1.1" 200 20537 "https://cehaburo.com/en/certificates" "Mozilla/5.0 (iPhone; CPU iPhone OS 18_1_1 like Mac OS X) AppleWebKit/605.1.15 (KHTML, like Gecko) Version/18.1.1 Mobile/22B91 Safari/604.1"
103.127.96.217 - - [28/May/2026:21:19:50 +0300] "GET /vendors/waypoints/jquery.waypoints.min.js HTTP/1.1" 200 2615 "https://cehaburo.com/en/certificates" "Mozilla/5.0 (Macintosh; Intel Mac OS X 10_15_7) AppleWebKit/605.1.15 (KHTML, like Gecko) Version/15.6.1 Safari/605.1.15"
36.81.234.207 - - [28/May/2026:21:19:50 +0300] "GET /images/logo/64b5226a99913.png HTTP/1.1" 200 20537 "https://cehaburo.com/en/certificates" "Mozilla/5.0 (iPhone; CPU iPhone OS 18_7_8 like Mac OS X) AppleWebKit/605.1.15 (KHTML, like Gecko) Mobile/22H352 Safari/604.1 [FBAN/FBIOS;FBAV/540.0.0.44.68;FBBV/828638047;FBDV/iPhone14,5;FBMD/iPhone;FBSN/iOS;FBSV/18.7.8;FBSS/3;FBID/phone;FBLC/id_ID;FBOP/5;FBRV/837704895;IABMV/1]"
103.127.96.217 - - [28/May/2026:21:19:50 +0300] "GET /vendors/magnific-popup/jquery.magnific-popup.min.js HTTP/1.1" 200 7292 "https://cehaburo.com/en/certificates" "Mozilla/5.0 (Macintosh; Intel Mac OS X 10_15_7) AppleWebKit/605.1.15 (KHTML, like Gecko) Version/15.6.1 Safari/605.1.15"
182.8.162.131 - - [28/May/2026:21:19:50 +0300] "GET /images/logo/64b69cd526f8e.png HTTP/1.1" 200 10142 "https://cehaburo.com/en/certificates" "Mozilla/5.0 (iPhone; CPU iPhone OS 18_1_1 like Mac OS X) AppleWebKit/605.1.15 (KHTML, like Gecko) Version/18.1.1 Mobile/22B91 Safari/604.1"
36.81.234.207 - - [28/May/2026:21:19:51 +0300] "GET /images/logo/64b69cd526f8e.png HTTP/1.1" 200 10142 "https://cehaburo.com/en/certificates" "Mozilla/5.0 (iPhone; CPU iPhone OS 18_7_8 like Mac OS X) AppleWebKit/605.1.15 (KHTML, like Gecko) Mobile/22H352 Safari/604.1 [FBAN/FBIOS;FBAV/540.0.0.44.68;FBBV/828638047;FBDV/iPhone14,5;FBMD/iPhone;FBSN/iOS;FBSV/18.7.8;FBSS/3;FBID/phone;FBLC/id_ID;FBOP/5;FBRV/837704895;IABMV/1]"
182.8.162.131 - - [28/May/2026:21:19:51 +0300] "GET /images/logo/61cc6c04c5f8b.png HTTP/1.1" 200 11970 "https://cehaburo.com/en/certificates" "Mozilla/5.0 (iPhone; CPU iPhone OS 18_1_1 like Mac OS X) AppleWebKit/605.1.15 (KHTML, like Gecko) Version/18.1.1 Mobile/22B91 Safari/604.1"
36.81.234.207 - - [28/May/2026:21:19:51 +0300] "GET /images/logo/61cc6c04c5f8b.png HTTP/1.1" 200 11970 "https://cehaburo.com/en/certificates" "Mozilla/5.0 (iPhone; CPU iPhone OS 18_7_8 like Mac OS X) AppleWebKit/605.1.15 (KHTML, like Gecko) Mobile/22H352 Safari/604.1 [FBAN/FBIOS;FBAV/540.0.0.44.68;FBBV/828638047;FBDV/iPhone14,5;FBMD/iPhone;FBSN/iOS;FBSV/18.7.8;FBSS/3;FBID/phone;FBLC/id_ID;FBOP/5;FBRV/837704895;IABMV/1]"
182.8.162.131 - - [28/May/2026:21:19:51 +0300] "GET /images/logo/68cd70d486515.png HTTP/1.1" 200 11456 "https://cehaburo.com/en/certificates" "Mozilla/5.0 (iPhone; CPU iPhone OS 18_1_1 like Mac OS X) AppleWebKit/605.1.15 (KHTML, like Gecko) Version/18.1.1 Mobile/22B91 Safari/604.1"
182.8.162.131 - - [28/May/2026:21:19:51 +0300] "GET /images/logo/61cc6bce93429.png HTTP/1.1" 200 11689 "https://cehaburo.com/en/certificates" "Mozilla/5.0 (iPhone; CPU iPhone OS 18_1_1 like Mac OS X) AppleWebKit/605.1.15 (KHTML, like Gecko) Version/18.1.1 Mobile/22B91 Safari/604.1"
36.81.234.207 - - [28/May/2026:21:19:51 +0300] "GET /images/logo/61cc6bdb9a67b.png HTTP/1.1" 200 10573 "https://cehaburo.com/en/certificates" "Mozilla/5.0 (iPhone; CPU iPhone OS 18_7_8 like Mac OS X) AppleWebKit/605.1.15 (KHTML, like Gecko) Mobile/22H352 Safari/604.1 [FBAN/FBIOS;FBAV/540.0.0.44.68;FBBV/828638047;FBDV/iPhone14,5;FBMD/iPhone;FBSN/iOS;FBSV/18.7.8;FBSS/3;FBID/phone;FBLC/id_ID;FBOP/5;FBRV/837704895;IABMV/1]"
182.8.162.131 - - [28/May/2026:21:19:52 +0300] "GET /images/logo/61cc6bdb9a67b.png HTTP/1.1" 200 10573 "https://cehaburo.com/en/certificates" "Mozilla/5.0 (iPhone; CPU iPhone OS 18_1_1 like Mac OS X) AppleWebKit/605.1.15 (KHTML, like Gecko) Version/18.1.1 Mobile/22B91 Safari/604.1"
36.81.234.207 - - [28/May/2026:21:19:52 +0300] "GET /images/logo/68cd70d486515.png HTTP/1.1" 200 11456 "https://cehaburo.com/en/certificates" "Mozilla/5.0 (iPhone; CPU iPhone OS 18_7_8 like Mac OS X) AppleWebKit/605.1.15 (KHTML, like Gecko) Mobile/22H352 Safari/604.1 [FBAN/FBIOS;FBAV/540.0.0.44.68;FBBV/828638047;FBDV/iPhone14,5;FBMD/iPhone;FBSN/iOS;FBSV/18.7.8;FBSS/3;FBID/phone;FBLC/id_ID;FBOP/5;FBRV/837704895;IABMV/1]"
36.81.234.207 - - [28/May/2026:21:19:52 +0300] "GET /images/logo/61cc6bce93429.png HTTP/1.1" 200 11689 "https://cehaburo.com/en/certificates" "Mozilla/5.0 (iPhone; CPU iPhone OS 18_7_8 like Mac OS X) AppleWebKit/605.1.15 (KHTML, like Gecko) Mobile/22H352 Safari/604.1 [FBAN/FBIOS;FBAV/540.0.0.44.68;FBBV/828638047;FBDV/iPhone14,5;FBMD/iPhone;FBSN/iOS;FBSV/18.7.8;FBSS/3;FBID/phone;FBLC/id_ID;FBOP/5;FBRV/837704895;IABMV/1]"
103.127.96.217 - - [28/May/2026:21:19:52 +0300] "GET /vendors/counter/countUp.js HTTP/1.1" 200 1392 "https://cehaburo.com/en/certificates" "Mozilla/5.0 (Macintosh; Intel Mac OS X 10_15_7) AppleWebKit/605.1.15 (KHTML, like Gecko) Version/15.6.1 Safari/605.1.15"
36.81.234.173 - - [28/May/2026:21:19:52 +0300] "GET /vendors/jquery-ui/jquery-ui.min.css HTTP/1.1" 200 7607 "https://cehaburo.com/en/certificates" "Mozilla/5.0 (iPhone; CPU iPhone OS 18_7 like Mac OS X) AppleWebKit/605.1.15 (KHTML, like Gecko) Version/26.4 Mobile/15E148 Safari/604.1"
103.127.96.217 - - [28/May/2026:21:19:52 +0300] "GET /vendors/fontawesome-pro-5/webfonts/fa-brands-400.woff2 HTTP/1.1" 200 76526 "https://cehaburo.com/vendors/fontawesome-pro-5/css/all.css" "Mozilla/5.0 (Macintosh; Intel Mac OS X 10_15_7) AppleWebKit/605.1.15 (KHTML, like Gecko) Version/15.6.1 Safari/605.1.15"
36.81.234.207 - - [28/May/2026:21:19:52 +0300] "GET /images/certificate/6183ee2a63e5c.png HTTP/1.1" 200 794394 "https://cehaburo.com/en/certificates" "Mozilla/5.0 (iPhone; CPU iPhone OS 18_7_8 like Mac OS X) AppleWebKit/605.1.15 (KHTML, like Gecko) Mobile/22H352 Safari/604.1 [FBAN/FBIOS;FBAV/540.0.0.44.68;FBBV/828638047;FBDV/iPhone14,5;FBMD/iPhone;FBSN/iOS;FBSV/18.7.8;FBSS/3;FBID/phone;FBLC/id_ID;FBOP/5;FBRV/837704895;IABMV/1]"
36.81.234.173 - - [28/May/2026:21:19:54 +0300] "GET /vendors/slick/slick.min.css HTTP/1.1" 200 503 "https://cehaburo.com/en/certificates" "Mozilla/5.0 (iPhone; CPU iPhone OS 18_7 like Mac OS X) AppleWebKit/605.1.15 (KHTML, like Gecko) Version/26.4 Mobile/15E148 Safari/604.1"
36.81.234.207 - - [28/May/2026:21:19:54 +0300] "GET /vendors/fontawesome-pro-5/webfonts/fa-brands-400.woff2 HTTP/1.1" 200 76526 "https://cehaburo.com/en/certificates" "Mozilla/5.0 (iPhone; CPU iPhone OS 18_7_8 like Mac OS X) AppleWebKit/605.1.15 (KHTML, like Gecko) Mobile/22H352 Safari/604.1 [FBAN/FBIOS;FBAV/540.0.0.44.68;FBBV/828638047;FBDV/iPhone14,5;FBMD/iPhone;FBSN/iOS;FBSV/18.7.8;FBSS/3;FBID/phone;FBLC/id_ID;FBOP/5;FBRV/837704895;IABMV/1]"
103.150.226.29 - - [28/May/2026:21:19:54 +0300] "GET /images/logo/61cc6bce93429.png HTTP/1.1" 200 11689 "https://cehaburo.com/en/certificates" "Mozilla/5.0 (Windows NT 10.0; WOW64; rv:66.0) Gecko/20100101 Firefox/66.0"
36.81.234.207 - - [28/May/2026:21:19:54 +0300] "GET /vendors/fontawesome-pro-5/webfonts/fa-regular-400.woff2 HTTP/1.1" 200 169597 "https://cehaburo.com/en/certificates" "Mozilla/5.0 (iPhone; CPU iPhone OS 18_7_8 like Mac OS X) AppleWebKit/605.1.15 (KHTML, like Gecko) Mobile/22H352 Safari/604.1 [FBAN/FBIOS;FBAV/540.0.0.44.68;FBBV/828638047;FBDV/iPhone14,5;FBMD/iPhone;FBSN/iOS;FBSV/18.7.8;FBSS/3;FBID/phone;FBLC/id_ID;FBOP/5;FBRV/837704895;IABMV/1]"
36.81.234.173 - - [28/May/2026:21:19:54 +0300] "GET /vendors/magnific-popup/magnific-popup.min.css HTTP/1.1" 200 1565 "https://cehaburo.com/en/certificates" "Mozilla/5.0 (iPhone; CPU iPhone OS 18_7 like Mac OS X) AppleWebKit/605.1.15 (KHTML, like Gecko) Version/26.4 Mobile/15E148 Safari/604.1"
36.81.234.173 - - [28/May/2026:21:19:54 +0300] "GET /vendors/animate.css HTTP/1.1" 200 4325 "https://cehaburo.com/en/certificates" "Mozilla/5.0 (iPhone; CPU iPhone OS 18_7 like Mac OS X) AppleWebKit/605.1.15 (KHTML, like Gecko) Version/26.4 Mobile/15E148 Safari/604.1"
103.150.226.29 - - [28/May/2026:21:19:54 +0300] "GET /images/menu/menu-card.jpg HTTP/1.1" 200 116124 "https://cehaburo.com/en/certificates" "Mozilla/5.0 (Windows NT 10.0; WOW64; rv:66.0) Gecko/20100101 Firefox/66.0"
36.81.234.173 - - [28/May/2026:21:19:55 +0300] "GET /vendors/bootstrap-select/css/bootstrap-select.min.css HTTP/1.1" 200 2247 "https://cehaburo.com/en/certificates" "Mozilla/5.0 (iPhone; CPU iPhone OS 18_7 like Mac OS X) AppleWebKit/605.1.15 (KHTML, like Gecko) Version/26.4 Mobile/15E148 Safari/604.1"
36.81.234.207 - - [28/May/2026:21:19:55 +0300] "GET /vendors/fontawesome-pro-5/webfonts/fa-solid-900.woff2 HTTP/1.1" 200 137479 "https://cehaburo.com/en/certificates" "Mozilla/5.0 (iPhone; CPU iPhone OS 18_7_8 like Mac OS X) AppleWebKit/605.1.15 (KHTML, like Gecko) Mobile/22H352 Safari/604.1 [FBAN/FBIOS;FBAV/540.0.0.44.68;FBBV/828638047;FBDV/iPhone14,5;FBMD/iPhone;FBSN/iOS;FBSV/18.7.8;FBSS/3;FBID/phone;FBLC/id_ID;FBOP/5;FBRV/837704895;IABMV/1]"
182.8.226.107 - - [28/May/2026:21:19:55 +0300] "GET /vendors/fontawesome-pro-5/webfonts/fa-regular-400.woff2 HTTP/1.1" 200 169597 "https://cehaburo.com/en/certificates" "Mozilla/5.0 (iPhone; CPU iPhone OS 18_7 like Mac OS X) AppleWebKit/605.1.15 (KHTML, like Gecko) Version/26.3 Mobile/15E148 Safari/604.1"
36.81.234.173 - - [28/May/2026:21:19:56 +0300] "GET /images/logo/logo.png HTTP/1.1" 200 4478 "https://cehaburo.com/en/certificates" "Mozilla/5.0 (iPhone; CPU iPhone OS 18_7 like Mac OS X) AppleWebKit/605.1.15 (KHTML, like Gecko) Version/26.4 Mobile/15E148 Safari/604.1"
182.8.226.107 - - [28/May/2026:21:19:57 +0300] "GET /vendors/fontawesome-pro-5/webfonts/fa-solid-900.woff2 HTTP/1.1" 200 137479 "https://cehaburo.com/en/certificates" "Mozilla/5.0 (iPhone; CPU iPhone OS 18_7 like Mac OS X) AppleWebKit/605.1.15 (KHTML, like Gecko) Version/26.3 Mobile/15E148 Safari/604.1"
182.8.226.107 - - [28/May/2026:21:19:57 +0300] "GET /images/certificate/6183f17f21dae.jpg HTTP/1.1" 200 2362276 "https://cehaburo.com/en/certificates" "Mozilla/5.0 (iPhone; CPU iPhone OS 18_7 like Mac OS X) AppleWebKit/605.1.15 (KHTML, like Gecko) Version/26.3 Mobile/15E148 Safari/604.1"
125.165.110.186 - - [28/May/2026:21:19:57 +0300] "GET /images/certificate/6183eec005104.png HTTP/1.1" 200 760196 "https://cehaburo.com/en/certificates" "Mozilla/5.0 (iPhone; CPU iPhone OS 18_7 like Mac OS X) AppleWebKit/605.1.15 (KHTML, like Gecko) Version/26.3 Mobile/15E148 Safari/604.1"
125.165.110.186 - - [28/May/2026:21:19:59 +0300] "GET /images/favicon.png HTTP/1.1" 200 3753 "https://cehaburo.com/en/certificates" "Mozilla/5.0 (iPhone; CPU iPhone OS 18_7 like Mac OS X) AppleWebKit/605.1.15 (KHTML, like Gecko) Version/26.3 Mobile/15E148 Safari/604.1"
182.253.50.95 - - [28/May/2026:21:19:59 +0300] "GET /vendors/fontawesome-pro-5/webfonts/fa-regular-400.woff2 HTTP/1.1" 200 169597 "https://cehaburo.com/en/certificates" "Mozilla/5.0 (iPhone; CPU iPhone OS 18_7 like Mac OS X) AppleWebKit/605.1.15 (KHTML, like Gecko) Version/26.4 Mobile/15E148 Safari/604.1"
36.81.234.207 - - [28/May/2026:21:19:55 +0300] "GET /images/certificate/6183eec005104.png HTTP/1.1" 200 760196 "https://cehaburo.com/en/certificates" "Mozilla/5.0 (iPhone; CPU iPhone OS 18_7_8 like Mac OS X) AppleWebKit/605.1.15 (KHTML, like Gecko) Mobile/22H352 Safari/604.1 [FBAN/FBIOS;FBAV/540.0.0.44.68;FBBV/828638047;FBDV/iPhone14,5;FBMD/iPhone;FBSN/iOS;FBSV/18.7.8;FBSS/3;FBID/phone;FBLC/id_ID;FBOP/5;FBRV/837704895;IABMV/1]"
182.253.50.95 - - [28/May/2026:21:20:00 +0300] "GET /images/logo/61cc6bce93429.png HTTP/1.1" 200 11689 "https://cehaburo.com/en/certificates" "Mozilla/5.0 (iPhone; CPU iPhone OS 18_7 like Mac OS X) AppleWebKit/605.1.15 (KHTML, like Gecko) Version/26.4 Mobile/15E148 Safari/604.1"
182.253.50.95 - - [28/May/2026:21:20:00 +0300] "GET /vendors/fontawesome-pro-5/webfonts/fa-brands-400.woff2 HTTP/1.1" 200 76526 "https://cehaburo.com/en/certificates" "Mozilla/5.0 (iPhone; CPU iPhone OS 18_7 like Mac OS X) AppleWebKit/605.1.15 (KHTML, like Gecko) Version/26.4 Mobile/15E148 Safari/604.1"
182.253.50.95 - - [28/May/2026:21:20:00 +0300] "GET /vendors/fontawesome-pro-5/webfonts/fa-light-300.woff2 HTTP/1.1" 200 185394 "https://cehaburo.com/en/certificates" "Mozilla/5.0 (iPhone; CPU iPhone OS 18_7 like Mac OS X) AppleWebKit/605.1.15 (KHTML, like Gecko) Version/26.4 Mobile/15E148 Safari/604.1"
182.253.50.95 - - [28/May/2026:21:20:00 +0300] "GET /images/logo/64b5226a99913.png HTTP/1.1" 200 20537 "https://cehaburo.com/en/certificates" "Mozilla/5.0 (iPhone; CPU iPhone OS 18_7 like Mac OS X) AppleWebKit/605.1.15 (KHTML, like Gecko) Version/26.4 Mobile/15E148 Safari/604.1"
182.8.226.107 - - [28/May/2026:21:20:01 +0300] "GET /images/favicon.png HTTP/1.1" 200 3753 "https://cehaburo.com/en/certificates" "Mozilla/5.0 (iPhone; CPU iPhone OS 18_7 like Mac OS X) AppleWebKit/605.1.15 (KHTML, like Gecko) Version/26.3 Mobile/15E148 Safari/604.1"
182.8.226.107 - - [28/May/2026:21:20:01 +0300] "GET /images/favicon.html HTTP/1.1" 200 169 "https://cehaburo.com/en/certificates" "Mozilla/5.0 (iPhone; CPU iPhone OS 18_7 like Mac OS X) AppleWebKit/605.1.15 (KHTML, like Gecko) Version/26.3 Mobile/15E148 Safari/604.1"
182.253.50.95 - - [28/May/2026:21:20:01 +0300] "GET /images/logo/61cc6c04c5f8b.png HTTP/1.1" 200 11970 "https://cehaburo.com/en/certificates" "Mozilla/5.0 (iPhone; CPU iPhone OS 18_7 like Mac OS X) AppleWebKit/605.1.15 (KHTML, like Gecko) Version/26.4 Mobile/15E148 Safari/604.1"
182.253.50.95 - - [28/May/2026:21:20:01 +0300] "GET /images/logo/64b69cd526f8e.png HTTP/1.1" 200 10142 "https://cehaburo.com/en/certificates" "Mozilla/5.0 (iPhone; CPU iPhone OS 18_7 like Mac OS X) AppleWebKit/605.1.15 (KHTML, like Gecko) Version/26.4 Mobile/15E148 Safari/604.1"
36.81.234.207 - - [28/May/2026:21:19:55 +0300] "GET /images/certificate/6183ef4b2e075.png HTTP/1.1" 200 697801 "https://cehaburo.com/en/certificates" "Mozilla/5.0 (iPhone; CPU iPhone OS 18_7_8 like Mac OS X) AppleWebKit/605.1.15 (KHTML, like Gecko) Mobile/22H352 Safari/604.1 [FBAN/FBIOS;FBAV/540.0.0.44.68;FBBV/828638047;FBDV/iPhone14,5;FBMD/iPhone;FBSN/iOS;FBSV/18.7.8;FBSS/3;FBID/phone;FBLC/id_ID;FBOP/5;FBRV/837704895;IABMV/1]"
182.253.50.95 - - [28/May/2026:21:20:02 +0300] "GET /vendors/fontawesome-pro-5/webfonts/fa-solid-900.woff2 HTTP/1.1" 200 137479 "https://cehaburo.com/en/certificates" "Mozilla/5.0 (iPhone; CPU iPhone OS 18_7 like Mac OS X) AppleWebKit/605.1.15 (KHTML, like Gecko) Version/26.4 Mobile/15E148 Safari/604.1"
182.253.50.95 - - [28/May/2026:21:20:01 +0300] "GET /images/certificate/6183eec005104.png HTTP/1.1" 200 760196 "https://cehaburo.com/en/certificates" "Mozilla/5.0 (iPhone; CPU iPhone OS 18_7 like Mac OS X) AppleWebKit/605.1.15 (KHTML, like Gecko) Version/26.4 Mobile/15E148 Safari/604.1"
182.253.50.95 - - [28/May/2026:21:20:04 +0300] "GET /images/logo/61cc6bdb9a67b.png HTTP/1.1" 200 10573 "https://cehaburo.com/en/certificates" "Mozilla/5.0 (iPhone; CPU iPhone OS 18_7 like Mac OS X) AppleWebKit/605.1.15 (KHTML, like Gecko) Version/26.4 Mobile/15E148 Safari/604.1"
182.253.50.95 - - [28/May/2026:21:20:04 +0300] "GET /images/logo/68cd70d486515.png HTTP/1.1" 200 11456 "https://cehaburo.com/en/certificates" "Mozilla/5.0 (iPhone; CPU iPhone OS 18_7 like Mac OS X) AppleWebKit/605.1.15 (KHTML, like Gecko) Version/26.4 Mobile/15E148 Safari/604.1"
182.253.50.95 - - [28/May/2026:21:20:05 +0300] "GET /images/favicon.png HTTP/1.1" 200 3753 "https://cehaburo.com/en/certificates" "Mozilla/5.0 (iPhone; CPU iPhone OS 18_7 like Mac OS X) AppleWebKit/605.1.15 (KHTML, like Gecko) Version/26.4 Mobile/15E148 Safari/604.1"
182.253.50.95 - - [28/May/2026:21:20:05 +0300] "GET /images/favicon.html HTTP/1.1" 200 169 "https://cehaburo.com/en/certificates" "Mozilla/5.0 (iPhone; CPU iPhone OS 18_7 like Mac OS X) AppleWebKit/605.1.15 (KHTML, like Gecko) Version/26.4 Mobile/15E148 Safari/604.1"
114.10.155.212 - - [28/May/2026:21:20:06 +0300] "GET /vendors/animate.css HTTP/1.1" 200 4325 "https://cehaburo.com/en/certificates" "Mozilla/5.0 (iPhone; CPU iPhone OS 18_7 like Mac OS X) AppleWebKit/605.1.15 (KHTML, like Gecko) Version/26.5 Mobile/15E148 Safari/604.1"
121.101.134.165 - - [28/May/2026:21:20:04 +0300] "GET /images/certificate/6183eec005104.png HTTP/1.1" 200 760196 "-" "Mozilla/5.0 (iPhone; CPU iPhone OS 18_7 like Mac OS X) AppleWebKit/605.1.15 (KHTML, like Gecko) Version/26.4 Mobile/15E148 Safari/604.1"
114.10.155.212 - - [28/May/2026:21:20:07 +0300] "GET /vendors/jquery.min.js HTTP/1.1" 200 30677 "https://cehaburo.com/en/certificates" "Mozilla/5.0 (iPhone; CPU iPhone OS 18_7 like Mac OS X) AppleWebKit/605.1.15 (KHTML, like Gecko) Version/26.5 Mobile/15E148 Safari/604.1"
202.65.239.179 - - [28/May/2026:21:20:07 +0300] "GET /images/favicon.png HTTP/1.1" 200 3753 "https://cehaburo.com/en/certificates" "Mozilla/5.0 (iPhone; CPU iPhone OS 18_6_2 like Mac OS X) AppleWebKit/605.1.15 (KHTML, like Gecko) Version/18.6 Mobile/15E148 Safari/604.1"
114.10.155.212 - - [28/May/2026:21:20:07 +0300] "GET /vendors/jquery-ui/jquery-ui.min.js HTTP/1.1" 200 67971 "https://cehaburo.com/en/certificates" "Mozilla/5.0 (iPhone; CPU iPhone OS 18_7 like Mac OS X) AppleWebKit/605.1.15 (KHTML, like Gecko) Version/26.5 Mobile/15E148 Safari/604.1"
103.127.96.217 - - [28/May/2026:21:20:08 +0300] "GET /vendors/jparallax/TweenMax.min.js HTTP/1.1" 200 39768 "https://cehaburo.com/en/certificates" "Mozilla/5.0 (Macintosh; Intel Mac OS X 10_15_7) AppleWebKit/605.1.15 (KHTML, like Gecko) Version/15.6.1 Safari/605.1.15"
114.122.20.16 - - [28/May/2026:21:20:08 +0300] "GET /en/certificates HTTP/1.1" 200 6043 "-" "Mozilla/5.0 (iPhone; CPU iPhone OS 18_7 like Mac OS X) AppleWebKit/605.1.15 (KHTML, like Gecko) Mobile/15E148"
103.127.96.217 - - [28/May/2026:21:20:08 +0300] "GET /vendors/hc-sticky/hc-sticky.min.js HTTP/1.1" 200 4015 "https://cehaburo.com/en/certificates" "Mozilla/5.0 (Macintosh; Intel Mac OS X 10_15_7) AppleWebKit/605.1.15 (KHTML, like Gecko) Version/15.6.1 Safari/605.1.15"
114.10.155.212 - - [28/May/2026:21:20:08 +0300] "GET /vendors/bootstrap/bootstrap.bundle.js HTTP/1.1" 200 30407 "https://cehaburo.com/en/certificates" "Mozilla/5.0 (iPhone; CPU iPhone OS 18_7 like Mac OS X) AppleWebKit/605.1.15 (KHTML, like Gecko) Version/26.5 Mobile/15E148 Safari/604.1"
121.101.134.165 - - [28/May/2026:21:20:08 +0300] "GET /images/favicon.png HTTP/1.1" 200 3753 "-" "Mozilla/5.0 (iPhone; CPU iPhone OS 18_7 like Mac OS X) AppleWebKit/605.1.15 (KHTML, like Gecko) Version/26.4 Mobile/15E148 Safari/604.1"
114.10.155.212 - - [28/May/2026:21:20:09 +0300] "GET /vendors/bootstrap-select/js/bootstrap-select.min.js HTTP/1.1" 200 15945 "https://cehaburo.com/en/certificates" "Mozilla/5.0 (iPhone; CPU iPhone OS 18_7 like Mac OS X) AppleWebKit/605.1.15 (KHTML, like Gecko) Version/26.5 Mobile/15E148 Safari/604.1"
114.10.155.212 - - [28/May/2026:21:20:09 +0300] "GET /vendors/slick/slick.min.js HTTP/1.1" 200 10442 "https://cehaburo.com/en/certificates" "Mozilla/5.0 (iPhone; CPU iPhone OS 18_7 like Mac OS X) AppleWebKit/605.1.15 (KHTML, like Gecko) Version/26.5 Mobile/15E148 Safari/604.1"
103.127.96.217 - - [28/May/2026:21:20:09 +0300] "GET /vendors/mapbox-gl/mapbox-gl.js HTTP/1.1" 200 195168 "https://cehaburo.com/en/certificates" "Mozilla/5.0 (Macintosh; Intel Mac OS X 10_15_7) AppleWebKit/605.1.15 (KHTML, like Gecko) Version/15.6.1 Safari/605.1.15"
36.81.234.207 - - [28/May/2026:21:19:59 +0300] "GET /images/certificate/6183f17f21dae.jpg HTTP/1.1" 200 2362276 "https://cehaburo.com/en/certificates" "Mozilla/5.0 (iPhone; CPU iPhone OS 18_7_8 like Mac OS X) AppleWebKit/605.1.15 (KHTML, like Gecko) Mobile/22H352 Safari/604.1 [FBAN/FBIOS;FBAV/540.0.0.44.68;FBBV/828638047;FBDV/iPhone14,5;FBMD/iPhone;FBSN/iOS;FBSV/18.7.8;FBSS/3;FBID/phone;FBLC/id_ID;FBOP/5;FBRV/837704895;IABMV/1]"
114.10.155.212 - - [28/May/2026:21:20:09 +0300] "GET /vendors/waypoints/jquery.waypoints.min.js HTTP/1.1" 200 2615 "https://cehaburo.com/en/certificates" "Mozilla/5.0 (iPhone; CPU iPhone OS 18_7 like Mac OS X) AppleWebKit/605.1.15 (KHTML, like Gecko) Version/26.5 Mobile/15E148 Safari/604.1"
114.10.155.212 - - [28/May/2026:21:20:10 +0300] "GET /vendors/counter/countUp.js HTTP/1.1" 200 1392 "https://cehaburo.com/en/certificates" "Mozilla/5.0 (iPhone; CPU iPhone OS 18_7 like Mac OS X) AppleWebKit/605.1.15 (KHTML, like Gecko) Version/26.5 Mobile/15E148 Safari/604.1"
103.150.226.29 - - [28/May/2026:21:20:10 +0300] "GET /images/favicon.html HTTP/1.1" 200 169 "https://cehaburo.com/en/certificates" "Mozilla/5.0 (Windows NT 10.0; WOW64; rv:66.0) Gecko/20100101 Firefox/66.0"
114.10.155.212 - - [28/May/2026:21:20:10 +0300] "GET /vendors/magnific-popup/jquery.magnific-popup.min.js HTTP/1.1" 200 7292 "https://cehaburo.com/en/certificates" "Mozilla/5.0 (iPhone; CPU iPhone OS 18_7 like Mac OS X) AppleWebKit/605.1.15 (KHTML, like Gecko) Version/26.5 Mobile/15E148 Safari/604.1"
103.127.96.217 - - [28/May/2026:21:20:10 +0300] "GET /js/theme.js HTTP/1.1" 200 10908 "https://cehaburo.com/en/certificates" "Mozilla/5.0 (Macintosh; Intel Mac OS X 10_15_7) AppleWebKit/605.1.15 (KHTML, like Gecko) Version/15.6.1 Safari/605.1.15"
114.10.155.212 - - [28/May/2026:21:20:10 +0300] "GET /vendors/hc-sticky/hc-sticky.min.js HTTP/1.1" 200 4015 "https://cehaburo.com/en/certificates" "Mozilla/5.0 (iPhone; CPU iPhone OS 18_7 like Mac OS X) AppleWebKit/605.1.15 (KHTML, like Gecko) Version/26.5 Mobile/15E148 Safari/604.1"
202.65.238.150 - - [28/May/2026:21:20:04 +0300] "GET /images/certificate/61fb7f85b8bcd.jpg HTTP/1.1" 200 1304329 "fbapp://350685531728/unknown" "[FBAN/FB4A;FBAV/562.0.0.51.73;FBBV/976057955;FBDM/{density=2.75,width=2302,height=1080};FBLC/id_ID;FBRV/981863914;FBCR/Telkomsel;FBMF/Xiaomi;FBBD/Xiaomi;FBPN/com.facebook.katana;FBDV/2203129G;FBSV/14;FBOP/1;FBCA/arm64-v8a:;]"
114.10.155.212 - - [28/May/2026:21:20:11 +0300] "GET /vendors/jparallax/TweenMax.min.js HTTP/1.1" 200 39768 "https://cehaburo.com/en/certificates" "Mozilla/5.0 (iPhone; CPU iPhone OS 18_7 like Mac OS X) AppleWebKit/605.1.15 (KHTML, like Gecko) Version/26.5 Mobile/15E148 Safari/604.1"
114.10.155.212 - - [28/May/2026:21:20:11 +0300] "GET /vendors/mapbox-gl/mapbox-gl.js HTTP/1.1" 200 195168 "https://cehaburo.com/en/certificates" "Mozilla/5.0 (iPhone; CPU iPhone OS 18_7 like Mac OS X) AppleWebKit/605.1.15 (KHTML, like Gecko) Version/26.5 Mobile/15E148 Safari/604.1"
103.127.96.217 - - [28/May/2026:21:20:10 +0300] "GET /images/certificate/6183ee2a63e5c.png HTTP/1.1" 200 794394 "https://cehaburo.com/en/certificates" "Mozilla/5.0 (Macintosh; Intel Mac OS X 10_15_7) AppleWebKit/605.1.15 (KHTML, like Gecko) Version/15.6.1 Safari/605.1.15"
103.127.96.217 - - [28/May/2026:21:20:11 +0300] "GET /images/certificate/6183eec005104.png HTTP/1.1" 200 760196 "https://cehaburo.com/en/certificates" "Mozilla/5.0 (Macintosh; Intel Mac OS X 10_15_7) AppleWebKit/605.1.15 (KHTML, like Gecko) Version/15.6.1 Safari/605.1.15"
125.165.110.186 - - [28/May/2026:21:20:12 +0300] "GET /images/favicon.html HTTP/1.1" 200 169 "https://cehaburo.com/en/certificates" "Mozilla/5.0 (iPhone; CPU iPhone OS 18_7 like Mac OS X) AppleWebKit/605.1.15 (KHTML, like Gecko) Version/26.3 Mobile/15E148 Safari/604.1"
114.10.155.212 - - [28/May/2026:21:20:12 +0300] "GET /js/theme.js HTTP/1.1" 200 10908 "https://cehaburo.com/en/certificates" "Mozilla/5.0 (iPhone; CPU iPhone OS 18_7 like Mac OS X) AppleWebKit/605.1.15 (KHTML, like Gecko) Version/26.5 Mobile/15E148 Safari/604.1"
114.10.155.212 - - [28/May/2026:21:20:12 +0300] "GET /vendors/fontawesome-pro-5/css/all.css HTTP/1.1" 200 32906 "https://cehaburo.com/en/certificates" "Mozilla/5.0 (iPhone; CPU iPhone OS 18_7 like Mac OS X) AppleWebKit/605.1.15 (KHTML, like Gecko) Version/26.5 Mobile/15E148 Safari/604.1"
