125.163.200.235 - - [28/May/2026:21:12:49 +0300] "GET /css/responsive.css HTTP/1.1" 200 1057 "https://cehaburo.com/en/certificates" "Mozilla/5.0 (Linux; Android 15; SM-A057F Build/AP3A.240905.015.A2) AppleWebKit/537.36 (KHTML, like Gecko) Version/4.0 Chrome/148.0.7778.178 Mobile Safari/537.36"
157.20.207.173 - - [28/May/2026:21:12:49 +0300] "GET /images/logo/61cc6bdb9a67b.png HTTP/1.1" 200 10573 "https://cehaburo.com/en/certificates" "Mozilla/5.0 (Linux; Android 10; K) AppleWebKit/537.36 (KHTML, like Gecko) Chrome/148.0.0.0 Mobile Safari/537.36"
112.215.171.206 - - [28/May/2026:21:12:49 +0300] "GET /images/certificate/6183eec005104.png HTTP/1.1" 200 760196 "https://cehaburo.com/en/certificates" "Mozilla/5.0 (Linux; Android 10; K) AppleWebKit/537.36 (KHTML, like Gecko) Chrome/148.0.0.0 Mobile Safari/537.36"
202.145.5.46 - - [28/May/2026:21:12:49 +0300] "GET /images/logo/61cc6bce93429.png HTTP/1.1" 200 11689 "https://cehaburo.com/en/certificates" "Mozilla/5.0 (Linux; Android 16; SM-S921B Build/BP2A.250605.031.A3) AppleWebKit/537.36 (KHTML, like Gecko) Version/4.0 Chrome/148.0.7778.178 Mobile Safari/537.36"
182.8.211.114 - - [28/May/2026:21:12:50 +0300] "GET /vendors/slick/slick.min.css HTTP/1.1" 200 503 "https://cehaburo.com/en/certificates" "Mozilla/5.0 (Linux; Android 15; en; Infinix X6853 Build/SP1A.210812.016) AppleWebKit/537.36 (KHTML, like Gecko) Chrome/147.0.7727.137 HiBrowser/v2.25.12.1;lang=id;nation=ID;locale=id_ID UWS/ Mobile Safari/537.36"
202.65.225.166 - - [28/May/2026:21:12:50 +0300] "GET /vendors/slick/slick.min.css HTTP/1.1" 200 503 "https://cehaburo.com/en/certificates" "Mozilla/5.0 (Linux; Android 10; K) AppleWebKit/537.36 (KHTML, like Gecko) Chrome/148.0.0.0 Mobile Safari/537.36"
114.10.147.40 - - [28/May/2026:21:12:50 +0300] "GET /images/logo/64b69cd526f8e.png HTTP/1.1" 200 10142 "https://cehaburo.com/en/certificates" "Mozilla/5.0 (Linux; Android 10; K) AppleWebKit/537.36 (KHTML, like Gecko) Chrome/148.0.0.0 Safari/537.36"
140.213.24.61 - - [28/May/2026:21:12:50 +0300] "GET /vendors/jquery-ui/jquery-ui.min.js HTTP/1.1" 200 67971 "https://cehaburo.com/en/certificates" "Mozilla/5.0 (Linux; Android 13; SM-A037F Build/TP1A.220624.014) AppleWebKit/537.36 (KHTML, like Gecko) Version/4.0 Chrome/147.0.7727.138 Mobile Safari/537.36"
180.248.243.212 - - [28/May/2026:21:12:50 +0300] "GET /vendors/fontawesome-pro-5/css/all.css HTTP/1.1" 200 32906 "https://cehaburo.com/en/certificates" "Mozilla/5.0 (Linux; Android 14; TECNO KL5n Build/UP1A.231005.007) AppleWebKit/537.36 (KHTML, like Gecko) Version/4.0 Chrome/148.0.7778.178 Mobile Safari/537.36"
157.20.207.173 - - [28/May/2026:21:12:50 +0300] "GET /images/logo/68cd70d486515.png HTTP/1.1" 200 11456 "https://cehaburo.com/en/certificates" "Mozilla/5.0 (Linux; Android 10; K) AppleWebKit/537.36 (KHTML, like Gecko) Chrome/148.0.0.0 Mobile Safari/537.36"
202.145.5.46 - - [28/May/2026:21:12:50 +0300] "GET /images/logo/64b5226a99913.png HTTP/1.1" 200 20537 "https://cehaburo.com/en/certificates" "Mozilla/5.0 (Linux; Android 16; SM-S921B Build/BP2A.250605.031.A3) AppleWebKit/537.36 (KHTML, like Gecko) Version/4.0 Chrome/148.0.7778.178 Mobile Safari/537.36"
157.20.207.173 - - [28/May/2026:21:12:50 +0300] "GET /images/logo/61cc6bce93429.png HTTP/1.1" 200 11689 "https://cehaburo.com/en/certificates" "Mozilla/5.0 (Linux; Android 10; K) AppleWebKit/537.36 (KHTML, like Gecko) Chrome/148.0.0.0 Mobile Safari/537.36"
182.8.211.114 - - [28/May/2026:21:12:50 +0300] "GET /vendors/magnific-popup/magnific-popup.min.css HTTP/1.1" 200 1565 "https://cehaburo.com/en/certificates" "Mozilla/5.0 (Linux; Android 15; en; Infinix X6853 Build/SP1A.210812.016) AppleWebKit/537.36 (KHTML, like Gecko) Chrome/147.0.7727.137 HiBrowser/v2.25.12.1;lang=id;nation=ID;locale=id_ID UWS/ Mobile Safari/537.36"
182.8.211.114 - - [28/May/2026:21:12:50 +0300] "GET /vendors/jquery-ui/jquery-ui.min.css HTTP/1.1" 200 7607 "https://cehaburo.com/en/certificates" "Mozilla/5.0 (Linux; Android 15; en; Infinix X6853 Build/SP1A.210812.016) AppleWebKit/537.36 (KHTML, like Gecko) Chrome/147.0.7727.137 HiBrowser/v2.25.12.1;lang=id;nation=ID;locale=id_ID UWS/ Mobile Safari/537.36"
112.215.171.206 - - [28/May/2026:21:12:48 +0300] "GET /images/certificate/6183ee2a63e5c.png HTTP/1.1" 200 794394 "https://cehaburo.com/en/certificates" "Mozilla/5.0 (Linux; Android 10; K) AppleWebKit/537.36 (KHTML, like Gecko) Chrome/148.0.0.0 Mobile Safari/537.36"
202.65.225.166 - - [28/May/2026:21:12:50 +0300] "GET /vendors/magnific-popup/magnific-popup.min.css HTTP/1.1" 200 1565 "https://cehaburo.com/en/certificates" "Mozilla/5.0 (Linux; Android 10; K) AppleWebKit/537.36 (KHTML, like Gecko) Chrome/148.0.0.0 Mobile Safari/537.36"
114.10.147.40 - - [28/May/2026:21:12:50 +0300] "GET /images/logo/61cc6c04c5f8b.png HTTP/1.1" 200 11970 "https://cehaburo.com/en/certificates" "Mozilla/5.0 (Linux; Android 10; K) AppleWebKit/537.36 (KHTML, like Gecko) Chrome/148.0.0.0 Safari/537.36"
202.65.225.166 - - [28/May/2026:21:12:50 +0300] "GET /vendors/jquery-ui/jquery-ui.min.css HTTP/1.1" 200 7607 "https://cehaburo.com/en/certificates" "Mozilla/5.0 (Linux; Android 10; K) AppleWebKit/537.36 (KHTML, like Gecko) Chrome/148.0.0.0 Mobile Safari/537.36"
140.213.24.61 - - [28/May/2026:21:12:50 +0300] "GET /vendors/bootstrap/bootstrap.bundle.js HTTP/1.1" 200 30407 "https://cehaburo.com/en/certificates" "Mozilla/5.0 (Linux; Android 13; SM-A037F Build/TP1A.220624.014) AppleWebKit/537.36 (KHTML, like Gecko) Version/4.0 Chrome/147.0.7727.138 Mobile Safari/537.36"
103.121.22.211 - - [28/May/2026:21:12:50 +0300] "GET /en/certificates HTTP/1.1" 200 6043 "-" "Mozilla/5.0 (Linux; Android 10; K) AppleWebKit/537.36 (KHTML, like Gecko) Chrome/148.0.0.0 Mobile Safari/537.36"
182.8.211.114 - - [28/May/2026:21:12:50 +0300] "GET /vendors/animate.css HTTP/1.1" 200 4325 "https://cehaburo.com/en/certificates" "Mozilla/5.0 (Linux; Android 15; en; Infinix X6853 Build/SP1A.210812.016) AppleWebKit/537.36 (KHTML, like Gecko) Chrome/147.0.7727.137 HiBrowser/v2.25.12.1;lang=id;nation=ID;locale=id_ID UWS/ Mobile Safari/537.36"
182.8.211.114 - - [28/May/2026:21:12:50 +0300] "GET /vendors/mapbox-gl/mapbox-gl.min.css HTTP/1.1" 200 4574 "https://cehaburo.com/en/certificates" "Mozilla/5.0 (Linux; Android 15; en; Infinix X6853 Build/SP1A.210812.016) AppleWebKit/537.36 (KHTML, like Gecko) Chrome/147.0.7727.137 HiBrowser/v2.25.12.1;lang=id;nation=ID;locale=id_ID UWS/ Mobile Safari/537.36"
112.215.171.206 - - [28/May/2026:21:12:50 +0300] "GET /images/certificate/6183ef4b2e075.png HTTP/1.1" 200 697801 "https://cehaburo.com/en/certificates" "Mozilla/5.0 (Linux; Android 10; K) AppleWebKit/537.36 (KHTML, like Gecko) Chrome/148.0.0.0 Mobile Safari/537.36"
202.65.225.166 - - [28/May/2026:21:12:50 +0300] "GET /vendors/animate.css HTTP/1.1" 200 4325 "https://cehaburo.com/en/certificates" "Mozilla/5.0 (Linux; Android 10; K) AppleWebKit/537.36 (KHTML, like Gecko) Chrome/148.0.0.0 Mobile Safari/537.36"
157.20.207.173 - - [28/May/2026:21:12:49 +0300] "GET /images/certificate/6183f17f21dae.jpg HTTP/1.1" 200 2362276 "https://cehaburo.com/en/certificates" "Mozilla/5.0 (Linux; Android 10; K) AppleWebKit/537.36 (KHTML, like Gecko) Chrome/148.0.0.0 Mobile Safari/537.36"
114.10.147.40 - - [28/May/2026:21:12:50 +0300] "GET /images/logo/61cc6bdb9a67b.png HTTP/1.1" 200 10573 "https://cehaburo.com/en/certificates" "Mozilla/5.0 (Linux; Android 10; K) AppleWebKit/537.36 (KHTML, like Gecko) Chrome/148.0.0.0 Safari/537.36"
140.213.24.61 - - [28/May/2026:21:12:50 +0300] "GET /vendors/bootstrap-select/js/bootstrap-select.min.js HTTP/1.1" 200 15945 "https://cehaburo.com/en/certificates" "Mozilla/5.0 (Linux; Android 13; SM-A037F Build/TP1A.220624.014) AppleWebKit/537.36 (KHTML, like Gecko) Version/4.0 Chrome/147.0.7727.138 Mobile Safari/537.36"
202.65.225.166 - - [28/May/2026:21:12:50 +0300] "GET /vendors/mapbox-gl/mapbox-gl.min.css HTTP/1.1" 200 4574 "https://cehaburo.com/en/certificates" "Mozilla/5.0 (Linux; Android 10; K) AppleWebKit/537.36 (KHTML, like Gecko) Chrome/148.0.0.0 Mobile Safari/537.36"
180.248.243.212 - - [28/May/2026:21:12:50 +0300] "GET /vendors/bootstrap-select/css/bootstrap-select.min.css HTTP/1.1" 200 2247 "https://cehaburo.com/en/certificates" "Mozilla/5.0 (Linux; Android 14; TECNO KL5n Build/UP1A.231005.007) AppleWebKit/537.36 (KHTML, like Gecko) Version/4.0 Chrome/148.0.7778.178 Mobile Safari/537.36"
182.8.211.114 - - [28/May/2026:21:12:51 +0300] "GET /css/spacing.css HTTP/1.1" 200 10689 "https://cehaburo.com/en/certificates" "Mozilla/5.0 (Linux; Android 15; en; Infinix X6853 Build/SP1A.210812.016) AppleWebKit/537.36 (KHTML, like Gecko) Chrome/147.0.7727.137 HiBrowser/v2.25.12.1;lang=id;nation=ID;locale=id_ID UWS/ Mobile Safari/537.36"
125.163.200.235 - - [28/May/2026:21:12:51 +0300] "GET /css/colors.css HTTP/1.1" 200 1926 "https://cehaburo.com/en/certificates" "Mozilla/5.0 (Linux; Android 15; SM-A057F Build/AP3A.240905.015.A2) AppleWebKit/537.36 (KHTML, like Gecko) Version/4.0 Chrome/148.0.7778.178 Mobile Safari/537.36"
182.8.211.114 - - [28/May/2026:21:12:51 +0300] "GET /css/themes.css HTTP/1.1" 200 56838 "https://cehaburo.com/en/certificates" "Mozilla/5.0 (Linux; Android 15; en; Infinix X6853 Build/SP1A.210812.016) AppleWebKit/537.36 (KHTML, like Gecko) Chrome/147.0.7727.137 HiBrowser/v2.25.12.1;lang=id;nation=ID;locale=id_ID UWS/ Mobile Safari/537.36"
202.65.225.166 - - [28/May/2026:21:12:51 +0300] "GET /css/spacing.css HTTP/1.1" 200 10689 "https://cehaburo.com/en/certificates" "Mozilla/5.0 (Linux; Android 10; K) AppleWebKit/537.36 (KHTML, like Gecko) Chrome/148.0.0.0 Mobile Safari/537.36"
202.65.225.166 - - [28/May/2026:21:12:51 +0300] "GET /css/themes.css HTTP/1.1" 200 56838 "https://cehaburo.com/en/certificates" "Mozilla/5.0 (Linux; Android 10; K) AppleWebKit/537.36 (KHTML, like Gecko) Chrome/148.0.0.0 Mobile Safari/537.36"
180.248.243.212 - - [28/May/2026:21:12:51 +0300] "GET /vendors/slick/slick.min.css HTTP/1.1" 200 503 "https://cehaburo.com/en/certificates" "Mozilla/5.0 (Linux; Android 14; TECNO KL5n Build/UP1A.231005.007) AppleWebKit/537.36 (KHTML, like Gecko) Version/4.0 Chrome/148.0.7778.178 Mobile Safari/537.36"
182.8.211.114 - - [28/May/2026:21:12:51 +0300] "GET /css/responsive.css HTTP/1.1" 200 1057 "https://cehaburo.com/en/certificates" "Mozilla/5.0 (Linux; Android 15; en; Infinix X6853 Build/SP1A.210812.016) AppleWebKit/537.36 (KHTML, like Gecko) Chrome/147.0.7727.137 HiBrowser/v2.25.12.1;lang=id;nation=ID;locale=id_ID UWS/ Mobile Safari/537.36"
114.10.147.40 - - [28/May/2026:21:12:51 +0300] "GET /images/logo/68cd70d486515.png HTTP/1.1" 200 11456 "https://cehaburo.com/en/certificates" "Mozilla/5.0 (Linux; Android 10; K) AppleWebKit/537.36 (KHTML, like Gecko) Chrome/148.0.0.0 Safari/537.36"
125.163.200.235 - - [28/May/2026:21:12:51 +0300] "GET /vendors/jquery.min.js HTTP/1.1" 200 30677 "https://cehaburo.com/en/certificates" "Mozilla/5.0 (Linux; Android 15; SM-A057F Build/AP3A.240905.015.A2) AppleWebKit/537.36 (KHTML, like Gecko) Version/4.0 Chrome/148.0.7778.178 Mobile Safari/537.36"
140.213.24.61 - - [28/May/2026:21:12:51 +0300] "GET /vendors/slick/slick.min.js HTTP/1.1" 200 10442 "https://cehaburo.com/en/certificates" "Mozilla/5.0 (Linux; Android 13; SM-A037F Build/TP1A.220624.014) AppleWebKit/537.36 (KHTML, like Gecko) Version/4.0 Chrome/147.0.7727.138 Mobile Safari/537.36"
180.248.243.212 - - [28/May/2026:21:12:51 +0300] "GET /vendors/magnific-popup/magnific-popup.min.css HTTP/1.1" 200 1565 "https://cehaburo.com/en/certificates" "Mozilla/5.0 (Linux; Android 14; TECNO KL5n Build/UP1A.231005.007) AppleWebKit/537.36 (KHTML, like Gecko) Version/4.0 Chrome/148.0.7778.178 Mobile Safari/537.36"
202.65.225.166 - - [28/May/2026:21:12:51 +0300] "GET /css/responsive.css HTTP/1.1" 200 1057 "https://cehaburo.com/en/certificates" "Mozilla/5.0 (Linux; Android 10; K) AppleWebKit/537.36 (KHTML, like Gecko) Chrome/148.0.0.0 Mobile Safari/537.36"
140.213.24.61 - - [28/May/2026:21:12:51 +0300] "GET /vendors/waypoints/jquery.waypoints.min.js HTTP/1.1" 200 2615 "https://cehaburo.com/en/certificates" "Mozilla/5.0 (Linux; Android 13; SM-A037F Build/TP1A.220624.014) AppleWebKit/537.36 (KHTML, like Gecko) Version/4.0 Chrome/147.0.7727.138 Mobile Safari/537.36"
114.10.112.51 - - [28/May/2026:21:12:44 +0300] "GET /images/certificate/6183ee2a63e5c.png HTTP/1.1" 200 794394 "https://cehaburo.com/en/certificates" "Mozilla/5.0 (X11; Linux x86_64) AppleWebKit/537.36 (KHTML, like Gecko) Chrome/148.0.0.0 Safari/537.36"
114.10.147.40 - - [28/May/2026:21:12:51 +0300] "GET /images/logo/61cc6bce93429.png HTTP/1.1" 200 11689 "https://cehaburo.com/en/certificates" "Mozilla/5.0 (Linux; Android 10; K) AppleWebKit/537.36 (KHTML, like Gecko) Chrome/148.0.0.0 Safari/537.36"
180.248.243.212 - - [28/May/2026:21:12:51 +0300] "GET /vendors/jquery-ui/jquery-ui.min.css HTTP/1.1" 200 7607 "https://cehaburo.com/en/certificates" "Mozilla/5.0 (Linux; Android 14; TECNO KL5n Build/UP1A.231005.007) AppleWebKit/537.36 (KHTML, like Gecko) Version/4.0 Chrome/148.0.7778.178 Mobile Safari/537.36"
202.65.225.166 - - [28/May/2026:21:12:51 +0300] "GET /css/colors.css HTTP/1.1" 200 1926 "https://cehaburo.com/en/certificates" "Mozilla/5.0 (Linux; Android 10; K) AppleWebKit/537.36 (KHTML, like Gecko) Chrome/148.0.0.0 Mobile Safari/537.36"
140.213.24.61 - - [28/May/2026:21:12:52 +0300] "GET /vendors/counter/countUp.js HTTP/1.1" 200 1392 "https://cehaburo.com/en/certificates" "Mozilla/5.0 (Linux; Android 13; SM-A037F Build/TP1A.220624.014) AppleWebKit/537.36 (KHTML, like Gecko) Version/4.0 Chrome/147.0.7727.138 Mobile Safari/537.36"
103.121.22.211 - - [28/May/2026:21:12:52 +0300] "GET /vendors/fontawesome-pro-5/css/all.css HTTP/1.1" 200 32906 "https://cehaburo.com/en/certificates" "Mozilla/5.0 (Linux; Android 10; K) AppleWebKit/537.36 (KHTML, like Gecko) Chrome/148.0.0.0 Mobile Safari/537.36"
112.215.171.206 - - [28/May/2026:21:12:52 +0300] "GET /images/logo/64b5226a99913.png HTTP/1.1" 200 20537 "https://cehaburo.com/en/certificates" "Mozilla/5.0 (Linux; Android 10; K) AppleWebKit/537.36 (KHTML, like Gecko) Chrome/148.0.0.0 Mobile Safari/537.36"
180.248.243.212 - - [28/May/2026:21:12:52 +0300] "GET /vendors/animate.css HTTP/1.1" 200 4325 "https://cehaburo.com/en/certificates" "Mozilla/5.0 (Linux; Android 14; TECNO KL5n Build/UP1A.231005.007) AppleWebKit/537.36 (KHTML, like Gecko) Version/4.0 Chrome/148.0.7778.178 Mobile Safari/537.36"
202.65.225.166 - - [28/May/2026:21:12:52 +0300] "GET /vendors/jquery.min.js HTTP/1.1" 200 30677 "https://cehaburo.com/en/certificates" "Mozilla/5.0 (Linux; Android 10; K) AppleWebKit/537.36 (KHTML, like Gecko) Chrome/148.0.0.0 Mobile Safari/537.36"
114.10.147.40 - - [28/May/2026:21:12:48 +0300] "GET /images/certificate/6183f17f21dae.jpg HTTP/1.1" 200 2362276 "https://cehaburo.com/en/certificates" "Mozilla/5.0 (Linux; Android 10; K) AppleWebKit/537.36 (KHTML, like Gecko) Chrome/148.0.0.0 Safari/537.36"
202.65.225.166 - - [28/May/2026:21:12:52 +0300] "GET /images/logo/logo.png HTTP/1.1" 200 4478 "https://cehaburo.com/en/certificates" "Mozilla/5.0 (Linux; Android 10; K) AppleWebKit/537.36 (KHTML, like Gecko) Chrome/148.0.0.0 Mobile Safari/537.36"
140.213.24.61 - - [28/May/2026:21:12:52 +0300] "GET /vendors/magnific-popup/jquery.magnific-popup.min.js HTTP/1.1" 200 7292 "https://cehaburo.com/en/certificates" "Mozilla/5.0 (Linux; Android 13; SM-A037F Build/TP1A.220624.014) AppleWebKit/537.36 (KHTML, like Gecko) Version/4.0 Chrome/147.0.7727.138 Mobile Safari/537.36"
180.248.243.212 - - [28/May/2026:21:12:52 +0300] "GET /vendors/mapbox-gl/mapbox-gl.min.css HTTP/1.1" 200 4574 "https://cehaburo.com/en/certificates" "Mozilla/5.0 (Linux; Android 14; TECNO KL5n Build/UP1A.231005.007) AppleWebKit/537.36 (KHTML, like Gecko) Version/4.0 Chrome/148.0.7778.178 Mobile Safari/537.36"
114.10.153.149 - - [28/May/2026:21:12:52 +0300] "GET /vendors/jquery-ui/jquery-ui.min.css HTTP/1.1" 200 7607 "https://cehaburo.com/en/certificates" "Mozilla/5.0 (iPhone; CPU iPhone OS 18_2_1 like Mac OS X) AppleWebKit/605.1.15 (KHTML, like Gecko) Version/18.2 Mobile/15E148 Safari/604.1"
157.20.207.173 - - [28/May/2026:21:12:52 +0300] "GET /images/favicon.html HTTP/1.1" 200 169 "https://cehaburo.com/en/certificates" "Mozilla/5.0 (Linux; Android 10; K) AppleWebKit/537.36 (KHTML, like Gecko) Chrome/148.0.0.0 Mobile Safari/537.36"
112.215.171.206 - - [28/May/2026:21:12:52 +0300] "GET /images/logo/64b69cd526f8e.png HTTP/1.1" 200 10142 "https://cehaburo.com/en/certificates" "Mozilla/5.0 (Linux; Android 10; K) AppleWebKit/537.36 (KHTML, like Gecko) Chrome/148.0.0.0 Mobile Safari/537.36"
180.248.243.212 - - [28/May/2026:21:12:52 +0300] "GET /css/spacing.css HTTP/1.1" 200 10689 "https://cehaburo.com/en/certificates" "Mozilla/5.0 (Linux; Android 14; TECNO KL5n Build/UP1A.231005.007) AppleWebKit/537.36 (KHTML, like Gecko) Version/4.0 Chrome/148.0.7778.178 Mobile Safari/537.36"
140.213.24.61 - - [28/May/2026:21:12:52 +0300] "GET /vendors/hc-sticky/hc-sticky.min.js HTTP/1.1" 200 4015 "https://cehaburo.com/en/certificates" "Mozilla/5.0 (Linux; Android 13; SM-A037F Build/TP1A.220624.014) AppleWebKit/537.36 (KHTML, like Gecko) Version/4.0 Chrome/147.0.7727.138 Mobile Safari/537.36"
112.215.171.206 - - [28/May/2026:21:12:52 +0300] "GET /images/logo/61cc6c04c5f8b.png HTTP/1.1" 200 11970 "https://cehaburo.com/en/certificates" "Mozilla/5.0 (Linux; Android 10; K) AppleWebKit/537.36 (KHTML, like Gecko) Chrome/148.0.0.0 Mobile Safari/537.36"
114.10.153.149 - - [28/May/2026:21:12:52 +0300] "GET /vendors/animate.css HTTP/1.1" 200 4325 "https://cehaburo.com/en/certificates" "Mozilla/5.0 (iPhone; CPU iPhone OS 18_2_1 like Mac OS X) AppleWebKit/605.1.15 (KHTML, like Gecko) Version/18.2 Mobile/15E148 Safari/604.1"
103.73.74.9 - - [28/May/2026:21:12:52 +0300] "GET /images/logo/logo.png HTTP/1.1" 200 4478 "https://cehaburo.com/en/certificates" "Mozilla/5.0 (Linux; Android 10; K) AppleWebKit/537.36 (KHTML, like Gecko) Chrome/148.0.0.0 Mobile Safari/537.36"
180.248.243.212 - - [28/May/2026:21:12:52 +0300] "GET /css/themes.css HTTP/1.1" 200 56838 "https://cehaburo.com/en/certificates" "Mozilla/5.0 (Linux; Android 14; TECNO KL5n Build/UP1A.231005.007) AppleWebKit/537.36 (KHTML, like Gecko) Version/4.0 Chrome/148.0.7778.178 Mobile Safari/537.36"
157.20.207.173 - - [28/May/2026:21:12:52 +0300] "GET /images/favicon.png HTTP/1.1" 200 3753 "https://cehaburo.com/en/certificates" "Mozilla/5.0 (Linux; Android 10; K) AppleWebKit/537.36 (KHTML, like Gecko) Chrome/148.0.0.0 Mobile Safari/537.36"
140.213.24.61 - - [28/May/2026:21:12:52 +0300] "GET /vendors/jparallax/TweenMax.min.js HTTP/1.1" 200 39768 "https://cehaburo.com/en/certificates" "Mozilla/5.0 (Linux; Android 13; SM-A037F Build/TP1A.220624.014) AppleWebKit/537.36 (KHTML, like Gecko) Version/4.0 Chrome/147.0.7727.138 Mobile Safari/537.36"
114.10.153.149 - - [28/May/2026:21:12:52 +0300] "GET /vendors/slick/slick.min.css HTTP/1.1" 200 503 "https://cehaburo.com/en/certificates" "Mozilla/5.0 (iPhone; CPU iPhone OS 18_2_1 like Mac OS X) AppleWebKit/605.1.15 (KHTML, like Gecko) Version/18.2 Mobile/15E148 Safari/604.1"
103.121.22.211 - - [28/May/2026:21:12:53 +0300] "GET /vendors/bootstrap-select/css/bootstrap-select.min.css HTTP/1.1" 200 2247 "https://cehaburo.com/en/certificates" "Mozilla/5.0 (Linux; Android 10; K) AppleWebKit/537.36 (KHTML, like Gecko) Chrome/148.0.0.0 Mobile Safari/537.36"
112.215.171.206 - - [28/May/2026:21:12:53 +0300] "GET /images/logo/61cc6bdb9a67b.png HTTP/1.1" 200 10573 "https://cehaburo.com/en/certificates" "Mozilla/5.0 (Linux; Android 10; K) AppleWebKit/537.36 (KHTML, like Gecko) Chrome/148.0.0.0 Mobile Safari/537.36"
114.10.153.149 - - [28/May/2026:21:12:53 +0300] "GET /vendors/bootstrap-select/css/bootstrap-select.min.css HTTP/1.1" 200 2247 "https://cehaburo.com/en/certificates" "Mozilla/5.0 (iPhone; CPU iPhone OS 18_2_1 like Mac OS X) AppleWebKit/605.1.15 (KHTML, like Gecko) Version/18.2 Mobile/15E148 Safari/604.1"
202.65.225.166 - - [28/May/2026:21:12:52 +0300] "GET /vendors/fontawesome-pro-5/webfonts/fa-light-300.woff2 HTTP/1.1" 200 185394 "https://cehaburo.com/vendors/fontawesome-pro-5/css/all.css" "Mozilla/5.0 (Linux; Android 10; K) AppleWebKit/537.36 (KHTML, like Gecko) Chrome/148.0.0.0 Mobile Safari/537.36"
114.10.153.149 - - [28/May/2026:21:12:53 +0300] "GET /vendors/magnific-popup/magnific-popup.min.css HTTP/1.1" 200 1565 "https://cehaburo.com/en/certificates" "Mozilla/5.0 (iPhone; CPU iPhone OS 18_2_1 like Mac OS X) AppleWebKit/605.1.15 (KHTML, like Gecko) Version/18.2 Mobile/15E148 Safari/604.1"
182.5.237.72 - - [28/May/2026:21:12:53 +0300] "GET /images/certificate/6183eec005104.png HTTP/1.1" 200 760196 "https://cehaburo.com/en/certificates" "Mozilla/5.0 (Linux; Android 10; K) AppleWebKit/537.36 (KHTML, like Gecko) Chrome/148.0.0.0 Mobile Safari/537.36"
103.121.22.211 - - [28/May/2026:21:12:53 +0300] "GET /vendors/slick/slick.min.css HTTP/1.1" 200 503 "https://cehaburo.com/en/certificates" "Mozilla/5.0 (Linux; Android 10; K) AppleWebKit/537.36 (KHTML, like Gecko) Chrome/148.0.0.0 Mobile Safari/537.36"
140.213.24.61 - - [28/May/2026:21:12:53 +0300] "GET /vendors/mapbox-gl/mapbox-gl.js HTTP/1.1" 200 195168 "https://cehaburo.com/en/certificates" "Mozilla/5.0 (Linux; Android 13; SM-A037F Build/TP1A.220624.014) AppleWebKit/537.36 (KHTML, like Gecko) Version/4.0 Chrome/147.0.7727.138 Mobile Safari/537.36"
112.215.171.206 - - [28/May/2026:21:12:53 +0300] "GET /images/logo/68cd70d486515.png HTTP/1.1" 200 11456 "https://cehaburo.com/en/certificates" "Mozilla/5.0 (Linux; Android 10; K) AppleWebKit/537.36 (KHTML, like Gecko) Chrome/148.0.0.0 Mobile Safari/537.36"
114.10.158.110 - - [28/May/2026:21:12:40 +0300] "GET /images/certificate/6183eec005104.png HTTP/1.1" 200 760196 "https://cehaburo.com/en/certificates" "Mozilla/5.0 (iPhone; CPU iPhone OS 18_6_2 like Mac OS X) AppleWebKit/605.1.15 (KHTML, like Gecko) Version/18.6 Mobile/15E148 Safari/604.1"
114.10.147.40 - - [28/May/2026:21:12:53 +0300] "GET /images/favicon.html HTTP/1.1" 200 169 "https://cehaburo.com/en/certificates" "Mozilla/5.0 (Linux; Android 10; K) AppleWebKit/537.36 (KHTML, like Gecko) Chrome/148.0.0.0 Safari/537.36"
103.121.22.211 - - [28/May/2026:21:12:53 +0300] "GET /vendors/magnific-popup/magnific-popup.min.css HTTP/1.1" 200 1565 "https://cehaburo.com/en/certificates" "Mozilla/5.0 (Linux; Android 10; K) AppleWebKit/537.36 (KHTML, like Gecko) Chrome/148.0.0.0 Mobile Safari/537.36"
182.5.237.72 - - [28/May/2026:21:12:53 +0300] "GET /images/certificate/6183ef4b2e075.png HTTP/1.1" 200 697801 "https://cehaburo.com/en/certificates" "Mozilla/5.0 (Linux; Android 10; K) AppleWebKit/537.36 (KHTML, like Gecko) Chrome/148.0.0.0 Mobile Safari/537.36"
103.121.22.211 - - [28/May/2026:21:12:53 +0300] "GET /vendors/jquery-ui/jquery-ui.min.css HTTP/1.1" 200 7607 "https://cehaburo.com/en/certificates" "Mozilla/5.0 (Linux; Android 10; K) AppleWebKit/537.36 (KHTML, like Gecko) Chrome/148.0.0.0 Mobile Safari/537.36"
114.10.147.40 - - [28/May/2026:21:12:53 +0300] "GET /images/favicon.png HTTP/1.1" 200 3753 "https://cehaburo.com/en/certificates" "Mozilla/5.0 (Linux; Android 10; K) AppleWebKit/537.36 (KHTML, like Gecko) Chrome/148.0.0.0 Safari/537.36"
140.213.24.61 - - [28/May/2026:21:12:53 +0300] "GET /js/theme.js HTTP/1.1" 200 10908 "https://cehaburo.com/en/certificates" "Mozilla/5.0 (Linux; Android 13; SM-A037F Build/TP1A.220624.014) AppleWebKit/537.36 (KHTML, like Gecko) Version/4.0 Chrome/147.0.7727.138 Mobile Safari/537.36"
114.10.153.149 - - [28/May/2026:21:12:53 +0300] "GET /images/logo/logo.png HTTP/1.1" 200 4478 "https://cehaburo.com/en/certificates" "Mozilla/5.0 (iPhone; CPU iPhone OS 18_2_1 like Mac OS X) AppleWebKit/605.1.15 (KHTML, like Gecko) Version/18.2 Mobile/15E148 Safari/604.1"
112.215.171.206 - - [28/May/2026:21:12:53 +0300] "GET /images/logo/61cc6bce93429.png HTTP/1.1" 200 11689 "https://cehaburo.com/en/certificates" "Mozilla/5.0 (Linux; Android 10; K) AppleWebKit/537.36 (KHTML, like Gecko) Chrome/148.0.0.0 Mobile Safari/537.36"
202.65.225.166 - - [28/May/2026:21:12:53 +0300] "GET /vendors/fontawesome-pro-5/webfonts/fa-regular-400.woff2 HTTP/1.1" 200 169597 "https://cehaburo.com/vendors/fontawesome-pro-5/css/all.css" "Mozilla/5.0 (Linux; Android 10; K) AppleWebKit/537.36 (KHTML, like Gecko) Chrome/148.0.0.0 Mobile Safari/537.36"
103.121.22.211 - - [28/May/2026:21:12:53 +0300] "GET /vendors/animate.css HTTP/1.1" 200 4325 "https://cehaburo.com/en/certificates" "Mozilla/5.0 (Linux; Android 10; K) AppleWebKit/537.36 (KHTML, like Gecko) Chrome/148.0.0.0 Mobile Safari/537.36"
202.65.225.166 - - [28/May/2026:21:12:52 +0300] "GET /images/certificate/61fb7f85b8bcd.jpg HTTP/1.1" 200 1304329 "https://cehaburo.com/en/certificates" "Mozilla/5.0 (Linux; Android 10; K) AppleWebKit/537.36 (KHTML, like Gecko) Chrome/148.0.0.0 Mobile Safari/537.36"
103.121.22.211 - - [28/May/2026:21:12:54 +0300] "GET /vendors/mapbox-gl/mapbox-gl.min.css HTTP/1.1" 200 4574 "https://cehaburo.com/en/certificates" "Mozilla/5.0 (Linux; Android 10; K) AppleWebKit/537.36 (KHTML, like Gecko) Chrome/148.0.0.0 Mobile Safari/537.36"
114.10.158.110 - - [28/May/2026:21:12:47 +0300] "GET /images/certificate/6183ef4b2e075.png HTTP/1.1" 200 697801 "https://cehaburo.com/en/certificates" "Mozilla/5.0 (iPhone; CPU iPhone OS 18_6_2 like Mac OS X) AppleWebKit/605.1.15 (KHTML, like Gecko) Version/18.6 Mobile/15E148 Safari/604.1"
103.121.22.211 - - [28/May/2026:21:12:54 +0300] "GET /css/spacing.css HTTP/1.1" 200 10689 "https://cehaburo.com/en/certificates" "Mozilla/5.0 (Linux; Android 10; K) AppleWebKit/537.36 (KHTML, like Gecko) Chrome/148.0.0.0 Mobile Safari/537.36"
182.5.237.72 - - [28/May/2026:21:12:54 +0300] "GET /images/certificate/6183f17f21dae.jpg HTTP/1.1" 200 2362276 "https://cehaburo.com/en/certificates" "Mozilla/5.0 (Linux; Android 10; K) AppleWebKit/537.36 (KHTML, like Gecko) Chrome/148.0.0.0 Mobile Safari/537.36"
103.121.22.211 - - [28/May/2026:21:12:54 +0300] "GET /css/themes.css HTTP/1.1" 200 56838 "https://cehaburo.com/en/certificates" "Mozilla/5.0 (Linux; Android 10; K) AppleWebKit/537.36 (KHTML, like Gecko) Chrome/148.0.0.0 Mobile Safari/537.36"
125.166.119.117 - - [28/May/2026:21:12:55 +0300] "GET /vendors/fontawesome-pro-5/css/all.css HTTP/1.1" 200 32906 "https://cehaburo.com/en/certificates" "Mozilla/5.0 (iPhone; CPU iPhone OS 18_7 like Mac OS X) AppleWebKit/605.1.15 (KHTML, like Gecko) Version/26.5 Mobile/15E148 Safari/604.1"
140.213.24.61 - - [28/May/2026:21:12:54 +0300] "GET /images/certificate/6183ee2a63e5c.png HTTP/1.1" 200 794394 "https://cehaburo.com/en/certificates" "Mozilla/5.0 (Linux; Android 13; SM-A037F Build/TP1A.220624.014) AppleWebKit/537.36 (KHTML, like Gecko) Version/4.0 Chrome/147.0.7727.138 Mobile Safari/537.36"
125.165.105.118 - - [28/May/2026:21:12:40 +0300] "GET /images/certificate/6183f17f21dae.jpg HTTP/1.1" 200 2362276 "https://cehaburo.com/en/certificates" "Mozilla/5.0 (Linux; Android 14; 2107113SG Build/UKQ1.231207.002) AppleWebKit/537.36 (KHTML, like Gecko) Version/4.0 Chrome/148.0.7778.120 Mobile Safari/537.36"
182.5.237.72 - - [28/May/2026:21:12:55 +0300] "GET /images/logo/64b5226a99913.png HTTP/1.1" 200 20537 "https://cehaburo.com/en/certificates" "Mozilla/5.0 (Linux; Android 10; K) AppleWebKit/537.36 (KHTML, like Gecko) Chrome/148.0.0.0 Mobile Safari/537.36"
103.210.119.74 - - [28/May/2026:21:12:16 +0300] "GET /images/certificate/61fb7f85b8bcd.jpg HTTP/1.1" 200 1304329 "https://cehaburo.com/en/certificates" "Mozilla/5.0 (Linux; Android 10; K) AppleWebKit/537.36 (KHTML, like Gecko) Chrome/148.0.0.0 Mobile Safari/537.36"
112.215.171.206 - - [28/May/2026:21:12:51 +0300] "GET /images/certificate/6183f17f21dae.jpg HTTP/1.1" 200 2362276 "https://cehaburo.com/en/certificates" "Mozilla/5.0 (Linux; Android 10; K) AppleWebKit/537.36 (KHTML, like Gecko) Chrome/148.0.0.0 Mobile Safari/537.36"
182.5.237.72 - - [28/May/2026:21:12:55 +0300] "GET /images/logo/64b69cd526f8e.png HTTP/1.1" 200 10142 "https://cehaburo.com/en/certificates" "Mozilla/5.0 (Linux; Android 10; K) AppleWebKit/537.36 (KHTML, like Gecko) Chrome/148.0.0.0 Mobile Safari/537.36"
114.10.153.149 - - [28/May/2026:21:12:53 +0300] "GET /images/certificate/61fb7f85b8bcd.jpg HTTP/1.1" 200 1304329 "https://cehaburo.com/en/certificates" "Mozilla/5.0 (iPhone; CPU iPhone OS 18_2_1 like Mac OS X) AppleWebKit/605.1.15 (KHTML, like Gecko) Version/18.2 Mobile/15E148 Safari/604.1"
103.121.22.211 - - [28/May/2026:21:12:55 +0300] "GET /css/responsive.css HTTP/1.1" 200 1057 "https://cehaburo.com/en/certificates" "Mozilla/5.0 (Linux; Android 10; K) AppleWebKit/537.36 (KHTML, like Gecko) Chrome/148.0.0.0 Mobile Safari/537.36"
182.5.237.72 - - [28/May/2026:21:12:56 +0300] "GET /images/logo/61cc6c04c5f8b.png HTTP/1.1" 200 11970 "https://cehaburo.com/en/certificates" "Mozilla/5.0 (Linux; Android 10; K) AppleWebKit/537.36 (KHTML, like Gecko) Chrome/148.0.0.0 Mobile Safari/537.36"
114.10.153.149 - - [28/May/2026:21:12:54 +0300] "GET /images/certificate/6183ee2a63e5c.png HTTP/1.1" 200 794394 "https://cehaburo.com/en/certificates" "Mozilla/5.0 (iPhone; CPU iPhone OS 18_2_1 like Mac OS X) AppleWebKit/605.1.15 (KHTML, like Gecko) Version/18.2 Mobile/15E148 Safari/604.1"
140.213.24.61 - - [28/May/2026:21:12:55 +0300] "GET /images/certificate/6183eec005104.png HTTP/1.1" 200 760196 "https://cehaburo.com/en/certificates" "Mozilla/5.0 (Linux; Android 13; SM-A037F Build/TP1A.220624.014) AppleWebKit/537.36 (KHTML, like Gecko) Version/4.0 Chrome/147.0.7727.138 Mobile Safari/537.36"
103.121.22.211 - - [28/May/2026:21:12:56 +0300] "GET /css/colors.css HTTP/1.1" 200 1926 "https://cehaburo.com/en/certificates" "Mozilla/5.0 (Linux; Android 10; K) AppleWebKit/537.36 (KHTML, like Gecko) Chrome/148.0.0.0 Mobile Safari/537.36"
114.10.158.110 - - [28/May/2026:21:12:41 +0300] "GET /images/certificate/6183f17f21dae.jpg HTTP/1.1" 200 2362276 "https://cehaburo.com/en/certificates" "Mozilla/5.0 (iPhone; CPU iPhone OS 18_6_2 like Mac OS X) AppleWebKit/605.1.15 (KHTML, like Gecko) Version/18.6 Mobile/15E148 Safari/604.1"
103.121.22.211 - - [28/May/2026:21:12:56 +0300] "GET /vendors/jquery.min.js HTTP/1.1" 200 30677 "https://cehaburo.com/en/certificates" "Mozilla/5.0 (Linux; Android 10; K) AppleWebKit/537.36 (KHTML, like Gecko) Chrome/148.0.0.0 Mobile Safari/537.36"
182.5.237.72 - - [28/May/2026:21:12:56 +0300] "GET /images/logo/61cc6bdb9a67b.png HTTP/1.1" 200 10573 "https://cehaburo.com/en/certificates" "Mozilla/5.0 (Linux; Android 10; K) AppleWebKit/537.36 (KHTML, like Gecko) Chrome/148.0.0.0 Mobile Safari/537.36"
114.10.153.149 - - [28/May/2026:21:12:56 +0300] "GET /images/certificate/6183eec005104.png HTTP/1.1" 200 760196 "https://cehaburo.com/en/certificates" "Mozilla/5.0 (iPhone; CPU iPhone OS 18_2_1 like Mac OS X) AppleWebKit/605.1.15 (KHTML, like Gecko) Version/18.2 Mobile/15E148 Safari/604.1"
103.210.119.74 - - [28/May/2026:21:12:49 +0300] "GET /vendors/mapbox-gl/mapbox-gl.js HTTP/1.1" 200 195168 "https://cehaburo.com/en/certificates" "Mozilla/5.0 (Linux; Android 10; K) AppleWebKit/537.36 (KHTML, like Gecko) Chrome/148.0.0.0 Mobile Safari/537.36"
140.213.24.61 - - [28/May/2026:21:12:56 +0300] "GET /images/certificate/6183ef4b2e075.png HTTP/1.1" 200 697801 "https://cehaburo.com/en/certificates" "Mozilla/5.0 (Linux; Android 13; SM-A037F Build/TP1A.220624.014) AppleWebKit/537.36 (KHTML, like Gecko) Version/4.0 Chrome/147.0.7727.138 Mobile Safari/537.36"
114.10.153.149 - - [28/May/2026:21:12:56 +0300] "GET /images/certificate/6183ef4b2e075.png HTTP/1.1" 200 697801 "https://cehaburo.com/en/certificates" "Mozilla/5.0 (iPhone; CPU iPhone OS 18_2_1 like Mac OS X) AppleWebKit/605.1.15 (KHTML, like Gecko) Version/18.2 Mobile/15E148 Safari/604.1"
112.215.171.206 - - [28/May/2026:21:12:56 +0300] "GET /images/favicon.html HTTP/1.1" 200 169 "https://cehaburo.com/en/certificates" "Mozilla/5.0 (Linux; Android 10; K) AppleWebKit/537.36 (KHTML, like Gecko) Chrome/148.0.0.0 Mobile Safari/537.36"
182.5.237.72 - - [28/May/2026:21:12:56 +0300] "GET /images/logo/68cd70d486515.png HTTP/1.1" 200 11456 "https://cehaburo.com/en/certificates" "Mozilla/5.0 (Linux; Android 10; K) AppleWebKit/537.36 (KHTML, like Gecko) Chrome/148.0.0.0 Mobile Safari/537.36"
114.10.158.110 - - [28/May/2026:21:12:57 +0300] "GET /images/favicon.png HTTP/1.1" 200 3753 "https://cehaburo.com/en/certificates" "Mozilla/5.0 (iPhone; CPU iPhone OS 18_6_2 like Mac OS X) AppleWebKit/605.1.15 (KHTML, like Gecko) Version/18.6 Mobile/15E148 Safari/604.1"
112.215.171.206 - - [28/May/2026:21:12:57 +0300] "GET /images/favicon.png HTTP/1.1" 200 3753 "https://cehaburo.com/en/certificates" "Mozilla/5.0 (Linux; Android 10; K) AppleWebKit/537.36 (KHTML, like Gecko) Chrome/148.0.0.0 Mobile Safari/537.36"
182.5.237.72 - - [28/May/2026:21:12:57 +0300] "GET /images/logo/61cc6bce93429.png HTTP/1.1" 200 11689 "https://cehaburo.com/en/certificates" "Mozilla/5.0 (Linux; Android 10; K) AppleWebKit/537.36 (KHTML, like Gecko) Chrome/148.0.0.0 Mobile Safari/537.36"
182.5.237.72 - - [28/May/2026:21:12:57 +0300] "GET /images/favicon.html HTTP/1.1" 200 169 "https://cehaburo.com/en/certificates" "Mozilla/5.0 (Linux; Android 10; K) AppleWebKit/537.36 (KHTML, like Gecko) Chrome/148.0.0.0 Mobile Safari/537.36"
103.210.119.74 - - [28/May/2026:21:12:57 +0300] "GET /vendors/bootstrap-select/js/bootstrap-select.min.js HTTP/1.1" 200 15945 "https://cehaburo.com/en/certificates" "Mozilla/5.0 (Linux; Android 10; K) AppleWebKit/537.36 (KHTML, like Gecko) Chrome/148.0.0.0 Mobile Safari/537.36"
182.5.237.72 - - [28/May/2026:21:12:57 +0300] "GET /images/favicon.png HTTP/1.1" 200 3753 "https://cehaburo.com/en/certificates" "Mozilla/5.0 (Linux; Android 10; K) AppleWebKit/537.36 (KHTML, like Gecko) Chrome/148.0.0.0 Mobile Safari/537.36"
103.121.22.211 - - [28/May/2026:21:12:57 +0300] "GET /vendors/fontawesome-pro-5/webfonts/fa-light-300.woff2 HTTP/1.1" 200 185394 "https://cehaburo.com/vendors/fontawesome-pro-5/css/all.css" "Mozilla/5.0 (Linux; Android 10; K) AppleWebKit/537.36 (KHTML, like Gecko) Chrome/148.0.0.0 Mobile Safari/537.36"
114.10.153.149 - - [28/May/2026:21:12:57 +0300] "GET /images/certificate/6183f17f21dae.jpg HTTP/1.1" 200 2362276 "https://cehaburo.com/en/certificates" "Mozilla/5.0 (iPhone; CPU iPhone OS 18_2_1 like Mac OS X) AppleWebKit/605.1.15 (KHTML, like Gecko) Version/18.2 Mobile/15E148 Safari/604.1"
140.213.24.61 - - [28/May/2026:21:12:57 +0300] "GET /images/certificate/6183f17f21dae.jpg HTTP/1.1" 200 2362276 "https://cehaburo.com/en/certificates" "Mozilla/5.0 (Linux; Android 13; SM-A037F Build/TP1A.220624.014) AppleWebKit/537.36 (KHTML, like Gecko) Version/4.0 Chrome/147.0.7727.138 Mobile Safari/537.36"
114.10.153.149 - - [28/May/2026:21:13:00 +0300] "GET /images/logo/64b69cd526f8e.png HTTP/1.1" 200 10142 "https://cehaburo.com/en/certificates" "Mozilla/5.0 (iPhone; CPU iPhone OS 18_2_1 like Mac OS X) AppleWebKit/605.1.15 (KHTML, like Gecko) Version/18.2 Mobile/15E148 Safari/604.1"
140.213.24.61 - - [28/May/2026:21:13:00 +0300] "GET /images/logo/64b5226a99913.png HTTP/1.1" 200 20537 "https://cehaburo.com/en/certificates" "Mozilla/5.0 (Linux; Android 13; SM-A037F Build/TP1A.220624.014) AppleWebKit/537.36 (KHTML, like Gecko) Version/4.0 Chrome/147.0.7727.138 Mobile Safari/537.36"
114.10.112.51 - - [28/May/2026:21:13:00 +0300] "GET /images/logo/64b5226a99913.png HTTP/1.1" 200 20537 "https://cehaburo.com/en/certificates" "Mozilla/5.0 (X11; Linux x86_64) AppleWebKit/537.36 (KHTML, like Gecko) Chrome/148.0.0.0 Safari/537.36"
114.10.153.149 - - [28/May/2026:21:13:00 +0300] "GET /images/logo/61cc6c04c5f8b.png HTTP/1.1" 200 11970 "https://cehaburo.com/en/certificates" "Mozilla/5.0 (iPhone; CPU iPhone OS 18_2_1 like Mac OS X) AppleWebKit/605.1.15 (KHTML, like Gecko) Version/18.2 Mobile/15E148 Safari/604.1"
140.213.24.61 - - [28/May/2026:21:13:00 +0300] "GET /images/logo/64b69cd526f8e.png HTTP/1.1" 200 10142 "https://cehaburo.com/en/certificates" "Mozilla/5.0 (Linux; Android 13; SM-A037F Build/TP1A.220624.014) AppleWebKit/537.36 (KHTML, like Gecko) Version/4.0 Chrome/147.0.7727.138 Mobile Safari/537.36"
114.10.153.149 - - [28/May/2026:21:13:00 +0300] "GET /images/logo/61cc6bdb9a67b.png HTTP/1.1" 200 10573 "https://cehaburo.com/en/certificates" "Mozilla/5.0 (iPhone; CPU iPhone OS 18_2_1 like Mac OS X) AppleWebKit/605.1.15 (KHTML, like Gecko) Version/18.2 Mobile/15E148 Safari/604.1"
140.213.24.61 - - [28/May/2026:21:13:00 +0300] "GET /images/logo/61cc6c04c5f8b.png HTTP/1.1" 200 11970 "https://cehaburo.com/en/certificates" "Mozilla/5.0 (Linux; Android 13; SM-A037F Build/TP1A.220624.014) AppleWebKit/537.36 (KHTML, like Gecko) Version/4.0 Chrome/147.0.7727.138 Mobile Safari/537.36"
114.10.153.149 - - [28/May/2026:21:13:01 +0300] "GET /images/logo/68cd70d486515.png HTTP/1.1" 200 11456 "https://cehaburo.com/en/certificates" "Mozilla/5.0 (iPhone; CPU iPhone OS 18_2_1 like Mac OS X) AppleWebKit/605.1.15 (KHTML, like Gecko) Version/18.2 Mobile/15E148 Safari/604.1"
140.213.24.61 - - [28/May/2026:21:13:01 +0300] "GET /images/logo/61cc6bdb9a67b.png HTTP/1.1" 200 10573 "https://cehaburo.com/en/certificates" "Mozilla/5.0 (Linux; Android 13; SM-A037F Build/TP1A.220624.014) AppleWebKit/537.36 (KHTML, like Gecko) Version/4.0 Chrome/147.0.7727.138 Mobile Safari/537.36"
114.10.112.51 - - [28/May/2026:21:13:01 +0300] "GET /images/logo/64b69cd526f8e.png HTTP/1.1" 200 10142 "https://cehaburo.com/en/certificates" "Mozilla/5.0 (X11; Linux x86_64) AppleWebKit/537.36 (KHTML, like Gecko) Chrome/148.0.0.0 Safari/537.36"
114.10.153.149 - - [28/May/2026:21:13:01 +0300] "GET /images/logo/61cc6bce93429.png HTTP/1.1" 200 11689 "https://cehaburo.com/en/certificates" "Mozilla/5.0 (iPhone; CPU iPhone OS 18_2_1 like Mac OS X) AppleWebKit/605.1.15 (KHTML, like Gecko) Version/18.2 Mobile/15E148 Safari/604.1"
140.213.24.61 - - [28/May/2026:21:13:01 +0300] "GET /images/logo/61cc6bce93429.png HTTP/1.1" 200 11689 "https://cehaburo.com/en/certificates" "Mozilla/5.0 (Linux; Android 13; SM-A037F Build/TP1A.220624.014) AppleWebKit/537.36 (KHTML, like Gecko) Version/4.0 Chrome/147.0.7727.138 Mobile Safari/537.36"
140.213.24.61 - - [28/May/2026:21:13:01 +0300] "GET /images/logo/68cd70d486515.png HTTP/1.1" 200 11456 "https://cehaburo.com/en/certificates" "Mozilla/5.0 (Linux; Android 13; SM-A037F Build/TP1A.220624.014) AppleWebKit/537.36 (KHTML, like Gecko) Version/4.0 Chrome/147.0.7727.138 Mobile Safari/537.36"
114.10.112.51 - - [28/May/2026:21:12:51 +0300] "GET /images/certificate/6183f17f21dae.jpg HTTP/1.1" 200 2362276 "https://cehaburo.com/en/certificates" "Mozilla/5.0 (X11; Linux x86_64) AppleWebKit/537.36 (KHTML, like Gecko) Chrome/148.0.0.0 Safari/537.36"
182.6.2.76 - - [28/May/2026:21:13:02 +0300] "GET /en/certificates HTTP/1.1" 200 6043 "https://p.miluwo.com/" "Mozilla/5.0 (Linux; Android 10; K) AppleWebKit/537.36 (KHTML, like Gecko) Chrome/148.0.0.0 Mobile Safari/537.36"
103.73.74.9 - - [28/May/2026:21:12:53 +0300] "GET /images/certificate/61fb7f85b8bcd.jpg HTTP/1.1" 200 1304329 "https://cehaburo.com/en/certificates" "Mozilla/5.0 (Linux; Android 10; K) AppleWebKit/537.36 (KHTML, like Gecko) Chrome/148.0.0.0 Mobile Safari/537.36"
125.167.118.210 - - [28/May/2026:21:13:10 +0300] "GET /en/certificates HTTP/1.1" 200 6043 "-" "Mozilla/5.0 (iPhone; CPU iPhone OS 18_7 like Mac OS X) AppleWebKit/605.1.15 (KHTML, like Gecko) Mobile/15E148"
125.166.119.117 - - [28/May/2026:21:13:09 +0300] "GET /vendors/mapbox-gl/mapbox-gl.js HTTP/1.1" 200 195168 "https://cehaburo.com/en/certificates" "Mozilla/5.0 (iPhone; CPU iPhone OS 18_7 like Mac OS X) AppleWebKit/605.1.15 (KHTML, like Gecko) Version/26.5 Mobile/15E148 Safari/604.1"
125.166.119.117 - - [28/May/2026:21:13:12 +0300] "GET /vendors/bootstrap-select/js/bootstrap-select.min.js HTTP/1.1" 200 15945 "https://cehaburo.com/en/certificates" "Mozilla/5.0 (iPhone; CPU iPhone OS 18_7 like Mac OS X) AppleWebKit/605.1.15 (KHTML, like Gecko) Version/26.5 Mobile/15E148 Safari/604.1"
103.189.201.216 - - [28/May/2026:21:13:12 +0300] "GET /en/certificates HTTP/1.1" 200 6043 "-" "Mozilla/5.0 (Linux; Android 10; K) AppleWebKit/537.36 (KHTML, like Gecko) SamsungBrowser/30.0 Chrome/143.0.0.0 Mobile Safari/537.36"
103.189.201.216 - - [28/May/2026:21:13:13 +0300] "GET /vendors/fontawesome-pro-5/css/all.css HTTP/1.1" 200 32906 "https://cehaburo.com/en/certificates" "Mozilla/5.0 (Linux; Android 10; K) AppleWebKit/537.36 (KHTML, like Gecko) SamsungBrowser/30.0 Chrome/143.0.0.0 Mobile Safari/537.36"
103.189.201.216 - - [28/May/2026:21:13:13 +0300] "GET /vendors/bootstrap-select/css/bootstrap-select.min.css HTTP/1.1" 200 2247 "https://cehaburo.com/en/certificates" "Mozilla/5.0 (Linux; Android 10; K) AppleWebKit/537.36 (KHTML, like Gecko) SamsungBrowser/30.0 Chrome/143.0.0.0 Mobile Safari/537.36"
114.10.44.62 - - [28/May/2026:21:13:13 +0300] "GET /en/certificates HTTP/1.1" 200 6043 "https://vidzp.com/" "Mozilla/5.0 (iPhone; CPU iPhone OS 18_7 like Mac OS X) AppleWebKit/605.1.15 (KHTML, like Gecko) Version/26.4 Mobile/15E148 Safari/604.1"
103.189.201.216 - - [28/May/2026:21:13:13 +0300] "GET /vendors/slick/slick.min.css HTTP/1.1" 200 503 "https://cehaburo.com/en/certificates" "Mozilla/5.0 (Linux; Android 10; K) AppleWebKit/537.36 (KHTML, like Gecko) SamsungBrowser/30.0 Chrome/143.0.0.0 Mobile Safari/537.36"
103.189.201.216 - - [28/May/2026:21:13:13 +0300] "GET /vendors/magnific-popup/magnific-popup.min.css HTTP/1.1" 200 1565 "https://cehaburo.com/en/certificates" "Mozilla/5.0 (Linux; Android 10; K) AppleWebKit/537.36 (KHTML, like Gecko) SamsungBrowser/30.0 Chrome/143.0.0.0 Mobile Safari/537.36"
103.189.201.216 - - [28/May/2026:21:13:14 +0300] "GET /vendors/jquery-ui/jquery-ui.min.css HTTP/1.1" 200 7607 "https://cehaburo.com/en/certificates" "Mozilla/5.0 (Linux; Android 10; K) AppleWebKit/537.36 (KHTML, like Gecko) SamsungBrowser/30.0 Chrome/143.0.0.0 Mobile Safari/537.36"
103.189.201.216 - - [28/May/2026:21:13:14 +0300] "GET /vendors/animate.css HTTP/1.1" 200 4325 "https://cehaburo.com/en/certificates" "Mozilla/5.0 (Linux; Android 10; K) AppleWebKit/537.36 (KHTML, like Gecko) SamsungBrowser/30.0 Chrome/143.0.0.0 Mobile Safari/537.36"
103.189.201.216 - - [28/May/2026:21:13:14 +0300] "GET /vendors/mapbox-gl/mapbox-gl.min.css HTTP/1.1" 200 4574 "https://cehaburo.com/en/certificates" "Mozilla/5.0 (Linux; Android 10; K) AppleWebKit/537.36 (KHTML, like Gecko) SamsungBrowser/30.0 Chrome/143.0.0.0 Mobile Safari/537.36"
103.189.201.216 - - [28/May/2026:21:13:14 +0300] "GET /css/spacing.css HTTP/1.1" 200 10689 "https://cehaburo.com/en/certificates" "Mozilla/5.0 (Linux; Android 10; K) AppleWebKit/537.36 (KHTML, like Gecko) SamsungBrowser/30.0 Chrome/143.0.0.0 Mobile Safari/537.36"
103.189.201.216 - - [28/May/2026:21:13:14 +0300] "GET /css/responsive.css HTTP/1.1" 200 1057 "https://cehaburo.com/en/certificates" "Mozilla/5.0 (Linux; Android 10; K) AppleWebKit/537.36 (KHTML, like Gecko) SamsungBrowser/30.0 Chrome/143.0.0.0 Mobile Safari/537.36"
103.189.201.216 - - [28/May/2026:21:13:14 +0300] "GET /css/themes.css HTTP/1.1" 200 56838 "https://cehaburo.com/en/certificates" "Mozilla/5.0 (Linux; Android 10; K) AppleWebKit/537.36 (KHTML, like Gecko) SamsungBrowser/30.0 Chrome/143.0.0.0 Mobile Safari/537.36"
103.189.201.216 - - [28/May/2026:21:13:15 +0300] "GET /css/colors.css HTTP/1.1" 200 1926 "https://cehaburo.com/en/certificates" "Mozilla/5.0 (Linux; Android 10; K) AppleWebKit/537.36 (KHTML, like Gecko) SamsungBrowser/30.0 Chrome/143.0.0.0 Mobile Safari/537.36"
103.189.201.216 - - [28/May/2026:21:13:15 +0300] "GET /vendors/jquery.min.js HTTP/1.1" 200 30677 "https://cehaburo.com/en/certificates" "Mozilla/5.0 (Linux; Android 10; K) AppleWebKit/537.36 (KHTML, like Gecko) SamsungBrowser/30.0 Chrome/143.0.0.0 Mobile Safari/537.36"
103.189.201.216 - - [28/May/2026:21:13:15 +0300] "GET /images/logo/logo.png HTTP/1.1" 200 4478 "https://cehaburo.com/en/certificates" "Mozilla/5.0 (Linux; Android 10; K) AppleWebKit/537.36 (KHTML, like Gecko) SamsungBrowser/30.0 Chrome/143.0.0.0 Mobile Safari/537.36"
103.189.201.216 - - [28/May/2026:21:13:15 +0300] "GET /vendors/jquery-ui/jquery-ui.min.js HTTP/1.1" 200 67971 "https://cehaburo.com/en/certificates" "Mozilla/5.0 (Linux; Android 10; K) AppleWebKit/537.36 (KHTML, like Gecko) SamsungBrowser/30.0 Chrome/143.0.0.0 Mobile Safari/537.36"
103.189.201.216 - - [28/May/2026:21:13:16 +0300] "GET /vendors/bootstrap/bootstrap.bundle.js HTTP/1.1" 200 30407 "https://cehaburo.com/en/certificates" "Mozilla/5.0 (Linux; Android 10; K) AppleWebKit/537.36 (KHTML, like Gecko) SamsungBrowser/30.0 Chrome/143.0.0.0 Mobile Safari/537.36"
103.121.182.173 - - [28/May/2026:21:13:16 +0300] "GET /en/certificates HTTP/1.1" 200 6043 "-" "Mozilla/5.0 (iPhone; CPU iPhone OS 18_7 like Mac OS X) AppleWebKit/605.1.15 (KHTML, like Gecko) Mobile/15E148"
103.189.201.216 - - [28/May/2026:21:13:16 +0300] "GET /vendors/bootstrap-select/js/bootstrap-select.min.js HTTP/1.1" 200 15945 "https://cehaburo.com/en/certificates" "Mozilla/5.0 (Linux; Android 10; K) AppleWebKit/537.36 (KHTML, like Gecko) SamsungBrowser/30.0 Chrome/143.0.0.0 Mobile Safari/537.36"
103.189.201.216 - - [28/May/2026:21:13:15 +0300] "GET /images/certificate/61fb7f85b8bcd.jpg HTTP/1.1" 200 1304329 "https://cehaburo.com/en/certificates" "Mozilla/5.0 (Linux; Android 10; K) AppleWebKit/537.36 (KHTML, like Gecko) SamsungBrowser/30.0 Chrome/143.0.0.0 Mobile Safari/537.36"
182.10.130.100 - - [28/May/2026:21:13:16 +0300] "GET /en/certificates HTTP/1.1" 200 6043 "-" "Mozilla/5.0 (iPhone; CPU iPhone OS 18_7 like Mac OS X) AppleWebKit/605.1.15 (KHTML, like Gecko) Mobile/15E148"
103.189.201.216 - - [28/May/2026:21:13:16 +0300] "GET /vendors/slick/slick.min.js HTTP/1.1" 200 10442 "https://cehaburo.com/en/certificates" "Mozilla/5.0 (Linux; Android 10; K) AppleWebKit/537.36 (KHTML, like Gecko) SamsungBrowser/30.0 Chrome/143.0.0.0 Mobile Safari/537.36"
103.189.201.216 - - [28/May/2026:21:13:16 +0300] "GET /vendors/waypoints/jquery.waypoints.min.js HTTP/1.1" 200 2615 "https://cehaburo.com/en/certificates" "Mozilla/5.0 (Linux; Android 10; K) AppleWebKit/537.36 (KHTML, like Gecko) SamsungBrowser/30.0 Chrome/143.0.0.0 Mobile Safari/537.36"
103.189.201.216 - - [28/May/2026:21:13:17 +0300] "GET /vendors/counter/countUp.js HTTP/1.1" 200 1392 "https://cehaburo.com/en/certificates" "Mozilla/5.0 (Linux; Android 10; K) AppleWebKit/537.36 (KHTML, like Gecko) SamsungBrowser/30.0 Chrome/143.0.0.0 Mobile Safari/537.36"
36.73.150.241 - - [28/May/2026:21:13:17 +0300] "GET /en/certificates HTTP/1.1" 200 6043 "-" "Mozilla/5.0 (iPhone; CPU iPhone OS 18_7 like Mac OS X) AppleWebKit/605.1.15 (KHTML, like Gecko) Mobile/15E148"
103.189.201.216 - - [28/May/2026:21:13:17 +0300] "GET /vendors/magnific-popup/jquery.magnific-popup.min.js HTTP/1.1" 200 7292 "https://cehaburo.com/en/certificates" "Mozilla/5.0 (Linux; Android 10; K) AppleWebKit/537.36 (KHTML, like Gecko) SamsungBrowser/30.0 Chrome/143.0.0.0 Mobile Safari/537.36"
103.189.201.216 - - [28/May/2026:21:13:17 +0300] "GET /vendors/hc-sticky/hc-sticky.min.js HTTP/1.1" 200 4015 "https://cehaburo.com/en/certificates" "Mozilla/5.0 (Linux; Android 10; K) AppleWebKit/537.36 (KHTML, like Gecko) SamsungBrowser/30.0 Chrome/143.0.0.0 Mobile Safari/537.36"
103.189.201.216 - - [28/May/2026:21:13:17 +0300] "GET /vendors/jparallax/TweenMax.min.js HTTP/1.1" 200 39768 "https://cehaburo.com/en/certificates" "Mozilla/5.0 (Linux; Android 10; K) AppleWebKit/537.36 (KHTML, like Gecko) SamsungBrowser/30.0 Chrome/143.0.0.0 Mobile Safari/537.36"
125.160.205.116 - - [28/May/2026:21:13:17 +0300] "GET /en/certificates HTTP/1.1" 200 6043 "-" "Mozilla/5.0 (Linux; Android 10; K) AppleWebKit/537.36 (KHTML, like Gecko) Chrome/148.0.0.0 Mobile Safari/537.36"
103.189.201.216 - - [28/May/2026:21:13:17 +0300] "GET /vendors/mapbox-gl/mapbox-gl.js HTTP/1.1" 200 195168 "https://cehaburo.com/en/certificates" "Mozilla/5.0 (Linux; Android 10; K) AppleWebKit/537.36 (KHTML, like Gecko) SamsungBrowser/30.0 Chrome/143.0.0.0 Mobile Safari/537.36"
103.189.201.216 - - [28/May/2026:21:13:18 +0300] "GET /js/theme.js HTTP/1.1" 200 10908 "https://cehaburo.com/en/certificates" "Mozilla/5.0 (Linux; Android 10; K) AppleWebKit/537.36 (KHTML, like Gecko) SamsungBrowser/30.0 Chrome/143.0.0.0 Mobile Safari/537.36"
125.160.205.116 - - [28/May/2026:21:13:18 +0300] "GET /vendors/bootstrap-select/css/bootstrap-select.min.css HTTP/1.1" 200 2247 "https://cehaburo.com/en/certificates" "Mozilla/5.0 (Linux; Android 10; K) AppleWebKit/537.36 (KHTML, like Gecko) Chrome/148.0.0.0 Mobile Safari/537.36"
125.160.205.116 - - [28/May/2026:21:13:18 +0300] "GET /vendors/fontawesome-pro-5/css/all.css HTTP/1.1" 200 32906 "https://cehaburo.com/en/certificates" "Mozilla/5.0 (Linux; Android 10; K) AppleWebKit/537.36 (KHTML, like Gecko) Chrome/148.0.0.0 Mobile Safari/537.36"
103.189.201.216 - - [28/May/2026:21:13:18 +0300] "GET /vendors/fontawesome-pro-5/webfonts/fa-light-300.woff2 HTTP/1.1" 200 185394 "https://cehaburo.com/vendors/fontawesome-pro-5/css/all.css" "Mozilla/5.0 (Linux; Android 10; K) AppleWebKit/537.36 (KHTML, like Gecko) SamsungBrowser/30.0 Chrome/143.0.0.0 Mobile Safari/537.36"
125.160.205.116 - - [28/May/2026:21:13:18 +0300] "GET /vendors/slick/slick.min.css HTTP/1.1" 200 503 "https://cehaburo.com/en/certificates" "Mozilla/5.0 (Linux; Android 10; K) AppleWebKit/537.36 (KHTML, like Gecko) Chrome/148.0.0.0 Mobile Safari/537.36"
103.189.201.216 - - [28/May/2026:21:13:18 +0300] "GET /images/certificate/6183ee2a63e5c.png HTTP/1.1" 200 794394 "https://cehaburo.com/en/certificates" "Mozilla/5.0 (Linux; Android 10; K) AppleWebKit/537.36 (KHTML, like Gecko) SamsungBrowser/30.0 Chrome/143.0.0.0 Mobile Safari/537.36"
125.160.205.116 - - [28/May/2026:21:13:18 +0300] "GET /vendors/magnific-popup/magnific-popup.min.css HTTP/1.1" 200 1565 "https://cehaburo.com/en/certificates" "Mozilla/5.0 (Linux; Android 10; K) AppleWebKit/537.36 (KHTML, like Gecko) Chrome/148.0.0.0 Mobile Safari/537.36"
