114.10.47.58 - - [28/May/2026:21:15:26 +0300] "GET /vendors/jquery.min.js HTTP/1.1" 200 30677 "https://cehaburo.com/en/certificates" "Mozilla/5.0 (Linux; Android 10; K) AppleWebKit/537.36 (KHTML, like Gecko) Chrome/148.0.0.0 Mobile Safari/537.36"
103.175.222.205 - - [28/May/2026:21:15:26 +0300] "GET /css/colors.css HTTP/1.1" 200 1926 "https://cehaburo.com/en/certificates" "Mozilla/5.0 (Linux; Android 10; K) AppleWebKit/537.36 (KHTML, like Gecko) Chrome/144.0.0.0 Mobile Safari/537.36"
140.213.145.20 - - [28/May/2026:21:15:26 +0300] "GET /images/certificate/6183ee2a63e5c.png HTTP/1.1" 200 794394 "-" "Mozilla/5.0 (iPhone; CPU iPhone OS 18_4 like Mac OS X) AppleWebKit/605.1.15 (KHTML, like Gecko) Mobile/22E240 Safari/604.1 [FBAN/FBIOS;FBAV/562.0.0.61.70;FBBV/974804325;FBDV/iPhone14,5;FBMD/iPhone;FBSN/iOS;FBSV/18.4;FBSS/3;FBID/phone;FBLC/id_ID;FBOP/5;FBRV/980929708;IABMV/1]"
114.10.134.158 - - [28/May/2026:21:15:26 +0300] "GET /images/logo/logo.png HTTP/1.1" 200 4478 "https://cehaburo.com/en/certificates" "Mozilla/5.0 (Linux; Android 10; K) AppleWebKit/537.36 (KHTML, like Gecko) Chrome/148.0.0.0 Mobile Safari/537.36"
103.165.156.21 - - [28/May/2026:21:15:26 +0300] "GET /vendors/slick/slick.min.css HTTP/1.1" 200 503 "https://cehaburo.com/en/certificates" "Mozilla/5.0 (Linux; Android 10; K) AppleWebKit/537.36 (KHTML, like Gecko) Chrome/138.0.0.0 Mobile Safari/537.36"
114.10.47.58 - - [28/May/2026:21:15:26 +0300] "GET /images/logo/logo.png HTTP/1.1" 200 4478 "https://cehaburo.com/en/certificates" "Mozilla/5.0 (Linux; Android 10; K) AppleWebKit/537.36 (KHTML, like Gecko) Chrome/148.0.0.0 Mobile Safari/537.36"
103.175.222.205 - - [28/May/2026:21:15:26 +0300] "GET /vendors/jquery.min.js HTTP/1.1" 200 30677 "https://cehaburo.com/en/certificates" "Mozilla/5.0 (Linux; Android 10; K) AppleWebKit/537.36 (KHTML, like Gecko) Chrome/144.0.0.0 Mobile Safari/537.36"
103.165.156.21 - - [28/May/2026:21:15:26 +0300] "GET /vendors/magnific-popup/magnific-popup.min.css HTTP/1.1" 200 1565 "https://cehaburo.com/en/certificates" "Mozilla/5.0 (Linux; Android 10; K) AppleWebKit/537.36 (KHTML, like Gecko) Chrome/138.0.0.0 Mobile Safari/537.36"
182.2.177.22 - - [28/May/2026:21:15:27 +0300] "GET /images/certificate/6183f17f21dae.jpg HTTP/1.1" 200 2362276 "https://cehaburo.com/en/certificates" "Mozilla/5.0 (Linux; Android 10; K) AppleWebKit/537.36 (KHTML, like Gecko) Chrome/148.0.0.0 Mobile Safari/537.36"
103.165.156.21 - - [28/May/2026:21:15:27 +0300] "GET /vendors/jquery-ui/jquery-ui.min.css HTTP/1.1" 200 7607 "https://cehaburo.com/en/certificates" "Mozilla/5.0 (Linux; Android 10; K) AppleWebKit/537.36 (KHTML, like Gecko) Chrome/138.0.0.0 Mobile Safari/537.36"
103.175.222.205 - - [28/May/2026:21:15:27 +0300] "GET /vendors/fontawesome-pro-5/webfonts/fa-light-300.woff2 HTTP/1.1" 200 185394 "https://cehaburo.com/vendors/fontawesome-pro-5/css/all.css" "Mozilla/5.0 (Linux; Android 10; K) AppleWebKit/537.36 (KHTML, like Gecko) Chrome/144.0.0.0 Mobile Safari/537.36"
114.10.47.58 - - [28/May/2026:21:15:27 +0300] "GET /vendors/jquery-ui/jquery-ui.min.js HTTP/1.1" 200 67971 "https://cehaburo.com/en/certificates" "Mozilla/5.0 (Linux; Android 10; K) AppleWebKit/537.36 (KHTML, like Gecko) Chrome/148.0.0.0 Mobile Safari/537.36"
103.165.156.21 - - [28/May/2026:21:15:27 +0300] "GET /vendors/animate.css HTTP/1.1" 200 4325 "https://cehaburo.com/en/certificates" "Mozilla/5.0 (Linux; Android 10; K) AppleWebKit/537.36 (KHTML, like Gecko) Chrome/138.0.0.0 Mobile Safari/537.36"
125.163.214.254 - - [28/May/2026:21:15:27 +0300] "GET /en/certificates HTTP/1.1" 200 6043 "https://playto.303in.top/" "Mozilla/5.0 (iPhone; CPU iPhone OS 18_2 like Mac OS X) AppleWebKit/605.1.15 (KHTML, like Gecko) Version/18.2 Mobile/15E148 Safari/604.1"
182.8.228.106 - - [28/May/2026:21:15:27 +0300] "GET /vendors/mapbox-gl/mapbox-gl.js HTTP/1.1" 200 195168 "-" "Mozilla/5.0 (iPhone; CPU iPhone OS 18_3_1 like Mac OS X) AppleWebKit/605.1.15 (KHTML, like Gecko) GSA/420.4.909430193 Mobile/15E148 Safari/604.1"
140.213.145.20 - - [28/May/2026:21:15:27 +0300] "GET /images/certificate/6183eec005104.png HTTP/1.1" 200 760196 "-" "Mozilla/5.0 (iPhone; CPU iPhone OS 18_4 like Mac OS X) AppleWebKit/605.1.15 (KHTML, like Gecko) Mobile/22E240 Safari/604.1 [FBAN/FBIOS;FBAV/562.0.0.61.70;FBBV/974804325;FBDV/iPhone14,5;FBMD/iPhone;FBSN/iOS;FBSV/18.4;FBSS/3;FBID/phone;FBLC/id_ID;FBOP/5;FBRV/980929708;IABMV/1]"
103.165.156.21 - - [28/May/2026:21:15:27 +0300] "GET /vendors/mapbox-gl/mapbox-gl.min.css HTTP/1.1" 200 4574 "https://cehaburo.com/en/certificates" "Mozilla/5.0 (Linux; Android 10; K) AppleWebKit/537.36 (KHTML, like Gecko) Chrome/138.0.0.0 Mobile Safari/537.36"
103.175.222.205 - - [28/May/2026:21:15:27 +0300] "GET /vendors/fontawesome-pro-5/webfonts/fa-regular-400.woff2 HTTP/1.1" 200 169597 "https://cehaburo.com/vendors/fontawesome-pro-5/css/all.css" "Mozilla/5.0 (Linux; Android 10; K) AppleWebKit/537.36 (KHTML, like Gecko) Chrome/144.0.0.0 Mobile Safari/537.36"
125.163.214.254 - - [28/May/2026:21:15:27 +0300] "GET /vendors/fontawesome-pro-5/css/all.css HTTP/1.1" 200 32906 "https://cehaburo.com/en/certificates" "Mozilla/5.0 (iPhone; CPU iPhone OS 18_2 like Mac OS X) AppleWebKit/605.1.15 (KHTML, like Gecko) Version/18.2 Mobile/15E148 Safari/604.1"
103.165.156.21 - - [28/May/2026:21:15:27 +0300] "GET /css/spacing.css HTTP/1.1" 200 10689 "https://cehaburo.com/en/certificates" "Mozilla/5.0 (Linux; Android 10; K) AppleWebKit/537.36 (KHTML, like Gecko) Chrome/138.0.0.0 Mobile Safari/537.36"
140.213.145.20 - - [28/May/2026:21:15:27 +0300] "GET /images/certificate/6183ef4b2e075.png HTTP/1.1" 200 697801 "-" "Mozilla/5.0 (iPhone; CPU iPhone OS 18_4 like Mac OS X) AppleWebKit/605.1.15 (KHTML, like Gecko) Mobile/22E240 Safari/604.1 [FBAN/FBIOS;FBAV/562.0.0.61.70;FBBV/974804325;FBDV/iPhone14,5;FBMD/iPhone;FBSN/iOS;FBSV/18.4;FBSS/3;FBID/phone;FBLC/id_ID;FBOP/5;FBRV/980929708;IABMV/1]"
114.10.47.58 - - [28/May/2026:21:15:28 +0300] "GET /vendors/bootstrap/bootstrap.bundle.js HTTP/1.1" 200 30407 "https://cehaburo.com/en/certificates" "Mozilla/5.0 (Linux; Android 10; K) AppleWebKit/537.36 (KHTML, like Gecko) Chrome/148.0.0.0 Mobile Safari/537.36"
103.165.156.21 - - [28/May/2026:21:15:28 +0300] "GET /css/themes.css HTTP/1.1" 200 56838 "https://cehaburo.com/en/certificates" "Mozilla/5.0 (Linux; Android 10; K) AppleWebKit/537.36 (KHTML, like Gecko) Chrome/138.0.0.0 Mobile Safari/537.36"
140.213.145.20 - - [28/May/2026:21:15:28 +0300] "GET /images/certificate/6183f17f21dae.jpg HTTP/1.1" 200 2362276 "-" "Mozilla/5.0 (iPhone; CPU iPhone OS 18_4 like Mac OS X) AppleWebKit/605.1.15 (KHTML, like Gecko) Mobile/22E240 Safari/604.1 [FBAN/FBIOS;FBAV/562.0.0.61.70;FBBV/974804325;FBDV/iPhone14,5;FBMD/iPhone;FBSN/iOS;FBSV/18.4;FBSS/3;FBID/phone;FBLC/id_ID;FBOP/5;FBRV/980929708;IABMV/1]"
182.2.177.22 - - [28/May/2026:21:15:28 +0300] "GET /images/logo/64b5226a99913.png HTTP/1.1" 200 20537 "https://cehaburo.com/en/certificates" "Mozilla/5.0 (Linux; Android 10; K) AppleWebKit/537.36 (KHTML, like Gecko) Chrome/148.0.0.0 Mobile Safari/537.36"
125.163.214.254 - - [28/May/2026:21:15:28 +0300] "GET /vendors/mapbox-gl/mapbox-gl.min.css HTTP/1.1" 200 4574 "https://cehaburo.com/en/certificates" "Mozilla/5.0 (iPhone; CPU iPhone OS 18_2 like Mac OS X) AppleWebKit/605.1.15 (KHTML, like Gecko) Version/18.2 Mobile/15E148 Safari/604.1"
114.10.47.58 - - [28/May/2026:21:15:28 +0300] "GET /vendors/bootstrap-select/js/bootstrap-select.min.js HTTP/1.1" 200 15945 "https://cehaburo.com/en/certificates" "Mozilla/5.0 (Linux; Android 10; K) AppleWebKit/537.36 (KHTML, like Gecko) Chrome/148.0.0.0 Mobile Safari/537.36"
103.165.156.21 - - [28/May/2026:21:15:28 +0300] "GET /css/responsive.css HTTP/1.1" 200 1057 "https://cehaburo.com/en/certificates" "Mozilla/5.0 (Linux; Android 10; K) AppleWebKit/537.36 (KHTML, like Gecko) Chrome/138.0.0.0 Mobile Safari/537.36"
182.2.177.22 - - [28/May/2026:21:15:28 +0300] "GET /images/logo/64b69cd526f8e.png HTTP/1.1" 200 10142 "https://cehaburo.com/en/certificates" "Mozilla/5.0 (Linux; Android 10; K) AppleWebKit/537.36 (KHTML, like Gecko) Chrome/148.0.0.0 Mobile Safari/537.36"
114.10.73.138 - - [28/May/2026:21:15:28 +0300] "GET /en/certificates HTTP/1.1" 200 6043 "-" "Mozilla/5.0 (iPhone; CPU iPhone OS 18_7_8 like Mac OS X) AppleWebKit/605.1.15 (KHTML, like Gecko) GSA/420.4.909430193 Mobile/15E148 Safari/604.1"
182.8.228.106 - - [28/May/2026:21:15:28 +0300] "GET /js/theme.js HTTP/1.1" 200 10908 "-" "Mozilla/5.0 (iPhone; CPU iPhone OS 18_3_1 like Mac OS X) AppleWebKit/605.1.15 (KHTML, like Gecko) GSA/420.4.909430193 Mobile/15E148 Safari/604.1"
125.163.214.254 - - [28/May/2026:21:15:28 +0300] "GET /css/spacing.css HTTP/1.1" 200 10689 "https://cehaburo.com/en/certificates" "Mozilla/5.0 (iPhone; CPU iPhone OS 18_2 like Mac OS X) AppleWebKit/605.1.15 (KHTML, like Gecko) Version/18.2 Mobile/15E148 Safari/604.1"
103.165.156.21 - - [28/May/2026:21:15:28 +0300] "GET /css/colors.css HTTP/1.1" 200 1926 "https://cehaburo.com/en/certificates" "Mozilla/5.0 (Linux; Android 10; K) AppleWebKit/537.36 (KHTML, like Gecko) Chrome/138.0.0.0 Mobile Safari/537.36"
114.10.47.58 - - [28/May/2026:21:15:28 +0300] "GET /vendors/slick/slick.min.js HTTP/1.1" 200 10442 "https://cehaburo.com/en/certificates" "Mozilla/5.0 (Linux; Android 10; K) AppleWebKit/537.36 (KHTML, like Gecko) Chrome/148.0.0.0 Mobile Safari/537.36"
182.2.177.22 - - [28/May/2026:21:15:29 +0300] "GET /images/logo/61cc6c04c5f8b.png HTTP/1.1" 200 11970 "https://cehaburo.com/en/certificates" "Mozilla/5.0 (Linux; Android 10; K) AppleWebKit/537.36 (KHTML, like Gecko) Chrome/148.0.0.0 Mobile Safari/537.36"
140.213.145.20 - - [28/May/2026:21:15:29 +0300] "GET /images/logo/64b5226a99913.png HTTP/1.1" 200 20537 "-" "Mozilla/5.0 (iPhone; CPU iPhone OS 18_4 like Mac OS X) AppleWebKit/605.1.15 (KHTML, like Gecko) Mobile/22E240 Safari/604.1 [FBAN/FBIOS;FBAV/562.0.0.61.70;FBBV/974804325;FBDV/iPhone14,5;FBMD/iPhone;FBSN/iOS;FBSV/18.4;FBSS/3;FBID/phone;FBLC/id_ID;FBOP/5;FBRV/980929708;IABMV/1]"
103.165.156.21 - - [28/May/2026:21:15:29 +0300] "GET /vendors/jquery.min.js HTTP/1.1" 200 30677 "https://cehaburo.com/en/certificates" "Mozilla/5.0 (Linux; Android 10; K) AppleWebKit/537.36 (KHTML, like Gecko) Chrome/138.0.0.0 Mobile Safari/537.36"
125.163.214.254 - - [28/May/2026:21:15:29 +0300] "GET /css/themes.css HTTP/1.1" 200 56838 "https://cehaburo.com/en/certificates" "Mozilla/5.0 (iPhone; CPU iPhone OS 18_2 like Mac OS X) AppleWebKit/605.1.15 (KHTML, like Gecko) Version/18.2 Mobile/15E148 Safari/604.1"
140.213.145.20 - - [28/May/2026:21:15:29 +0300] "GET /images/logo/64b69cd526f8e.png HTTP/1.1" 200 10142 "-" "Mozilla/5.0 (iPhone; CPU iPhone OS 18_4 like Mac OS X) AppleWebKit/605.1.15 (KHTML, like Gecko) Mobile/22E240 Safari/604.1 [FBAN/FBIOS;FBAV/562.0.0.61.70;FBBV/974804325;FBDV/iPhone14,5;FBMD/iPhone;FBSN/iOS;FBSV/18.4;FBSS/3;FBID/phone;FBLC/id_ID;FBOP/5;FBRV/980929708;IABMV/1]"
103.165.156.21 - - [28/May/2026:21:15:29 +0300] "GET /images/logo/logo.png HTTP/1.1" 200 4478 "https://cehaburo.com/en/certificates" "Mozilla/5.0 (Linux; Android 10; K) AppleWebKit/537.36 (KHTML, like Gecko) Chrome/138.0.0.0 Mobile Safari/537.36"
182.2.177.22 - - [28/May/2026:21:15:29 +0300] "GET /images/logo/61cc6bdb9a67b.png HTTP/1.1" 200 10573 "https://cehaburo.com/en/certificates" "Mozilla/5.0 (Linux; Android 10; K) AppleWebKit/537.36 (KHTML, like Gecko) Chrome/148.0.0.0 Mobile Safari/537.36"
114.10.47.58 - - [28/May/2026:21:15:29 +0300] "GET /vendors/waypoints/jquery.waypoints.min.js HTTP/1.1" 200 2615 "https://cehaburo.com/en/certificates" "Mozilla/5.0 (Linux; Android 10; K) AppleWebKit/537.36 (KHTML, like Gecko) Chrome/148.0.0.0 Mobile Safari/537.36"
140.213.145.20 - - [28/May/2026:21:15:29 +0300] "GET /images/logo/61cc6c04c5f8b.png HTTP/1.1" 200 11970 "-" "Mozilla/5.0 (iPhone; CPU iPhone OS 18_4 like Mac OS X) AppleWebKit/605.1.15 (KHTML, like Gecko) Mobile/22E240 Safari/604.1 [FBAN/FBIOS;FBAV/562.0.0.61.70;FBBV/974804325;FBDV/iPhone14,5;FBMD/iPhone;FBSN/iOS;FBSV/18.4;FBSS/3;FBID/phone;FBLC/id_ID;FBOP/5;FBRV/980929708;IABMV/1]"
182.2.177.22 - - [28/May/2026:21:15:29 +0300] "GET /images/logo/68cd70d486515.png HTTP/1.1" 200 11456 "https://cehaburo.com/en/certificates" "Mozilla/5.0 (Linux; Android 10; K) AppleWebKit/537.36 (KHTML, like Gecko) Chrome/148.0.0.0 Mobile Safari/537.36"
125.163.214.254 - - [28/May/2026:21:15:29 +0300] "GET /css/responsive.css HTTP/1.1" 200 1057 "https://cehaburo.com/en/certificates" "Mozilla/5.0 (iPhone; CPU iPhone OS 18_2 like Mac OS X) AppleWebKit/605.1.15 (KHTML, like Gecko) Version/18.2 Mobile/15E148 Safari/604.1"
140.213.145.20 - - [28/May/2026:21:15:29 +0300] "GET /images/logo/61cc6bdb9a67b.png HTTP/1.1" 200 10573 "-" "Mozilla/5.0 (iPhone; CPU iPhone OS 18_4 like Mac OS X) AppleWebKit/605.1.15 (KHTML, like Gecko) Mobile/22E240 Safari/604.1 [FBAN/FBIOS;FBAV/562.0.0.61.70;FBBV/974804325;FBDV/iPhone14,5;FBMD/iPhone;FBSN/iOS;FBSV/18.4;FBSS/3;FBID/phone;FBLC/id_ID;FBOP/5;FBRV/980929708;IABMV/1]"
114.10.47.58 - - [28/May/2026:21:15:29 +0300] "GET /vendors/counter/countUp.js HTTP/1.1" 200 1392 "https://cehaburo.com/en/certificates" "Mozilla/5.0 (Linux; Android 10; K) AppleWebKit/537.36 (KHTML, like Gecko) Chrome/148.0.0.0 Mobile Safari/537.36"
182.2.177.22 - - [28/May/2026:21:15:30 +0300] "GET /images/logo/61cc6bce93429.png HTTP/1.1" 200 11689 "https://cehaburo.com/en/certificates" "Mozilla/5.0 (Linux; Android 10; K) AppleWebKit/537.36 (KHTML, like Gecko) Chrome/148.0.0.0 Mobile Safari/537.36"
103.165.156.21 - - [28/May/2026:21:15:29 +0300] "GET /images/certificate/61fb7f85b8bcd.jpg HTTP/1.1" 200 1304329 "https://cehaburo.com/en/certificates" "Mozilla/5.0 (Linux; Android 10; K) AppleWebKit/537.36 (KHTML, like Gecko) Chrome/138.0.0.0 Mobile Safari/537.36"
125.163.214.254 - - [28/May/2026:21:15:30 +0300] "GET /css/colors.css HTTP/1.1" 200 1926 "https://cehaburo.com/en/certificates" "Mozilla/5.0 (iPhone; CPU iPhone OS 18_2 like Mac OS X) AppleWebKit/605.1.15 (KHTML, like Gecko) Version/18.2 Mobile/15E148 Safari/604.1"
140.213.145.20 - - [28/May/2026:21:15:30 +0300] "GET /images/logo/68cd70d486515.png HTTP/1.1" 200 11456 "-" "Mozilla/5.0 (iPhone; CPU iPhone OS 18_4 like Mac OS X) AppleWebKit/605.1.15 (KHTML, like Gecko) Mobile/22E240 Safari/604.1 [FBAN/FBIOS;FBAV/562.0.0.61.70;FBBV/974804325;FBDV/iPhone14,5;FBMD/iPhone;FBSN/iOS;FBSV/18.4;FBSS/3;FBID/phone;FBLC/id_ID;FBOP/5;FBRV/980929708;IABMV/1]"
114.10.47.58 - - [28/May/2026:21:15:30 +0300] "GET /vendors/magnific-popup/jquery.magnific-popup.min.js HTTP/1.1" 200 7292 "https://cehaburo.com/en/certificates" "Mozilla/5.0 (Linux; Android 10; K) AppleWebKit/537.36 (KHTML, like Gecko) Chrome/148.0.0.0 Mobile Safari/537.36"
182.2.177.22 - - [28/May/2026:21:15:30 +0300] "GET /images/favicon.html HTTP/1.1" 200 169 "https://cehaburo.com/en/certificates" "Mozilla/5.0 (Linux; Android 10; K) AppleWebKit/537.36 (KHTML, like Gecko) Chrome/148.0.0.0 Mobile Safari/537.36"
125.163.214.254 - - [28/May/2026:21:15:30 +0300] "GET /vendors/jquery.min.js HTTP/1.1" 200 30677 "https://cehaburo.com/en/certificates" "Mozilla/5.0 (iPhone; CPU iPhone OS 18_2 like Mac OS X) AppleWebKit/605.1.15 (KHTML, like Gecko) Version/18.2 Mobile/15E148 Safari/604.1"
140.213.145.20 - - [28/May/2026:21:15:30 +0300] "GET /images/logo/61cc6bce93429.png HTTP/1.1" 200 11689 "-" "Mozilla/5.0 (iPhone; CPU iPhone OS 18_4 like Mac OS X) AppleWebKit/605.1.15 (KHTML, like Gecko) Mobile/22E240 Safari/604.1 [FBAN/FBIOS;FBAV/562.0.0.61.70;FBBV/974804325;FBDV/iPhone14,5;FBMD/iPhone;FBSN/iOS;FBSV/18.4;FBSS/3;FBID/phone;FBLC/id_ID;FBOP/5;FBRV/980929708;IABMV/1]"
125.163.214.254 - - [28/May/2026:21:15:30 +0300] "GET /vendors/jquery-ui/jquery-ui.min.js HTTP/1.1" 200 67971 "https://cehaburo.com/en/certificates" "Mozilla/5.0 (iPhone; CPU iPhone OS 18_2 like Mac OS X) AppleWebKit/605.1.15 (KHTML, like Gecko) Version/18.2 Mobile/15E148 Safari/604.1"
182.2.177.22 - - [28/May/2026:21:15:30 +0300] "GET /images/favicon.png HTTP/1.1" 200 3753 "https://cehaburo.com/en/certificates" "Mozilla/5.0 (Linux; Android 10; K) AppleWebKit/537.36 (KHTML, like Gecko) Chrome/148.0.0.0 Mobile Safari/537.36"
103.190.46.138 - - [28/May/2026:21:15:31 +0300] "GET /en/certificates HTTP/1.1" 200 6043 "-" "Mozilla/5.0 (iPhone; CPU iPhone OS 26_3_1 like Mac OS X) AppleWebKit/605.1.15 (KHTML, like Gecko) GSA/420.4.909430193 Mobile/15E148 Safari/604.1"
125.163.214.254 - - [28/May/2026:21:15:31 +0300] "GET /vendors/bootstrap/bootstrap.bundle.js HTTP/1.1" 200 30407 "https://cehaburo.com/en/certificates" "Mozilla/5.0 (iPhone; CPU iPhone OS 18_2 like Mac OS X) AppleWebKit/605.1.15 (KHTML, like Gecko) Version/18.2 Mobile/15E148 Safari/604.1"
114.10.71.161 - - [28/May/2026:21:15:27 +0300] "GET /images/certificate/6183f17f21dae.jpg HTTP/1.1" 200 2362276 "https://cehaburo.com/en/certificates" "Mozilla/5.0 (Linux; Android 10; K) AppleWebKit/537.36 (KHTML, like Gecko) SamsungBrowser/29.0 Chrome/136.0.0.0 Mobile Safari/537.36"
125.163.214.254 - - [28/May/2026:21:15:31 +0300] "GET /vendors/bootstrap-select/js/bootstrap-select.min.js HTTP/1.1" 200 15945 "https://cehaburo.com/en/certificates" "Mozilla/5.0 (iPhone; CPU iPhone OS 18_2 like Mac OS X) AppleWebKit/605.1.15 (KHTML, like Gecko) Version/18.2 Mobile/15E148 Safari/604.1"
103.165.156.21 - - [28/May/2026:21:15:31 +0300] "GET /vendors/jquery-ui/jquery-ui.min.js HTTP/1.1" 200 67971 "https://cehaburo.com/en/certificates" "Mozilla/5.0 (Linux; Android 10; K) AppleWebKit/537.36 (KHTML, like Gecko) Chrome/138.0.0.0 Mobile Safari/537.36"
125.163.214.254 - - [28/May/2026:21:15:31 +0300] "GET /vendors/slick/slick.min.js HTTP/1.1" 200 10442 "https://cehaburo.com/en/certificates" "Mozilla/5.0 (iPhone; CPU iPhone OS 18_2 like Mac OS X) AppleWebKit/605.1.15 (KHTML, like Gecko) Version/18.2 Mobile/15E148 Safari/604.1"
103.165.156.21 - - [28/May/2026:21:15:31 +0300] "GET /vendors/bootstrap/bootstrap.bundle.js HTTP/1.1" 200 30407 "https://cehaburo.com/en/certificates" "Mozilla/5.0 (Linux; Android 10; K) AppleWebKit/537.36 (KHTML, like Gecko) Chrome/138.0.0.0 Mobile Safari/537.36"
125.163.214.254 - - [28/May/2026:21:15:32 +0300] "GET /vendors/waypoints/jquery.waypoints.min.js HTTP/1.1" 200 2615 "https://cehaburo.com/en/certificates" "Mozilla/5.0 (iPhone; CPU iPhone OS 18_2 like Mac OS X) AppleWebKit/605.1.15 (KHTML, like Gecko) Version/18.2 Mobile/15E148 Safari/604.1"
140.213.10.219 - - [28/May/2026:21:15:32 +0300] "GET /en/certificates HTTP/1.1" 200 6043 "-" "Mozilla/5.0 (iPhone; CPU iPhone OS 18_7_9 like Mac OS X) AppleWebKit/605.1.15 (KHTML, like Gecko) GSA/420.4.909430193 Mobile/15E148 Safari/604.1"
103.165.156.21 - - [28/May/2026:21:15:32 +0300] "GET /vendors/bootstrap-select/js/bootstrap-select.min.js HTTP/1.1" 200 15945 "https://cehaburo.com/en/certificates" "Mozilla/5.0 (Linux; Android 10; K) AppleWebKit/537.36 (KHTML, like Gecko) Chrome/138.0.0.0 Mobile Safari/537.36"
114.10.71.161 - - [28/May/2026:21:15:32 +0300] "GET /images/logo/64b5226a99913.png HTTP/1.1" 200 20537 "https://cehaburo.com/en/certificates" "Mozilla/5.0 (Linux; Android 10; K) AppleWebKit/537.36 (KHTML, like Gecko) SamsungBrowser/29.0 Chrome/136.0.0.0 Mobile Safari/537.36"
125.163.214.254 - - [28/May/2026:21:15:32 +0300] "GET /vendors/counter/countUp.js HTTP/1.1" 200 1392 "https://cehaburo.com/en/certificates" "Mozilla/5.0 (iPhone; CPU iPhone OS 18_2 like Mac OS X) AppleWebKit/605.1.15 (KHTML, like Gecko) Version/18.2 Mobile/15E148 Safari/604.1"
103.165.156.21 - - [28/May/2026:21:15:32 +0300] "GET /vendors/slick/slick.min.js HTTP/1.1" 200 10442 "https://cehaburo.com/en/certificates" "Mozilla/5.0 (Linux; Android 10; K) AppleWebKit/537.36 (KHTML, like Gecko) Chrome/138.0.0.0 Mobile Safari/537.36"
114.10.47.58 - - [28/May/2026:21:15:32 +0300] "GET /vendors/hc-sticky/hc-sticky.min.js HTTP/1.1" 200 4015 "https://cehaburo.com/en/certificates" "Mozilla/5.0 (Linux; Android 10; K) AppleWebKit/537.36 (KHTML, like Gecko) Chrome/148.0.0.0 Mobile Safari/537.36"
114.10.71.161 - - [28/May/2026:21:15:32 +0300] "GET /images/logo/64b69cd526f8e.png HTTP/1.1" 200 10142 "https://cehaburo.com/en/certificates" "Mozilla/5.0 (Linux; Android 10; K) AppleWebKit/537.36 (KHTML, like Gecko) SamsungBrowser/29.0 Chrome/136.0.0.0 Mobile Safari/537.36"
103.165.156.21 - - [28/May/2026:21:15:32 +0300] "GET /vendors/waypoints/jquery.waypoints.min.js HTTP/1.1" 200 2615 "https://cehaburo.com/en/certificates" "Mozilla/5.0 (Linux; Android 10; K) AppleWebKit/537.36 (KHTML, like Gecko) Chrome/138.0.0.0 Mobile Safari/537.36"
125.163.214.254 - - [28/May/2026:21:15:32 +0300] "GET /vendors/magnific-popup/jquery.magnific-popup.min.js HTTP/1.1" 200 7292 "https://cehaburo.com/en/certificates" "Mozilla/5.0 (iPhone; CPU iPhone OS 18_2 like Mac OS X) AppleWebKit/605.1.15 (KHTML, like Gecko) Version/18.2 Mobile/15E148 Safari/604.1"
114.10.47.58 - - [28/May/2026:21:15:32 +0300] "GET /vendors/jparallax/TweenMax.min.js HTTP/1.1" 200 39768 "https://cehaburo.com/en/certificates" "Mozilla/5.0 (Linux; Android 10; K) AppleWebKit/537.36 (KHTML, like Gecko) Chrome/148.0.0.0 Mobile Safari/537.36"
114.10.71.161 - - [28/May/2026:21:15:32 +0300] "GET /images/logo/61cc6c04c5f8b.png HTTP/1.1" 200 11970 "https://cehaburo.com/en/certificates" "Mozilla/5.0 (Linux; Android 10; K) AppleWebKit/537.36 (KHTML, like Gecko) SamsungBrowser/29.0 Chrome/136.0.0.0 Mobile Safari/537.36"
103.165.156.21 - - [28/May/2026:21:15:32 +0300] "GET /vendors/counter/countUp.js HTTP/1.1" 200 1392 "https://cehaburo.com/en/certificates" "Mozilla/5.0 (Linux; Android 10; K) AppleWebKit/537.36 (KHTML, like Gecko) Chrome/138.0.0.0 Mobile Safari/537.36"
140.213.10.219 - - [28/May/2026:21:15:33 +0300] "GET /vendors/fontawesome-pro-5/css/all.css HTTP/1.1" 200 32906 "https://cehaburo.com/en/certificates" "Mozilla/5.0 (iPhone; CPU iPhone OS 18_7_9 like Mac OS X) AppleWebKit/605.1.15 (KHTML, like Gecko) GSA/420.4.909430193 Mobile/15E148 Safari/604.1"
125.163.214.254 - - [28/May/2026:21:15:33 +0300] "GET /vendors/hc-sticky/hc-sticky.min.js HTTP/1.1" 200 4015 "https://cehaburo.com/en/certificates" "Mozilla/5.0 (iPhone; CPU iPhone OS 18_2 like Mac OS X) AppleWebKit/605.1.15 (KHTML, like Gecko) Version/18.2 Mobile/15E148 Safari/604.1"
103.165.156.21 - - [28/May/2026:21:15:33 +0300] "GET /vendors/magnific-popup/jquery.magnific-popup.min.js HTTP/1.1" 200 7292 "https://cehaburo.com/en/certificates" "Mozilla/5.0 (Linux; Android 10; K) AppleWebKit/537.36 (KHTML, like Gecko) Chrome/138.0.0.0 Mobile Safari/537.36"
103.156.75.159 - - [28/May/2026:21:15:33 +0300] "GET /en/certificates HTTP/1.1" 200 6043 "-" "Mozilla/5.0 (iPhone; CPU iPhone OS 18_6_2 like Mac OS X) AppleWebKit/605.1.15 (KHTML, like Gecko) Version/18.6 Mobile/15E148 Safari/604.1"
114.10.71.161 - - [28/May/2026:21:15:33 +0300] "GET /images/logo/61cc6bdb9a67b.png HTTP/1.1" 200 10573 "https://cehaburo.com/en/certificates" "Mozilla/5.0 (Linux; Android 10; K) AppleWebKit/537.36 (KHTML, like Gecko) SamsungBrowser/29.0 Chrome/136.0.0.0 Mobile Safari/537.36"
125.163.214.254 - - [28/May/2026:21:15:33 +0300] "GET /vendors/jparallax/TweenMax.min.js HTTP/1.1" 200 39768 "https://cehaburo.com/en/certificates" "Mozilla/5.0 (iPhone; CPU iPhone OS 18_2 like Mac OS X) AppleWebKit/605.1.15 (KHTML, like Gecko) Version/18.2 Mobile/15E148 Safari/604.1"
103.165.156.21 - - [28/May/2026:21:15:33 +0300] "GET /vendors/hc-sticky/hc-sticky.min.js HTTP/1.1" 200 4015 "https://cehaburo.com/en/certificates" "Mozilla/5.0 (Linux; Android 10; K) AppleWebKit/537.36 (KHTML, like Gecko) Chrome/138.0.0.0 Mobile Safari/537.36"
140.213.10.219 - - [28/May/2026:21:15:33 +0300] "GET /vendors/mapbox-gl/mapbox-gl.min.css HTTP/1.1" 200 4574 "https://cehaburo.com/en/certificates" "Mozilla/5.0 (iPhone; CPU iPhone OS 18_7_9 like Mac OS X) AppleWebKit/605.1.15 (KHTML, like Gecko) GSA/420.4.909430193 Mobile/15E148 Safari/604.1"
114.10.71.161 - - [28/May/2026:21:15:33 +0300] "GET /images/logo/68cd70d486515.png HTTP/1.1" 200 11456 "https://cehaburo.com/en/certificates" "Mozilla/5.0 (Linux; Android 10; K) AppleWebKit/537.36 (KHTML, like Gecko) SamsungBrowser/29.0 Chrome/136.0.0.0 Mobile Safari/537.36"
114.10.47.58 - - [28/May/2026:21:15:33 +0300] "GET /vendors/mapbox-gl/mapbox-gl.js HTTP/1.1" 200 195168 "https://cehaburo.com/en/certificates" "Mozilla/5.0 (Linux; Android 10; K) AppleWebKit/537.36 (KHTML, like Gecko) Chrome/148.0.0.0 Mobile Safari/537.36"
103.165.156.21 - - [28/May/2026:21:15:33 +0300] "GET /vendors/jparallax/TweenMax.min.js HTTP/1.1" 200 39768 "https://cehaburo.com/en/certificates" "Mozilla/5.0 (Linux; Android 10; K) AppleWebKit/537.36 (KHTML, like Gecko) Chrome/138.0.0.0 Mobile Safari/537.36"
125.163.214.254 - - [28/May/2026:21:15:33 +0300] "GET /vendors/mapbox-gl/mapbox-gl.js HTTP/1.1" 200 195168 "https://cehaburo.com/en/certificates" "Mozilla/5.0 (iPhone; CPU iPhone OS 18_2 like Mac OS X) AppleWebKit/605.1.15 (KHTML, like Gecko) Version/18.2 Mobile/15E148 Safari/604.1"
140.213.10.219 - - [28/May/2026:21:15:33 +0300] "GET /css/spacing.css HTTP/1.1" 200 10689 "https://cehaburo.com/en/certificates" "Mozilla/5.0 (iPhone; CPU iPhone OS 18_7_9 like Mac OS X) AppleWebKit/605.1.15 (KHTML, like Gecko) GSA/420.4.909430193 Mobile/15E148 Safari/604.1"
114.10.71.161 - - [28/May/2026:21:15:33 +0300] "GET /images/logo/61cc6bce93429.png HTTP/1.1" 200 11689 "https://cehaburo.com/en/certificates" "Mozilla/5.0 (Linux; Android 10; K) AppleWebKit/537.36 (KHTML, like Gecko) SamsungBrowser/29.0 Chrome/136.0.0.0 Mobile Safari/537.36"
103.165.156.21 - - [28/May/2026:21:15:33 +0300] "GET /vendors/mapbox-gl/mapbox-gl.js HTTP/1.1" 200 195168 "https://cehaburo.com/en/certificates" "Mozilla/5.0 (Linux; Android 10; K) AppleWebKit/537.36 (KHTML, like Gecko) Chrome/138.0.0.0 Mobile Safari/537.36"
114.10.134.158 - - [28/May/2026:21:15:27 +0300] "GET /images/certificate/61fb7f85b8bcd.jpg HTTP/1.1" 200 1304329 "https://cehaburo.com/en/certificates" "Mozilla/5.0 (Linux; Android 10; K) AppleWebKit/537.36 (KHTML, like Gecko) Chrome/148.0.0.0 Mobile Safari/537.36"
140.213.10.219 - - [28/May/2026:21:15:34 +0300] "GET /css/themes.css HTTP/1.1" 200 56838 "https://cehaburo.com/en/certificates" "Mozilla/5.0 (iPhone; CPU iPhone OS 18_7_9 like Mac OS X) AppleWebKit/605.1.15 (KHTML, like Gecko) GSA/420.4.909430193 Mobile/15E148 Safari/604.1"
114.10.71.161 - - [28/May/2026:21:15:34 +0300] "GET /images/favicon.html HTTP/1.1" 200 169 "https://cehaburo.com/en/certificates" "Mozilla/5.0 (Linux; Android 10; K) AppleWebKit/537.36 (KHTML, like Gecko) SamsungBrowser/29.0 Chrome/136.0.0.0 Mobile Safari/537.36"
114.10.47.58 - - [28/May/2026:21:15:34 +0300] "GET /js/theme.js HTTP/1.1" 200 10908 "https://cehaburo.com/en/certificates" "Mozilla/5.0 (Linux; Android 10; K) AppleWebKit/537.36 (KHTML, like Gecko) Chrome/148.0.0.0 Mobile Safari/537.36"
114.10.71.161 - - [28/May/2026:21:15:34 +0300] "GET /images/favicon.png HTTP/1.1" 200 3753 "https://cehaburo.com/en/certificates" "Mozilla/5.0 (Linux; Android 10; K) AppleWebKit/537.36 (KHTML, like Gecko) SamsungBrowser/29.0 Chrome/136.0.0.0 Mobile Safari/537.36"
140.213.10.219 - - [28/May/2026:21:15:34 +0300] "GET /css/responsive.css HTTP/1.1" 200 1057 "https://cehaburo.com/en/certificates" "Mozilla/5.0 (iPhone; CPU iPhone OS 18_7_9 like Mac OS X) AppleWebKit/605.1.15 (KHTML, like Gecko) GSA/420.4.909430193 Mobile/15E148 Safari/604.1"
114.10.47.58 - - [28/May/2026:21:15:34 +0300] "GET /vendors/fontawesome-pro-5/webfonts/fa-light-300.woff2 HTTP/1.1" 200 185394 "https://cehaburo.com/vendors/fontawesome-pro-5/css/all.css" "Mozilla/5.0 (Linux; Android 10; K) AppleWebKit/537.36 (KHTML, like Gecko) Chrome/148.0.0.0 Mobile Safari/537.36"
140.213.10.219 - - [28/May/2026:21:15:35 +0300] "GET /css/colors.css HTTP/1.1" 200 1926 "https://cehaburo.com/en/certificates" "Mozilla/5.0 (iPhone; CPU iPhone OS 18_7_9 like Mac OS X) AppleWebKit/605.1.15 (KHTML, like Gecko) GSA/420.4.909430193 Mobile/15E148 Safari/604.1"
103.150.226.29 - - [28/May/2026:21:15:35 +0300] "GET /css/spacing.css HTTP/1.1" 200 10689 "https://cehaburo.com/en/certificates" "Mozilla/5.0 (Windows NT 10.0; WOW64; rv:66.0) Gecko/20100101 Firefox/66.0"
125.163.214.254 - - [28/May/2026:21:15:35 +0300] "GET /js/theme.js HTTP/1.1" 200 10908 "https://cehaburo.com/en/certificates" "Mozilla/5.0 (iPhone; CPU iPhone OS 18_2 like Mac OS X) AppleWebKit/605.1.15 (KHTML, like Gecko) Version/18.2 Mobile/15E148 Safari/604.1"
140.213.10.219 - - [28/May/2026:21:15:35 +0300] "GET /vendors/jquery.min.js HTTP/1.1" 200 30677 "https://cehaburo.com/en/certificates" "Mozilla/5.0 (iPhone; CPU iPhone OS 18_7_9 like Mac OS X) AppleWebKit/605.1.15 (KHTML, like Gecko) GSA/420.4.909430193 Mobile/15E148 Safari/604.1"
140.213.10.219 - - [28/May/2026:21:15:35 +0300] "GET /vendors/jquery-ui/jquery-ui.min.js HTTP/1.1" 200 67971 "https://cehaburo.com/en/certificates" "Mozilla/5.0 (iPhone; CPU iPhone OS 18_7_9 like Mac OS X) AppleWebKit/605.1.15 (KHTML, like Gecko) GSA/420.4.909430193 Mobile/15E148 Safari/604.1"
140.213.10.219 - - [28/May/2026:21:15:35 +0300] "GET /vendors/bootstrap/bootstrap.bundle.js HTTP/1.1" 200 30407 "https://cehaburo.com/en/certificates" "Mozilla/5.0 (iPhone; CPU iPhone OS 18_7_9 like Mac OS X) AppleWebKit/605.1.15 (KHTML, like Gecko) GSA/420.4.909430193 Mobile/15E148 Safari/604.1"
114.10.47.58 - - [28/May/2026:21:15:36 +0300] "GET /vendors/fontawesome-pro-5/webfonts/fa-regular-400.woff2 HTTP/1.1" 200 169597 "https://cehaburo.com/vendors/fontawesome-pro-5/css/all.css" "Mozilla/5.0 (Linux; Android 10; K) AppleWebKit/537.36 (KHTML, like Gecko) Chrome/148.0.0.0 Mobile Safari/537.36"
182.2.76.126 - - [28/May/2026:21:15:36 +0300] "GET /en/certificates HTTP/1.1" 200 6043 "-" "Mozilla/5.0 (iPhone; CPU iPhone OS 18_7 like Mac OS X) AppleWebKit/605.1.15 (KHTML, like Gecko) Mobile/15E148"
140.213.10.219 - - [28/May/2026:21:15:36 +0300] "GET /vendors/bootstrap-select/js/bootstrap-select.min.js HTTP/1.1" 200 15945 "https://cehaburo.com/en/certificates" "Mozilla/5.0 (iPhone; CPU iPhone OS 18_7_9 like Mac OS X) AppleWebKit/605.1.15 (KHTML, like Gecko) GSA/420.4.909430193 Mobile/15E148 Safari/604.1"
114.10.47.58 - - [28/May/2026:21:15:26 +0300] "GET /images/certificate/61fb7f85b8bcd.jpg HTTP/1.1" 200 1304329 "https://cehaburo.com/en/certificates" "Mozilla/5.0 (Linux; Android 10; K) AppleWebKit/537.36 (KHTML, like Gecko) Chrome/148.0.0.0 Mobile Safari/537.36"
182.8.100.245 - - [28/May/2026:21:15:36 +0300] "GET /en/certificates HTTP/1.1" 200 6043 "-" "Mozilla/5.0 (iPhone; CPU iPhone OS 18_7 like Mac OS X) AppleWebKit/605.1.15 (KHTML, like Gecko) Mobile/15E148"
103.165.156.21 - - [28/May/2026:21:15:36 +0300] "GET /js/theme.js HTTP/1.1" 200 10908 "https://cehaburo.com/en/certificates" "Mozilla/5.0 (Linux; Android 10; K) AppleWebKit/537.36 (KHTML, like Gecko) Chrome/138.0.0.0 Mobile Safari/537.36"
140.213.10.219 - - [28/May/2026:21:15:36 +0300] "GET /vendors/slick/slick.min.js HTTP/1.1" 200 10442 "https://cehaburo.com/en/certificates" "Mozilla/5.0 (iPhone; CPU iPhone OS 18_7_9 like Mac OS X) AppleWebKit/605.1.15 (KHTML, like Gecko) GSA/420.4.909430193 Mobile/15E148 Safari/604.1"
103.165.156.21 - - [28/May/2026:21:15:36 +0300] "GET /vendors/fontawesome-pro-5/webfonts/fa-light-300.woff2 HTTP/1.1" 200 185394 "https://cehaburo.com/vendors/fontawesome-pro-5/css/all.css" "Mozilla/5.0 (Linux; Android 10; K) AppleWebKit/537.36 (KHTML, like Gecko) Chrome/138.0.0.0 Mobile Safari/537.36"
140.213.10.219 - - [28/May/2026:21:15:37 +0300] "GET /vendors/waypoints/jquery.waypoints.min.js HTTP/1.1" 200 2615 "https://cehaburo.com/en/certificates" "Mozilla/5.0 (iPhone; CPU iPhone OS 18_7_9 like Mac OS X) AppleWebKit/605.1.15 (KHTML, like Gecko) GSA/420.4.909430193 Mobile/15E148 Safari/604.1"
103.165.156.21 - - [28/May/2026:21:15:37 +0300] "GET /vendors/fontawesome-pro-5/webfonts/fa-regular-400.woff2 HTTP/1.1" 200 169597 "https://cehaburo.com/vendors/fontawesome-pro-5/css/all.css" "Mozilla/5.0 (Linux; Android 10; K) AppleWebKit/537.36 (KHTML, like Gecko) Chrome/138.0.0.0 Mobile Safari/537.36"
140.213.10.219 - - [28/May/2026:21:15:37 +0300] "GET /vendors/counter/countUp.js HTTP/1.1" 200 1392 "https://cehaburo.com/en/certificates" "Mozilla/5.0 (iPhone; CPU iPhone OS 18_7_9 like Mac OS X) AppleWebKit/605.1.15 (KHTML, like Gecko) GSA/420.4.909430193 Mobile/15E148 Safari/604.1"
140.213.10.219 - - [28/May/2026:21:15:37 +0300] "GET /vendors/magnific-popup/jquery.magnific-popup.min.js HTTP/1.1" 200 7292 "https://cehaburo.com/en/certificates" "Mozilla/5.0 (iPhone; CPU iPhone OS 18_7_9 like Mac OS X) AppleWebKit/605.1.15 (KHTML, like Gecko) GSA/420.4.909430193 Mobile/15E148 Safari/604.1"
103.28.113.35 - - [28/May/2026:21:15:37 +0300] "GET /vendors/fontawesome-pro-5/webfonts/fa-regular-400.woff2 HTTP/1.1" 200 169597 "https://cehaburo.com/en/certificates" "Mozilla/5.0 (iPhone; CPU iPhone OS 18_7 like Mac OS X) AppleWebKit/605.1.15 (KHTML, like Gecko) Version/26.5 Mobile/15E148 Safari/604.1"
140.213.10.219 - - [28/May/2026:21:15:38 +0300] "GET /vendors/hc-sticky/hc-sticky.min.js HTTP/1.1" 200 4015 "https://cehaburo.com/en/certificates" "Mozilla/5.0 (iPhone; CPU iPhone OS 18_7_9 like Mac OS X) AppleWebKit/605.1.15 (KHTML, like Gecko) GSA/420.4.909430193 Mobile/15E148 Safari/604.1"
103.165.156.21 - - [28/May/2026:21:15:38 +0300] "GET /vendors/fontawesome-pro-5/webfonts/fa-brands-400.woff2 HTTP/1.1" 200 76526 "https://cehaburo.com/vendors/fontawesome-pro-5/css/all.css" "Mozilla/5.0 (Linux; Android 10; K) AppleWebKit/537.36 (KHTML, like Gecko) Chrome/138.0.0.0 Mobile Safari/537.36"
140.213.10.219 - - [28/May/2026:21:15:38 +0300] "GET /vendors/jparallax/TweenMax.min.js HTTP/1.1" 200 39768 "https://cehaburo.com/en/certificates" "Mozilla/5.0 (iPhone; CPU iPhone OS 18_7_9 like Mac OS X) AppleWebKit/605.1.15 (KHTML, like Gecko) GSA/420.4.909430193 Mobile/15E148 Safari/604.1"
103.165.156.21 - - [28/May/2026:21:15:38 +0300] "GET /images/certificate/6183ee2a63e5c.png HTTP/1.1" 200 794394 "https://cehaburo.com/en/certificates" "Mozilla/5.0 (Linux; Android 10; K) AppleWebKit/537.36 (KHTML, like Gecko) Chrome/138.0.0.0 Mobile Safari/537.36"
103.150.226.29 - - [28/May/2026:21:15:38 +0300] "GET /vendors/mapbox-gl/mapbox-gl.min.css HTTP/1.1" 200 4574 "https://cehaburo.com/en/certificates" "Mozilla/5.0 (Windows NT 10.0; WOW64; rv:66.0) Gecko/20100101 Firefox/66.0"
182.9.36.40 - - [28/May/2026:21:15:38 +0300] "GET /en/certificates HTTP/1.1" 200 6043 "-" "Mozilla/5.0 (iPhone; CPU iPhone OS 18_7 like Mac OS X) AppleWebKit/605.1.15 (KHTML, like Gecko) Mobile/15E148"
140.213.10.219 - - [28/May/2026:21:15:38 +0300] "GET /vendors/mapbox-gl/mapbox-gl.js HTTP/1.1" 200 195168 "https://cehaburo.com/en/certificates" "Mozilla/5.0 (iPhone; CPU iPhone OS 18_7_9 like Mac OS X) AppleWebKit/605.1.15 (KHTML, like Gecko) GSA/420.4.909430193 Mobile/15E148 Safari/604.1"
140.213.10.219 - - [28/May/2026:21:15:39 +0300] "GET /js/theme.js HTTP/1.1" 200 10908 "https://cehaburo.com/en/certificates" "Mozilla/5.0 (iPhone; CPU iPhone OS 18_7_9 like Mac OS X) AppleWebKit/605.1.15 (KHTML, like Gecko) GSA/420.4.909430193 Mobile/15E148 Safari/604.1"
103.165.156.21 - - [28/May/2026:21:15:40 +0300] "GET /images/certificate/6183eec005104.png HTTP/1.1" 200 760196 "https://cehaburo.com/en/certificates" "Mozilla/5.0 (Linux; Android 10; K) AppleWebKit/537.36 (KHTML, like Gecko) Chrome/138.0.0.0 Mobile Safari/537.36"
140.213.10.219 - - [28/May/2026:21:15:40 +0300] "GET /images/logo/logo.png HTTP/1.1" 200 4478 "https://cehaburo.com/en/certificates" "Mozilla/5.0 (iPhone; CPU iPhone OS 18_7_9 like Mac OS X) AppleWebKit/605.1.15 (KHTML, like Gecko) GSA/420.4.909430193 Mobile/15E148 Safari/604.1"
202.65.239.179 - - [28/May/2026:21:15:40 +0300] "GET /en/certificates HTTP/1.1" 200 6043 "https://vidvf.com/" "Mozilla/5.0 (iPhone; CPU iPhone OS 18_6_2 like Mac OS X) AppleWebKit/605.1.15 (KHTML, like Gecko) Version/18.6 Mobile/15E148 Safari/604.1"
103.165.156.21 - - [28/May/2026:21:15:41 +0300] "GET /images/certificate/6183ef4b2e075.png HTTP/1.1" 200 697801 "https://cehaburo.com/en/certificates" "Mozilla/5.0 (Linux; Android 10; K) AppleWebKit/537.36 (KHTML, like Gecko) Chrome/138.0.0.0 Mobile Safari/537.36"
103.121.17.8 - - [28/May/2026:21:15:41 +0300] "GET /images/certificate/6183eec005104.png HTTP/1.1" 200 760196 "https://cehaburo.com/en/certificates" "Mozilla/5.0 (iPhone; CPU iPhone OS 18_5 like Mac OS X) AppleWebKit/605.1.15 (KHTML, like Gecko) Version/18.5 Mobile/15E148 Safari/604.1"
182.9.161.122 - - [28/May/2026:21:15:43 +0300] "GET /en/certificates HTTP/1.1" 200 6043 "-" "Mozilla/5.0 (iPhone; CPU iPhone OS 18_1_1 like Mac OS X) AppleWebKit/605.1.15 (KHTML, like Gecko) GSA/420.4.909430193 Mobile/15E148 Safari/604.1"
103.121.17.8 - - [28/May/2026:21:15:44 +0300] "GET /images/favicon.png HTTP/1.1" 200 3753 "https://cehaburo.com/en/certificates" "Mozilla/5.0 (iPhone; CPU iPhone OS 18_5 like Mac OS X) AppleWebKit/605.1.15 (KHTML, like Gecko) Version/18.5 Mobile/15E148 Safari/604.1"
103.165.156.21 - - [28/May/2026:21:15:43 +0300] "GET /images/certificate/6183f17f21dae.jpg HTTP/1.1" 200 2362276 "https://cehaburo.com/en/certificates" "Mozilla/5.0 (Linux; Android 10; K) AppleWebKit/537.36 (KHTML, like Gecko) Chrome/138.0.0.0 Mobile Safari/537.36"
114.10.147.48 - - [28/May/2026:21:15:46 +0300] "GET /en/certificates HTTP/1.1" 200 6043 "https://vidvf.com/" "Mozilla/5.0 (iPhone; CPU iPhone OS 18_6_2 like Mac OS X) AppleWebKit/605.1.15 (KHTML, like Gecko) Version/18.6 Mobile/15E148 Safari/604.1"
103.126.87.26 - - [28/May/2026:21:15:46 +0300] "GET /en/certificates HTTP/1.1" 200 6043 "-" "Mozilla/5.0 (Linux; Android 10; K) AppleWebKit/537.36 (KHTML, like Gecko) Chrome/148.0.0.0 Mobile Safari/537.36"
103.126.87.26 - - [28/May/2026:21:15:47 +0300] "GET /vendors/fontawesome-pro-5/css/all.css HTTP/1.1" 200 32906 "https://cehaburo.com/en/certificates" "Mozilla/5.0 (Linux; Android 10; K) AppleWebKit/537.36 (KHTML, like Gecko) Chrome/148.0.0.0 Mobile Safari/537.36"
141.0.9.72 - - [28/May/2026:21:15:47 +0300] "GET /favicon.ico HTTP/1.1" 404 - "https://cehaburo.com/en/certificates" "Mozilla/5.0 (Linux; U; Android 13; 22111317PG Build/TKQ1.221114.001; wv) AppleWebKit/537.36 (KHTML, like Gecko) Version/4.0 Chrome/148.0.7778.178 Safari/537.36 OPR/99.2.2254.731"
103.110.34.213 - - [28/May/2026:21:15:47 +0300] "GET /en/certificates HTTP/1.1" 200 6043 "-" "Mozilla/5.0 (iPhone; CPU iPhone OS 18_6_1 like Mac OS X) AppleWebKit/605.1.15 (KHTML, like Gecko) GSA/420.4.909430193 Mobile/15E148 Safari/604.1"
103.126.87.26 - - [28/May/2026:21:15:47 +0300] "GET /vendors/bootstrap-select/css/bootstrap-select.min.css HTTP/1.1" 200 2247 "https://cehaburo.com/en/certificates" "Mozilla/5.0 (Linux; Android 10; K) AppleWebKit/537.36 (KHTML, like Gecko) Chrome/148.0.0.0 Mobile Safari/537.36"
103.126.87.26 - - [28/May/2026:21:15:47 +0300] "GET /vendors/slick/slick.min.css HTTP/1.1" 200 503 "https://cehaburo.com/en/certificates" "Mozilla/5.0 (Linux; Android 10; K) AppleWebKit/537.36 (KHTML, like Gecko) Chrome/148.0.0.0 Mobile Safari/537.36"
103.28.113.35 - - [28/May/2026:21:15:48 +0300] "GET /vendors/fontawesome-pro-5/webfonts/fa-brands-400.woff2 HTTP/1.1" 200 76526 "https://cehaburo.com/en/certificates" "Mozilla/5.0 (iPhone; CPU iPhone OS 18_7 like Mac OS X) AppleWebKit/605.1.15 (KHTML, like Gecko) Version/26.5 Mobile/15E148 Safari/604.1"
160.22.222.15 - - [28/May/2026:21:15:48 +0300] "GET /en/certificates HTTP/1.1" 200 6043 "http://ps.popcash.net/" "Mozilla/5.0 (Linux; U; Android 7.1.1; in-id; CPH1801 Build/NMF26F) AppleWebKit/537.36 (KHTML, like Gecko) Chrome/91.0.4472.88 Mobile Safari/537.36 HeyTapBrowser/15.9.0.1"
160.22.222.15 - - [28/May/2026:21:15:49 +0300] "GET /vendors/jquery-ui/jquery-ui.min.css HTTP/1.1" 200 7607 "https://cehaburo.com/en/certificates" "Mozilla/5.0 (Linux; U; Android 7.1.1; in-id; CPH1801 Build/NMF26F) AppleWebKit/537.36 (KHTML, like Gecko) Chrome/91.0.4472.88 Mobile Safari/537.36 HeyTapBrowser/15.9.0.1"
160.22.222.15 - - [28/May/2026:21:15:49 +0300] "GET /vendors/mapbox-gl/mapbox-gl.min.css HTTP/1.1" 200 4574 "https://cehaburo.com/en/certificates" "Mozilla/5.0 (Linux; U; Android 7.1.1; in-id; CPH1801 Build/NMF26F) AppleWebKit/537.36 (KHTML, like Gecko) Chrome/91.0.4472.88 Mobile Safari/537.36 HeyTapBrowser/15.9.0.1"
160.22.222.15 - - [28/May/2026:21:15:49 +0300] "GET /vendors/magnific-popup/magnific-popup.min.css HTTP/1.1" 200 1565 "https://cehaburo.com/en/certificates" "Mozilla/5.0 (Linux; U; Android 7.1.1; in-id; CPH1801 Build/NMF26F) AppleWebKit/537.36 (KHTML, like Gecko) Chrome/91.0.4472.88 Mobile Safari/537.36 HeyTapBrowser/15.9.0.1"
160.22.222.15 - - [28/May/2026:21:15:50 +0300] "GET /css/spacing.css HTTP/1.1" 200 10689 "https://cehaburo.com/en/certificates" "Mozilla/5.0 (Linux; U; Android 7.1.1; in-id; CPH1801 Build/NMF26F) AppleWebKit/537.36 (KHTML, like Gecko) Chrome/91.0.4472.88 Mobile Safari/537.36 HeyTapBrowser/15.9.0.1"
160.22.222.15 - - [28/May/2026:21:15:50 +0300] "GET /css/themes.css HTTP/1.1" 200 56838 "https://cehaburo.com/en/certificates" "Mozilla/5.0 (Linux; U; Android 7.1.1; in-id; CPH1801 Build/NMF26F) AppleWebKit/537.36 (KHTML, like Gecko) Chrome/91.0.4472.88 Mobile Safari/537.36 HeyTapBrowser/15.9.0.1"
45.251.6.60 - - [28/May/2026:21:15:50 +0300] "GET /en/certificates HTTP/1.1" 200 6043 "-" "Mozilla/5.0 (iPhone; CPU iPhone OS 18_7 like Mac OS X) AppleWebKit/605.1.15 (KHTML, like Gecko) Mobile/15E148"
160.22.222.15 - - [28/May/2026:21:15:51 +0300] "GET /css/responsive.css HTTP/1.1" 200 1057 "https://cehaburo.com/en/certificates" "Mozilla/5.0 (Linux; U; Android 7.1.1; in-id; CPH1801 Build/NMF26F) AppleWebKit/537.36 (KHTML, like Gecko) Chrome/91.0.4472.88 Mobile Safari/537.36 HeyTapBrowser/15.9.0.1"
103.28.113.35 - - [28/May/2026:21:15:49 +0300] "GET /images/certificate/6183ef4b2e075.png HTTP/1.1" 200 697801 "https://cehaburo.com/en/certificates" "Mozilla/5.0 (iPhone; CPU iPhone OS 18_7 like Mac OS X) AppleWebKit/605.1.15 (KHTML, like Gecko) Version/26.5 Mobile/15E148 Safari/604.1"
160.22.222.15 - - [28/May/2026:21:15:51 +0300] "GET /css/colors.css HTTP/1.1" 200 1926 "https://cehaburo.com/en/certificates" "Mozilla/5.0 (Linux; U; Android 7.1.1; in-id; CPH1801 Build/NMF26F) AppleWebKit/537.36 (KHTML, like Gecko) Chrome/91.0.4472.88 Mobile Safari/537.36 HeyTapBrowser/15.9.0.1"
160.22.222.15 - - [28/May/2026:21:15:51 +0300] "GET /vendors/animate.css HTTP/1.1" 200 4325 "https://cehaburo.com/en/certificates" "Mozilla/5.0 (Linux; U; Android 7.1.1; in-id; CPH1801 Build/NMF26F) AppleWebKit/537.36 (KHTML, like Gecko) Chrome/91.0.4472.88 Mobile Safari/537.36 HeyTapBrowser/15.9.0.1"
103.28.113.35 - - [28/May/2026:21:15:51 +0300] "GET /images/favicon.png HTTP/1.1" 200 3753 "https://cehaburo.com/en/certificates" "Mozilla/5.0 (iPhone; CPU iPhone OS 18_7 like Mac OS X) AppleWebKit/605.1.15 (KHTML, like Gecko) Version/26.5 Mobile/15E148 Safari/604.1"
103.28.113.35 - - [28/May/2026:21:15:51 +0300] "GET /images/favicon.html HTTP/1.1" 200 169 "https://cehaburo.com/en/certificates" "Mozilla/5.0 (iPhone; CPU iPhone OS 18_7 like Mac OS X) AppleWebKit/605.1.15 (KHTML, like Gecko) Version/26.5 Mobile/15E148 Safari/604.1"
160.22.222.15 - - [28/May/2026:21:15:51 +0300] "GET /vendors/bootstrap-select/css/bootstrap-select.min.css HTTP/1.1" 200 2247 "https://cehaburo.com/en/certificates" "Mozilla/5.0 (Linux; U; Android 7.1.1; in-id; CPH1801 Build/NMF26F) AppleWebKit/537.36 (KHTML, like Gecko) Chrome/91.0.4472.88 Mobile Safari/537.36 HeyTapBrowser/15.9.0.1"
160.22.222.15 - - [28/May/2026:21:15:52 +0300] "GET /vendors/fontawesome-pro-5/css/all.css HTTP/1.1" 200 32906 "https://cehaburo.com/en/certificates" "Mozilla/5.0 (Linux; U; Android 7.1.1; in-id; CPH1801 Build/NMF26F) AppleWebKit/537.36 (KHTML, like Gecko) Chrome/91.0.4472.88 Mobile Safari/537.36 HeyTapBrowser/15.9.0.1"
103.121.108.28 - - [28/May/2026:21:15:52 +0300] "GET /en/certificates HTTP/1.1" 200 6043 "-" "Mozilla/5.0 (Linux; Android 10; K) AppleWebKit/537.36 (KHTML, like Gecko) Chrome/147.0.0.0 Mobile Safari/537.36"
114.10.45.72 - - [28/May/2026:21:15:52 +0300] "GET /en/certificates HTTP/1.1" 200 6043 "-" "Mozilla/5.0 (iPhone; CPU iPhone OS 18_7 like Mac OS X) AppleWebKit/605.1.15 (KHTML, like Gecko) Mobile/15E148"
160.22.222.15 - - [28/May/2026:21:15:52 +0300] "GET /vendors/slick/slick.min.css HTTP/1.1" 200 503 "https://cehaburo.com/en/certificates" "Mozilla/5.0 (Linux; U; Android 7.1.1; in-id; CPH1801 Build/NMF26F) AppleWebKit/537.36 (KHTML, like Gecko) Chrome/91.0.4472.88 Mobile Safari/537.36 HeyTapBrowser/15.9.0.1"
160.22.222.15 - - [28/May/2026:21:15:52 +0300] "GET /vendors/jquery.min.js HTTP/1.1" 200 30677 "https://cehaburo.com/en/certificates" "Mozilla/5.0 (Linux; U; Android 7.1.1; in-id; CPH1801 Build/NMF26F) AppleWebKit/537.36 (KHTML, like Gecko) Chrome/91.0.4472.88 Mobile Safari/537.36 HeyTapBrowser/15.9.0.1"
103.121.108.28 - - [28/May/2026:21:15:52 +0300] "GET /vendors/fontawesome-pro-5/css/all.css HTTP/1.1" 200 32906 "https://cehaburo.com/en/certificates" "Mozilla/5.0 (Linux; Android 10; K) AppleWebKit/537.36 (KHTML, like Gecko) Chrome/147.0.0.0 Mobile Safari/537.36"
103.3.221.25 - - [28/May/2026:21:15:53 +0300] "GET /en/certificates HTTP/1.1" 200 6043 "-" "Mozilla/5.0 (Linux; Android 10; K) AppleWebKit/537.36 (KHTML, like Gecko) Chrome/148.0.0.0 Mobile Safari/537.36"
103.3.221.25 - - [28/May/2026:21:15:53 +0300] "GET /vendors/fontawesome-pro-5/css/all.css HTTP/1.1" 200 32906 "https://cehaburo.com/en/certificates" "Mozilla/5.0 (Linux; Android 10; K) AppleWebKit/537.36 (KHTML, like Gecko) Chrome/148.0.0.0 Mobile Safari/537.36"
160.22.222.15 - - [28/May/2026:21:15:53 +0300] "GET /vendors/fontawesome-pro-5/webfonts/fa-regular-400.woff2 HTTP/1.1" 200 169597 "https://cehaburo.com/vendors/fontawesome-pro-5/css/all.css" "Mozilla/5.0 (Linux; U; Android 7.1.1; in-id; CPH1801 Build/NMF26F) AppleWebKit/537.36 (KHTML, like Gecko) Chrome/91.0.4472.88 Mobile Safari/537.36 HeyTapBrowser/15.9.0.1"
103.121.108.28 - - [28/May/2026:21:15:53 +0300] "GET /vendors/slick/slick.min.css HTTP/1.1" 200 503 "https://cehaburo.com/en/certificates" "Mozilla/5.0 (Linux; Android 10; K) AppleWebKit/537.36 (KHTML, like Gecko) Chrome/147.0.0.0 Mobile Safari/537.36"
103.3.221.25 - - [28/May/2026:21:15:53 +0300] "GET /vendors/bootstrap-select/css/bootstrap-select.min.css HTTP/1.1" 200 2247 "https://cehaburo.com/en/certificates" "Mozilla/5.0 (Linux; Android 10; K) AppleWebKit/537.36 (KHTML, like Gecko) Chrome/148.0.0.0 Mobile Safari/537.36"
160.22.222.15 - - [28/May/2026:21:15:53 +0300] "GET /vendors/fontawesome-pro-5/webfonts/fa-brands-400.woff2 HTTP/1.1" 200 76526 "https://cehaburo.com/vendors/fontawesome-pro-5/css/all.css" "Mozilla/5.0 (Linux; U; Android 7.1.1; in-id; CPH1801 Build/NMF26F) AppleWebKit/537.36 (KHTML, like Gecko) Chrome/91.0.4472.88 Mobile Safari/537.36 HeyTapBrowser/15.9.0.1"
103.3.221.25 - - [28/May/2026:21:15:54 +0300] "GET /vendors/slick/slick.min.css HTTP/1.1" 200 503 "https://cehaburo.com/en/certificates" "Mozilla/5.0 (Linux; Android 10; K) AppleWebKit/537.36 (KHTML, like Gecko) Chrome/148.0.0.0 Mobile Safari/537.36"
103.121.108.28 - - [28/May/2026:21:15:54 +0300] "GET /vendors/magnific-popup/magnific-popup.min.css HTTP/1.1" 200 1565 "https://cehaburo.com/en/certificates" "Mozilla/5.0 (Linux; Android 10; K) AppleWebKit/537.36 (KHTML, like Gecko) Chrome/147.0.0.0 Mobile Safari/537.36"
160.22.222.15 - - [28/May/2026:21:15:54 +0300] "GET /vendors/fontawesome-pro-5/webfonts/fa-light-300.woff2 HTTP/1.1" 200 185394 "https://cehaburo.com/vendors/fontawesome-pro-5/css/all.css" "Mozilla/5.0 (Linux; U; Android 7.1.1; in-id; CPH1801 Build/NMF26F) AppleWebKit/537.36 (KHTML, like Gecko) Chrome/91.0.4472.88 Mobile Safari/537.36 HeyTapBrowser/15.9.0.1"
103.3.221.25 - - [28/May/2026:21:15:54 +0300] "GET /vendors/magnific-popup/magnific-popup.min.css HTTP/1.1" 200 1565 "https://cehaburo.com/en/certificates" "Mozilla/5.0 (Linux; Android 10; K) AppleWebKit/537.36 (KHTML, like Gecko) Chrome/148.0.0.0 Mobile Safari/537.36"
103.121.108.28 - - [28/May/2026:21:15:54 +0300] "GET /vendors/jquery-ui/jquery-ui.min.css HTTP/1.1" 200 7607 "https://cehaburo.com/en/certificates" "Mozilla/5.0 (Linux; Android 10; K) AppleWebKit/537.36 (KHTML, like Gecko) Chrome/147.0.0.0 Mobile Safari/537.36"
103.3.221.25 - - [28/May/2026:21:15:54 +0300] "GET /vendors/jquery-ui/jquery-ui.min.css HTTP/1.1" 200 7607 "https://cehaburo.com/en/certificates" "Mozilla/5.0 (Linux; Android 10; K) AppleWebKit/537.36 (KHTML, like Gecko) Chrome/148.0.0.0 Mobile Safari/537.36"
103.3.221.25 - - [28/May/2026:21:15:54 +0300] "GET /vendors/animate.css HTTP/1.1" 200 4325 "https://cehaburo.com/en/certificates" "Mozilla/5.0 (Linux; Android 10; K) AppleWebKit/537.36 (KHTML, like Gecko) Chrome/148.0.0.0 Mobile Safari/537.36"
103.121.108.28 - - [28/May/2026:21:15:54 +0300] "GET /vendors/animate.css HTTP/1.1" 200 4325 "https://cehaburo.com/en/certificates" "Mozilla/5.0 (Linux; Android 10; K) AppleWebKit/537.36 (KHTML, like Gecko) Chrome/147.0.0.0 Mobile Safari/537.36"
103.3.221.25 - - [28/May/2026:21:15:54 +0300] "GET /vendors/mapbox-gl/mapbox-gl.min.css HTTP/1.1" 200 4574 "https://cehaburo.com/en/certificates" "Mozilla/5.0 (Linux; Android 10; K) AppleWebKit/537.36 (KHTML, like Gecko) Chrome/148.0.0.0 Mobile Safari/537.36"
103.121.108.28 - - [28/May/2026:21:15:55 +0300] "GET /vendors/mapbox-gl/mapbox-gl.min.css HTTP/1.1" 200 4574 "https://cehaburo.com/en/certificates" "Mozilla/5.0 (Linux; Android 10; K) AppleWebKit/537.36 (KHTML, like Gecko) Chrome/147.0.0.0 Mobile Safari/537.36"
103.3.221.25 - - [28/May/2026:21:15:55 +0300] "GET /css/spacing.css HTTP/1.1" 200 10689 "https://cehaburo.com/en/certificates" "Mozilla/5.0 (Linux; Android 10; K) AppleWebKit/537.36 (KHTML, like Gecko) Chrome/148.0.0.0 Mobile Safari/537.36"
103.100.180.3 - - [28/May/2026:21:15:55 +0300] "GET /en/certificates HTTP/1.1" 200 6043 "-" "Mozilla/5.0 (Linux; Android 10; K) AppleWebKit/537.36 (KHTML, like Gecko) Chrome/148.0.0.0 Mobile Safari/537.36"
103.121.108.28 - - [28/May/2026:21:15:55 +0300] "GET /css/spacing.css HTTP/1.1" 200 10689 "https://cehaburo.com/en/certificates" "Mozilla/5.0 (Linux; Android 10; K) AppleWebKit/537.36 (KHTML, like Gecko) Chrome/147.0.0.0 Mobile Safari/537.36"
