114.10.147.48 - - [28/May/2026:21:16:20 +0300] "GET /vendors/fontawesome-pro-5/css/all.css HTTP/1.1" 200 32906 "-" "Mozilla/5.0 (iPhone; CPU iPhone OS 18_6_2 like Mac OS X) AppleWebKit/605.1.15 (KHTML, like Gecko) Version/18.6 Mobile/15E148 Safari/604.1"
141.0.8.31 - - [28/May/2026:21:16:20 +0300] "GET /en/certificates HTTP/1.1" 200 6043 "https://p.pcdelv.com/" "Mozilla/5.0 (Linux; U; Android 14; SM-A065F Build/UP1A.231005.007; wv) AppleWebKit/537.36 (KHTML, like Gecko) Version/4.0 Chrome/148.0.7778.178 Mobile Safari/537.36 OPR/99.2.2254.731"
103.100.180.3 - - [28/May/2026:21:16:20 +0300] "GET /images/logo/64b69cd526f8e.png HTTP/1.1" 200 10142 "https://cehaburo.com/en/certificates" "Mozilla/5.0 (Linux; Android 10; K) AppleWebKit/537.36 (KHTML, like Gecko) Chrome/148.0.0.0 Mobile Safari/537.36"
114.10.73.138 - - [28/May/2026:21:16:20 +0300] "GET /js/theme.js HTTP/1.1" 200 10908 "https://cehaburo.com/en/certificates" "Mozilla/5.0 (iPhone; CPU iPhone OS 18_7_8 like Mac OS X) AppleWebKit/605.1.15 (KHTML, like Gecko) GSA/420.4.909430193 Mobile/15E148 Safari/604.1"
141.0.8.31 - - [28/May/2026:21:16:20 +0300] "GET /en/images/certificate/6183ef4b2e075.png HTTP/1.1" 404 - "https://cehaburo.com/en/certificates" "Mozilla/5.0 (Linux; U; Android 14; SM-A065F Build/UP1A.231005.007; wv) AppleWebKit/537.36 (KHTML, like Gecko) Version/4.0 Chrome/148.0.7778.178 Mobile Safari/537.36 OPR/99.2.2254.731"
103.100.180.3 - - [28/May/2026:21:16:20 +0300] "GET /images/logo/61cc6c04c5f8b.png HTTP/1.1" 200 11970 "https://cehaburo.com/en/certificates" "Mozilla/5.0 (Linux; Android 10; K) AppleWebKit/537.36 (KHTML, like Gecko) Chrome/148.0.0.0 Mobile Safari/537.36"
103.100.180.3 - - [28/May/2026:21:16:21 +0300] "GET /images/logo/61cc6bdb9a67b.png HTTP/1.1" 200 10573 "https://cehaburo.com/en/certificates" "Mozilla/5.0 (Linux; Android 10; K) AppleWebKit/537.36 (KHTML, like Gecko) Chrome/148.0.0.0 Mobile Safari/537.36"
114.10.147.48 - - [28/May/2026:21:16:21 +0300] "GET /vendors/mapbox-gl/mapbox-gl.min.css HTTP/1.1" 200 4574 "-" "Mozilla/5.0 (iPhone; CPU iPhone OS 18_6_2 like Mac OS X) AppleWebKit/605.1.15 (KHTML, like Gecko) Version/18.6 Mobile/15E148 Safari/604.1"
103.166.122.102 - - [28/May/2026:21:16:21 +0300] "GET /en/certificates HTTP/1.1" 200 6043 "-" "Mozilla/5.0 (iPhone; CPU iPhone OS 18_5 like Mac OS X) AppleWebKit/605.1.15 (KHTML, like Gecko) Mobile/22F76 Safari/604.1 [FBAN/FBIOS;FBAV/548.0.0.36.68;FBBV/880335931;FBDV/iPhone12,3;FBMD/iPhone;FBSN/iOS;FBSV/18.5;FBSS/3;FBID/phone;FBLC/id_ID;FBOP/5;FBRV/891329715;IABMV/1]"
103.100.180.3 - - [28/May/2026:21:16:21 +0300] "GET /images/logo/68cd70d486515.png HTTP/1.1" 200 11456 "https://cehaburo.com/en/certificates" "Mozilla/5.0 (Linux; Android 10; K) AppleWebKit/537.36 (KHTML, like Gecko) Chrome/148.0.0.0 Mobile Safari/537.36"
114.10.147.48 - - [28/May/2026:21:16:21 +0300] "GET /css/spacing.css HTTP/1.1" 200 10689 "-" "Mozilla/5.0 (iPhone; CPU iPhone OS 18_6_2 like Mac OS X) AppleWebKit/605.1.15 (KHTML, like Gecko) Version/18.6 Mobile/15E148 Safari/604.1"
114.10.155.212 - - [28/May/2026:21:16:21 +0300] "GET /en/certificates HTTP/1.1" 200 6043 "https://videe.cc/" "Mozilla/5.0 (iPhone; CPU iPhone OS 18_7 like Mac OS X) AppleWebKit/605.1.15 (KHTML, like Gecko) Version/26.5 Mobile/15E148 Safari/604.1"
103.100.180.3 - - [28/May/2026:21:16:21 +0300] "GET /images/logo/61cc6bce93429.png HTTP/1.1" 200 11689 "https://cehaburo.com/en/certificates" "Mozilla/5.0 (Linux; Android 10; K) AppleWebKit/537.36 (KHTML, like Gecko) Chrome/148.0.0.0 Mobile Safari/537.36"
114.10.147.48 - - [28/May/2026:21:16:21 +0300] "GET /css/themes.css HTTP/1.1" 200 56838 "-" "Mozilla/5.0 (iPhone; CPU iPhone OS 18_6_2 like Mac OS X) AppleWebKit/605.1.15 (KHTML, like Gecko) Version/18.6 Mobile/15E148 Safari/604.1"
103.100.180.3 - - [28/May/2026:21:16:21 +0300] "GET /images/favicon.html HTTP/1.1" 200 169 "https://cehaburo.com/en/certificates" "Mozilla/5.0 (Linux; Android 10; K) AppleWebKit/537.36 (KHTML, like Gecko) Chrome/148.0.0.0 Mobile Safari/537.36"
103.100.180.3 - - [28/May/2026:21:16:21 +0300] "GET /images/favicon.png HTTP/1.1" 200 3753 "https://cehaburo.com/en/certificates" "Mozilla/5.0 (Linux; Android 10; K) AppleWebKit/537.36 (KHTML, like Gecko) Chrome/148.0.0.0 Mobile Safari/537.36"
114.10.147.48 - - [28/May/2026:21:16:22 +0300] "GET /css/responsive.css HTTP/1.1" 200 1057 "-" "Mozilla/5.0 (iPhone; CPU iPhone OS 18_6_2 like Mac OS X) AppleWebKit/605.1.15 (KHTML, like Gecko) Version/18.6 Mobile/15E148 Safari/604.1"
114.10.147.48 - - [28/May/2026:21:16:22 +0300] "GET /css/colors.css HTTP/1.1" 200 1926 "-" "Mozilla/5.0 (iPhone; CPU iPhone OS 18_6_2 like Mac OS X) AppleWebKit/605.1.15 (KHTML, like Gecko) Version/18.6 Mobile/15E148 Safari/604.1"
103.166.122.102 - - [28/May/2026:21:16:22 +0300] "GET /vendors/fontawesome-pro-5/css/all.css HTTP/1.1" 200 32906 "https://cehaburo.com/en/certificates" "Mozilla/5.0 (iPhone; CPU iPhone OS 18_5 like Mac OS X) AppleWebKit/605.1.15 (KHTML, like Gecko) Mobile/22F76 Safari/604.1 [FBAN/FBIOS;FBAV/548.0.0.36.68;FBBV/880335931;FBDV/iPhone12,3;FBMD/iPhone;FBSN/iOS;FBSV/18.5;FBSS/3;FBID/phone;FBLC/id_ID;FBOP/5;FBRV/891329715;IABMV/1]"
114.10.147.48 - - [28/May/2026:21:16:23 +0300] "GET /vendors/jquery.min.js HTTP/1.1" 200 30677 "-" "Mozilla/5.0 (iPhone; CPU iPhone OS 18_6_2 like Mac OS X) AppleWebKit/605.1.15 (KHTML, like Gecko) Version/18.6 Mobile/15E148 Safari/604.1"
114.10.147.48 - - [28/May/2026:21:16:23 +0300] "GET /vendors/jquery-ui/jquery-ui.min.js HTTP/1.1" 200 67971 "-" "Mozilla/5.0 (iPhone; CPU iPhone OS 18_6_2 like Mac OS X) AppleWebKit/605.1.15 (KHTML, like Gecko) Version/18.6 Mobile/15E148 Safari/604.1"
202.65.239.179 - - [28/May/2026:21:16:23 +0300] "GET /vendors/fontawesome-pro-5/css/all.css HTTP/1.1" 200 32906 "https://cehaburo.com/en/certificates" "Mozilla/5.0 (iPhone; CPU iPhone OS 18_6_2 like Mac OS X) AppleWebKit/605.1.15 (KHTML, like Gecko) Version/18.6 Mobile/15E148 Safari/604.1"
103.166.122.102 - - [28/May/2026:21:16:23 +0300] "GET /vendors/mapbox-gl/mapbox-gl.min.css HTTP/1.1" 200 4574 "https://cehaburo.com/en/certificates" "Mozilla/5.0 (iPhone; CPU iPhone OS 18_5 like Mac OS X) AppleWebKit/605.1.15 (KHTML, like Gecko) Mobile/22F76 Safari/604.1 [FBAN/FBIOS;FBAV/548.0.0.36.68;FBBV/880335931;FBDV/iPhone12,3;FBMD/iPhone;FBSN/iOS;FBSV/18.5;FBSS/3;FBID/phone;FBLC/id_ID;FBOP/5;FBRV/891329715;IABMV/1]"
103.166.122.102 - - [28/May/2026:21:16:23 +0300] "GET /css/spacing.css HTTP/1.1" 200 10689 "https://cehaburo.com/en/certificates" "Mozilla/5.0 (iPhone; CPU iPhone OS 18_5 like Mac OS X) AppleWebKit/605.1.15 (KHTML, like Gecko) Mobile/22F76 Safari/604.1 [FBAN/FBIOS;FBAV/548.0.0.36.68;FBBV/880335931;FBDV/iPhone12,3;FBMD/iPhone;FBSN/iOS;FBSV/18.5;FBSS/3;FBID/phone;FBLC/id_ID;FBOP/5;FBRV/891329715;IABMV/1]"
114.10.147.48 - - [28/May/2026:21:16:23 +0300] "GET /vendors/bootstrap/bootstrap.bundle.js HTTP/1.1" 200 30407 "-" "Mozilla/5.0 (iPhone; CPU iPhone OS 18_6_2 like Mac OS X) AppleWebKit/605.1.15 (KHTML, like Gecko) Version/18.6 Mobile/15E148 Safari/604.1"
103.166.122.102 - - [28/May/2026:21:16:23 +0300] "GET /css/themes.css HTTP/1.1" 200 56838 "https://cehaburo.com/en/certificates" "Mozilla/5.0 (iPhone; CPU iPhone OS 18_5 like Mac OS X) AppleWebKit/605.1.15 (KHTML, like Gecko) Mobile/22F76 Safari/604.1 [FBAN/FBIOS;FBAV/548.0.0.36.68;FBBV/880335931;FBDV/iPhone12,3;FBMD/iPhone;FBSN/iOS;FBSV/18.5;FBSS/3;FBID/phone;FBLC/id_ID;FBOP/5;FBRV/891329715;IABMV/1]"
114.10.147.48 - - [28/May/2026:21:16:24 +0300] "GET /vendors/bootstrap-select/js/bootstrap-select.min.js HTTP/1.1" 200 15945 "-" "Mozilla/5.0 (iPhone; CPU iPhone OS 18_6_2 like Mac OS X) AppleWebKit/605.1.15 (KHTML, like Gecko) Version/18.6 Mobile/15E148 Safari/604.1"
114.10.10.89 - - [28/May/2026:21:16:24 +0300] "GET /en/certificates HTTP/1.1" 200 6043 "-" "Mozilla/5.0 (Linux; Android 10; K) AppleWebKit/537.36 (KHTML, like Gecko) Chrome/148.0.0.0 Mobile Safari/537.36"
114.10.147.48 - - [28/May/2026:21:16:24 +0300] "GET /vendors/slick/slick.min.js HTTP/1.1" 200 10442 "-" "Mozilla/5.0 (iPhone; CPU iPhone OS 18_6_2 like Mac OS X) AppleWebKit/605.1.15 (KHTML, like Gecko) Version/18.6 Mobile/15E148 Safari/604.1"
114.10.147.48 - - [28/May/2026:21:16:24 +0300] "GET /vendors/waypoints/jquery.waypoints.min.js HTTP/1.1" 200 2615 "-" "Mozilla/5.0 (iPhone; CPU iPhone OS 18_6_2 like Mac OS X) AppleWebKit/605.1.15 (KHTML, like Gecko) Version/18.6 Mobile/15E148 Safari/604.1"
114.10.10.89 - - [28/May/2026:21:16:24 +0300] "GET /vendors/fontawesome-pro-5/css/all.css HTTP/1.1" 200 32906 "https://cehaburo.com/en/certificates" "Mozilla/5.0 (Linux; Android 10; K) AppleWebKit/537.36 (KHTML, like Gecko) Chrome/148.0.0.0 Mobile Safari/537.36"
141.0.9.244 - - [28/May/2026:21:16:24 +0300] "GET /en/certificates HTTP/1.1" 200 6043 "-" "Mozilla/5.0 (Linux; U; Android 16; 2406APNFAG Build/BP2A.250605.031.A3; wv) AppleWebKit/537.36 (KHTML, like Gecko) Version/4.0 Chrome/148.0.7778.120 Mobile Safari/537.36 OPR/99.2.2254.731"
114.10.147.48 - - [28/May/2026:21:16:25 +0300] "GET /vendors/counter/countUp.js HTTP/1.1" 200 1392 "-" "Mozilla/5.0 (iPhone; CPU iPhone OS 18_6_2 like Mac OS X) AppleWebKit/605.1.15 (KHTML, like Gecko) Version/18.6 Mobile/15E148 Safari/604.1"
114.10.147.48 - - [28/May/2026:21:16:25 +0300] "GET /vendors/magnific-popup/jquery.magnific-popup.min.js HTTP/1.1" 200 7292 "-" "Mozilla/5.0 (iPhone; CPU iPhone OS 18_6_2 like Mac OS X) AppleWebKit/605.1.15 (KHTML, like Gecko) Version/18.6 Mobile/15E148 Safari/604.1"
114.10.10.89 - - [28/May/2026:21:16:25 +0300] "GET /vendors/bootstrap-select/css/bootstrap-select.min.css HTTP/1.1" 200 2247 "https://cehaburo.com/en/certificates" "Mozilla/5.0 (Linux; Android 10; K) AppleWebKit/537.36 (KHTML, like Gecko) Chrome/148.0.0.0 Mobile Safari/537.36"
114.122.209.250 - - [28/May/2026:21:16:24 +0300] "GET /images/certificate/6183ee2a63e5c.png HTTP/1.1" 200 794394 "https://cehaburo.com/en/certificates" "Mozilla/5.0 (iPhone; CPU iPhone OS 18_7_9 like Mac OS X) AppleWebKit/605.1.15 (KHTML, like Gecko) GSA/420.4.909430193 Mobile/15E148 Safari/604.1"
114.10.147.48 - - [28/May/2026:21:16:25 +0300] "GET /vendors/hc-sticky/hc-sticky.min.js HTTP/1.1" 200 4015 "-" "Mozilla/5.0 (iPhone; CPU iPhone OS 18_6_2 like Mac OS X) AppleWebKit/605.1.15 (KHTML, like Gecko) Version/18.6 Mobile/15E148 Safari/604.1"
103.166.122.102 - - [28/May/2026:21:16:25 +0300] "GET /css/responsive.css HTTP/1.1" 200 1057 "https://cehaburo.com/en/certificates" "Mozilla/5.0 (iPhone; CPU iPhone OS 18_5 like Mac OS X) AppleWebKit/605.1.15 (KHTML, like Gecko) Mobile/22F76 Safari/604.1 [FBAN/FBIOS;FBAV/548.0.0.36.68;FBBV/880335931;FBDV/iPhone12,3;FBMD/iPhone;FBSN/iOS;FBSV/18.5;FBSS/3;FBID/phone;FBLC/id_ID;FBOP/5;FBRV/891329715;IABMV/1]"
114.10.10.89 - - [28/May/2026:21:16:25 +0300] "GET /vendors/slick/slick.min.css HTTP/1.1" 200 503 "https://cehaburo.com/en/certificates" "Mozilla/5.0 (Linux; Android 10; K) AppleWebKit/537.36 (KHTML, like Gecko) Chrome/148.0.0.0 Mobile Safari/537.36"
114.10.147.48 - - [28/May/2026:21:16:25 +0300] "GET /vendors/jparallax/TweenMax.min.js HTTP/1.1" 200 39768 "-" "Mozilla/5.0 (iPhone; CPU iPhone OS 18_6_2 like Mac OS X) AppleWebKit/605.1.15 (KHTML, like Gecko) Version/18.6 Mobile/15E148 Safari/604.1"
114.10.10.89 - - [28/May/2026:21:16:26 +0300] "GET /vendors/magnific-popup/magnific-popup.min.css HTTP/1.1" 200 1565 "https://cehaburo.com/en/certificates" "Mozilla/5.0 (Linux; Android 10; K) AppleWebKit/537.36 (KHTML, like Gecko) Chrome/148.0.0.0 Mobile Safari/537.36"
114.10.147.48 - - [28/May/2026:21:16:26 +0300] "GET /vendors/mapbox-gl/mapbox-gl.js HTTP/1.1" 200 195168 "-" "Mozilla/5.0 (iPhone; CPU iPhone OS 18_6_2 like Mac OS X) AppleWebKit/605.1.15 (KHTML, like Gecko) Version/18.6 Mobile/15E148 Safari/604.1"
114.10.10.89 - - [28/May/2026:21:16:26 +0300] "GET /vendors/jquery-ui/jquery-ui.min.css HTTP/1.1" 200 7607 "https://cehaburo.com/en/certificates" "Mozilla/5.0 (Linux; Android 10; K) AppleWebKit/537.36 (KHTML, like Gecko) Chrome/148.0.0.0 Mobile Safari/537.36"
103.166.122.102 - - [28/May/2026:21:16:26 +0300] "GET /css/colors.css HTTP/1.1" 200 1926 "https://cehaburo.com/en/certificates" "Mozilla/5.0 (iPhone; CPU iPhone OS 18_5 like Mac OS X) AppleWebKit/605.1.15 (KHTML, like Gecko) Mobile/22F76 Safari/604.1 [FBAN/FBIOS;FBAV/548.0.0.36.68;FBBV/880335931;FBDV/iPhone12,3;FBMD/iPhone;FBSN/iOS;FBSV/18.5;FBSS/3;FBID/phone;FBLC/id_ID;FBOP/5;FBRV/891329715;IABMV/1]"
103.166.122.102 - - [28/May/2026:21:16:26 +0300] "GET /vendors/jquery.min.js HTTP/1.1" 200 30677 "https://cehaburo.com/en/certificates" "Mozilla/5.0 (iPhone; CPU iPhone OS 18_5 like Mac OS X) AppleWebKit/605.1.15 (KHTML, like Gecko) Mobile/22F76 Safari/604.1 [FBAN/FBIOS;FBAV/548.0.0.36.68;FBBV/880335931;FBDV/iPhone12,3;FBMD/iPhone;FBSN/iOS;FBSV/18.5;FBSS/3;FBID/phone;FBLC/id_ID;FBOP/5;FBRV/891329715;IABMV/1]"
114.10.10.89 - - [28/May/2026:21:16:26 +0300] "GET /vendors/animate.css HTTP/1.1" 200 4325 "https://cehaburo.com/en/certificates" "Mozilla/5.0 (Linux; Android 10; K) AppleWebKit/537.36 (KHTML, like Gecko) Chrome/148.0.0.0 Mobile Safari/537.36"
114.122.209.250 - - [28/May/2026:21:16:26 +0300] "GET /images/certificate/6183eec005104.png HTTP/1.1" 200 760196 "https://cehaburo.com/en/certificates" "Mozilla/5.0 (iPhone; CPU iPhone OS 18_7_9 like Mac OS X) AppleWebKit/605.1.15 (KHTML, like Gecko) GSA/420.4.909430193 Mobile/15E148 Safari/604.1"
103.166.122.102 - - [28/May/2026:21:16:27 +0300] "GET /vendors/jquery-ui/jquery-ui.min.js HTTP/1.1" 200 67971 "https://cehaburo.com/en/certificates" "Mozilla/5.0 (iPhone; CPU iPhone OS 18_5 like Mac OS X) AppleWebKit/605.1.15 (KHTML, like Gecko) Mobile/22F76 Safari/604.1 [FBAN/FBIOS;FBAV/548.0.0.36.68;FBBV/880335931;FBDV/iPhone12,3;FBMD/iPhone;FBSN/iOS;FBSV/18.5;FBSS/3;FBID/phone;FBLC/id_ID;FBOP/5;FBRV/891329715;IABMV/1]"
114.10.147.48 - - [28/May/2026:21:16:27 +0300] "GET /js/theme.js HTTP/1.1" 200 10908 "-" "Mozilla/5.0 (iPhone; CPU iPhone OS 18_6_2 like Mac OS X) AppleWebKit/605.1.15 (KHTML, like Gecko) Version/18.6 Mobile/15E148 Safari/604.1"
114.10.10.89 - - [28/May/2026:21:16:27 +0300] "GET /vendors/mapbox-gl/mapbox-gl.min.css HTTP/1.1" 200 4574 "https://cehaburo.com/en/certificates" "Mozilla/5.0 (Linux; Android 10; K) AppleWebKit/537.36 (KHTML, like Gecko) Chrome/148.0.0.0 Mobile Safari/537.36"
114.10.10.89 - - [28/May/2026:21:16:27 +0300] "GET /css/spacing.css HTTP/1.1" 200 10689 "https://cehaburo.com/en/certificates" "Mozilla/5.0 (Linux; Android 10; K) AppleWebKit/537.36 (KHTML, like Gecko) Chrome/148.0.0.0 Mobile Safari/537.36"
114.10.10.89 - - [28/May/2026:21:16:27 +0300] "GET /css/themes.css HTTP/1.1" 200 56838 "https://cehaburo.com/en/certificates" "Mozilla/5.0 (Linux; Android 10; K) AppleWebKit/537.36 (KHTML, like Gecko) Chrome/148.0.0.0 Mobile Safari/537.36"
114.122.209.250 - - [28/May/2026:21:16:28 +0300] "GET /images/certificate/6183ef4b2e075.png HTTP/1.1" 200 697801 "https://cehaburo.com/en/certificates" "Mozilla/5.0 (iPhone; CPU iPhone OS 18_7_9 like Mac OS X) AppleWebKit/605.1.15 (KHTML, like Gecko) GSA/420.4.909430193 Mobile/15E148 Safari/604.1"
114.10.10.89 - - [28/May/2026:21:16:28 +0300] "GET /css/responsive.css HTTP/1.1" 200 1057 "https://cehaburo.com/en/certificates" "Mozilla/5.0 (Linux; Android 10; K) AppleWebKit/537.36 (KHTML, like Gecko) Chrome/148.0.0.0 Mobile Safari/537.36"
140.213.6.109 - - [28/May/2026:21:16:28 +0300] "GET /en/certificates HTTP/1.1" 200 6043 "-" "Mozilla/5.0 (Linux; Android 10; K) AppleWebKit/537.36 (KHTML, like Gecko) Chrome/148.0.0.0 Mobile Safari/537.36"
114.10.10.89 - - [28/May/2026:21:16:28 +0300] "GET /css/colors.css HTTP/1.1" 200 1926 "https://cehaburo.com/en/certificates" "Mozilla/5.0 (Linux; Android 10; K) AppleWebKit/537.36 (KHTML, like Gecko) Chrome/148.0.0.0 Mobile Safari/537.36"
182.2.132.171 - - [28/May/2026:21:16:28 +0300] "GET /en/certificates HTTP/1.1" 200 6043 "-" "Mozilla/5.0 (iPhone; CPU iPhone OS 18_7 like Mac OS X) AppleWebKit/605.1.15 (KHTML, like Gecko) Mobile/15E148"
114.10.10.89 - - [28/May/2026:21:16:29 +0300] "GET /vendors/jquery.min.js HTTP/1.1" 200 30677 "https://cehaburo.com/en/certificates" "Mozilla/5.0 (Linux; Android 10; K) AppleWebKit/537.36 (KHTML, like Gecko) Chrome/148.0.0.0 Mobile Safari/537.36"
114.10.45.107 - - [28/May/2026:21:16:29 +0300] "GET /en/certificates HTTP/1.1" 200 6043 "-" "Mozilla/5.0 (Linux; Android 10; K) AppleWebKit/537.36 (KHTML, like Gecko) Chrome/148.0.0.0 Mobile Safari/537.36"
114.10.45.107 - - [28/May/2026:21:16:29 +0300] "GET /vendors/fontawesome-pro-5/css/all.css HTTP/1.1" 200 32906 "https://cehaburo.com/en/certificates" "Mozilla/5.0 (Linux; Android 10; K) AppleWebKit/537.36 (KHTML, like Gecko) Chrome/148.0.0.0 Mobile Safari/537.36"
140.213.6.109 - - [28/May/2026:21:16:29 +0300] "GET /vendors/fontawesome-pro-5/css/all.css HTTP/1.1" 200 32906 "https://cehaburo.com/en/certificates" "Mozilla/5.0 (Linux; Android 10; K) AppleWebKit/537.36 (KHTML, like Gecko) Chrome/148.0.0.0 Mobile Safari/537.36"
114.10.10.89 - - [28/May/2026:21:16:29 +0300] "GET /vendors/fontawesome-pro-5/webfonts/fa-light-300.woff2 HTTP/1.1" 200 185394 "https://cehaburo.com/vendors/fontawesome-pro-5/css/all.css" "Mozilla/5.0 (Linux; Android 10; K) AppleWebKit/537.36 (KHTML, like Gecko) Chrome/148.0.0.0 Mobile Safari/537.36"
114.10.45.107 - - [28/May/2026:21:16:30 +0300] "GET /vendors/bootstrap-select/css/bootstrap-select.min.css HTTP/1.1" 200 2247 "https://cehaburo.com/en/certificates" "Mozilla/5.0 (Linux; Android 10; K) AppleWebKit/537.36 (KHTML, like Gecko) Chrome/148.0.0.0 Mobile Safari/537.36"
114.10.10.89 - - [28/May/2026:21:16:30 +0300] "GET /vendors/fontawesome-pro-5/webfonts/fa-regular-400.woff2 HTTP/1.1" 200 169597 "https://cehaburo.com/vendors/fontawesome-pro-5/css/all.css" "Mozilla/5.0 (Linux; Android 10; K) AppleWebKit/537.36 (KHTML, like Gecko) Chrome/148.0.0.0 Mobile Safari/537.36"
140.213.6.109 - - [28/May/2026:21:16:30 +0300] "GET /vendors/bootstrap-select/css/bootstrap-select.min.css HTTP/1.1" 200 2247 "https://cehaburo.com/en/certificates" "Mozilla/5.0 (Linux; Android 10; K) AppleWebKit/537.36 (KHTML, like Gecko) Chrome/148.0.0.0 Mobile Safari/537.36"
114.10.45.107 - - [28/May/2026:21:16:30 +0300] "GET /vendors/slick/slick.min.css HTTP/1.1" 200 503 "https://cehaburo.com/en/certificates" "Mozilla/5.0 (Linux; Android 10; K) AppleWebKit/537.36 (KHTML, like Gecko) Chrome/148.0.0.0 Mobile Safari/537.36"
140.213.6.109 - - [28/May/2026:21:16:30 +0300] "GET /vendors/slick/slick.min.css HTTP/1.1" 200 503 "https://cehaburo.com/en/certificates" "Mozilla/5.0 (Linux; Android 10; K) AppleWebKit/537.36 (KHTML, like Gecko) Chrome/148.0.0.0 Mobile Safari/537.36"
114.10.134.169 - - [28/May/2026:21:16:30 +0300] "GET /en/certificates HTTP/1.1" 200 6043 "https://p.pcdelv.com/" "Mozilla/5.0 (Linux; Android 15) AppleWebKit/537.36 (KHTML, like Gecko) Version/4.0 Chrome/148.0.7778.183 Mobile DuckDuckGo/14 Safari/537.36"
114.10.45.107 - - [28/May/2026:21:16:30 +0300] "GET /vendors/magnific-popup/magnific-popup.min.css HTTP/1.1" 200 1565 "https://cehaburo.com/en/certificates" "Mozilla/5.0 (Linux; Android 10; K) AppleWebKit/537.36 (KHTML, like Gecko) Chrome/148.0.0.0 Mobile Safari/537.36"
114.122.209.250 - - [28/May/2026:21:16:29 +0300] "GET /images/certificate/6183f17f21dae.jpg HTTP/1.1" 200 2362276 "https://cehaburo.com/en/certificates" "Mozilla/5.0 (iPhone; CPU iPhone OS 18_7_9 like Mac OS X) AppleWebKit/605.1.15 (KHTML, like Gecko) GSA/420.4.909430193 Mobile/15E148 Safari/604.1"
140.213.6.109 - - [28/May/2026:21:16:31 +0300] "GET /vendors/magnific-popup/magnific-popup.min.css HTTP/1.1" 200 1565 "https://cehaburo.com/en/certificates" "Mozilla/5.0 (Linux; Android 10; K) AppleWebKit/537.36 (KHTML, like Gecko) Chrome/148.0.0.0 Mobile Safari/537.36"
114.10.45.107 - - [28/May/2026:21:16:31 +0300] "GET /vendors/jquery-ui/jquery-ui.min.css HTTP/1.1" 200 7607 "https://cehaburo.com/en/certificates" "Mozilla/5.0 (Linux; Android 10; K) AppleWebKit/537.36 (KHTML, like Gecko) Chrome/148.0.0.0 Mobile Safari/537.36"
114.10.134.169 - - [28/May/2026:21:16:31 +0300] "GET /vendors/fontawesome-pro-5/css/all.css HTTP/1.1" 200 32906 "https://cehaburo.com/en/certificates" "Mozilla/5.0 (Linux; Android 15) AppleWebKit/537.36 (KHTML, like Gecko) Version/4.0 Chrome/148.0.7778.183 Mobile DuckDuckGo/14 Safari/537.36"
114.10.45.107 - - [28/May/2026:21:16:31 +0300] "GET /vendors/animate.css HTTP/1.1" 200 4325 "https://cehaburo.com/en/certificates" "Mozilla/5.0 (Linux; Android 10; K) AppleWebKit/537.36 (KHTML, like Gecko) Chrome/148.0.0.0 Mobile Safari/537.36"
140.213.6.109 - - [28/May/2026:21:16:31 +0300] "GET /vendors/jquery-ui/jquery-ui.min.css HTTP/1.1" 200 7607 "https://cehaburo.com/en/certificates" "Mozilla/5.0 (Linux; Android 10; K) AppleWebKit/537.36 (KHTML, like Gecko) Chrome/148.0.0.0 Mobile Safari/537.36"
114.10.45.107 - - [28/May/2026:21:16:31 +0300] "GET /vendors/mapbox-gl/mapbox-gl.min.css HTTP/1.1" 200 4574 "https://cehaburo.com/en/certificates" "Mozilla/5.0 (Linux; Android 10; K) AppleWebKit/537.36 (KHTML, like Gecko) Chrome/148.0.0.0 Mobile Safari/537.36"
114.10.134.169 - - [28/May/2026:21:16:31 +0300] "GET /vendors/bootstrap-select/css/bootstrap-select.min.css HTTP/1.1" 200 2247 "https://cehaburo.com/en/certificates" "Mozilla/5.0 (Linux; Android 15) AppleWebKit/537.36 (KHTML, like Gecko) Version/4.0 Chrome/148.0.7778.183 Mobile DuckDuckGo/14 Safari/537.36"
140.213.6.109 - - [28/May/2026:21:16:32 +0300] "GET /vendors/animate.css HTTP/1.1" 200 4325 "https://cehaburo.com/en/certificates" "Mozilla/5.0 (Linux; Android 10; K) AppleWebKit/537.36 (KHTML, like Gecko) Chrome/148.0.0.0 Mobile Safari/537.36"
114.10.45.107 - - [28/May/2026:21:16:32 +0300] "GET /css/spacing.css HTTP/1.1" 200 10689 "https://cehaburo.com/en/certificates" "Mozilla/5.0 (Linux; Android 10; K) AppleWebKit/537.36 (KHTML, like Gecko) Chrome/148.0.0.0 Mobile Safari/537.36"
114.10.134.169 - - [28/May/2026:21:16:32 +0300] "GET /vendors/slick/slick.min.css HTTP/1.1" 200 503 "https://cehaburo.com/en/certificates" "Mozilla/5.0 (Linux; Android 15) AppleWebKit/537.36 (KHTML, like Gecko) Version/4.0 Chrome/148.0.7778.183 Mobile DuckDuckGo/14 Safari/537.36"
140.213.6.109 - - [28/May/2026:21:16:32 +0300] "GET /vendors/mapbox-gl/mapbox-gl.min.css HTTP/1.1" 200 4574 "https://cehaburo.com/en/certificates" "Mozilla/5.0 (Linux; Android 10; K) AppleWebKit/537.36 (KHTML, like Gecko) Chrome/148.0.0.0 Mobile Safari/537.36"
114.10.134.169 - - [28/May/2026:21:16:32 +0300] "GET /vendors/magnific-popup/magnific-popup.min.css HTTP/1.1" 200 1565 "https://cehaburo.com/en/certificates" "Mozilla/5.0 (Linux; Android 15) AppleWebKit/537.36 (KHTML, like Gecko) Version/4.0 Chrome/148.0.7778.183 Mobile DuckDuckGo/14 Safari/537.36"
114.10.134.169 - - [28/May/2026:21:16:33 +0300] "GET /vendors/jquery-ui/jquery-ui.min.css HTTP/1.1" 200 7607 "https://cehaburo.com/en/certificates" "Mozilla/5.0 (Linux; Android 15) AppleWebKit/537.36 (KHTML, like Gecko) Version/4.0 Chrome/148.0.7778.183 Mobile DuckDuckGo/14 Safari/537.36"
114.10.134.169 - - [28/May/2026:21:16:33 +0300] "GET /vendors/animate.css HTTP/1.1" 200 4325 "https://cehaburo.com/en/certificates" "Mozilla/5.0 (Linux; Android 15) AppleWebKit/537.36 (KHTML, like Gecko) Version/4.0 Chrome/148.0.7778.183 Mobile DuckDuckGo/14 Safari/537.36"
114.122.209.250 - - [28/May/2026:21:16:33 +0300] "GET /images/logo/64b5226a99913.png HTTP/1.1" 200 20537 "https://cehaburo.com/en/certificates" "Mozilla/5.0 (iPhone; CPU iPhone OS 18_7_9 like Mac OS X) AppleWebKit/605.1.15 (KHTML, like Gecko) GSA/420.4.909430193 Mobile/15E148 Safari/604.1"
114.10.134.169 - - [28/May/2026:21:16:33 +0300] "GET /vendors/mapbox-gl/mapbox-gl.min.css HTTP/1.1" 200 4574 "https://cehaburo.com/en/certificates" "Mozilla/5.0 (Linux; Android 15) AppleWebKit/537.36 (KHTML, like Gecko) Version/4.0 Chrome/148.0.7778.183 Mobile DuckDuckGo/14 Safari/537.36"
114.122.209.250 - - [28/May/2026:21:16:34 +0300] "GET /images/logo/64b69cd526f8e.png HTTP/1.1" 200 10142 "https://cehaburo.com/en/certificates" "Mozilla/5.0 (iPhone; CPU iPhone OS 18_7_9 like Mac OS X) AppleWebKit/605.1.15 (KHTML, like Gecko) GSA/420.4.909430193 Mobile/15E148 Safari/604.1"
114.10.134.169 - - [28/May/2026:21:16:34 +0300] "GET /css/spacing.css HTTP/1.1" 200 10689 "https://cehaburo.com/en/certificates" "Mozilla/5.0 (Linux; Android 15) AppleWebKit/537.36 (KHTML, like Gecko) Version/4.0 Chrome/148.0.7778.183 Mobile DuckDuckGo/14 Safari/537.36"
114.122.209.250 - - [28/May/2026:21:16:34 +0300] "GET /images/logo/61cc6c04c5f8b.png HTTP/1.1" 200 11970 "https://cehaburo.com/en/certificates" "Mozilla/5.0 (iPhone; CPU iPhone OS 18_7_9 like Mac OS X) AppleWebKit/605.1.15 (KHTML, like Gecko) GSA/420.4.909430193 Mobile/15E148 Safari/604.1"
114.10.134.169 - - [28/May/2026:21:16:34 +0300] "GET /css/themes.css HTTP/1.1" 200 56838 "https://cehaburo.com/en/certificates" "Mozilla/5.0 (Linux; Android 15) AppleWebKit/537.36 (KHTML, like Gecko) Version/4.0 Chrome/148.0.7778.183 Mobile DuckDuckGo/14 Safari/537.36"
114.122.209.250 - - [28/May/2026:21:16:34 +0300] "GET /images/logo/61cc6bdb9a67b.png HTTP/1.1" 200 10573 "https://cehaburo.com/en/certificates" "Mozilla/5.0 (iPhone; CPU iPhone OS 18_7_9 like Mac OS X) AppleWebKit/605.1.15 (KHTML, like Gecko) GSA/420.4.909430193 Mobile/15E148 Safari/604.1"
114.122.209.250 - - [28/May/2026:21:16:35 +0300] "GET /images/logo/68cd70d486515.png HTTP/1.1" 200 11456 "https://cehaburo.com/en/certificates" "Mozilla/5.0 (iPhone; CPU iPhone OS 18_7_9 like Mac OS X) AppleWebKit/605.1.15 (KHTML, like Gecko) GSA/420.4.909430193 Mobile/15E148 Safari/604.1"
114.10.134.169 - - [28/May/2026:21:16:35 +0300] "GET /css/responsive.css HTTP/1.1" 200 1057 "https://cehaburo.com/en/certificates" "Mozilla/5.0 (Linux; Android 15) AppleWebKit/537.36 (KHTML, like Gecko) Version/4.0 Chrome/148.0.7778.183 Mobile DuckDuckGo/14 Safari/537.36"
180.254.127.76 - - [28/May/2026:21:16:35 +0300] "GET /en/certificates HTTP/1.1" 200 6043 "-" "Mozilla/5.0 (iPhone; CPU iPhone OS 18_7 like Mac OS X) AppleWebKit/605.1.15 (KHTML, like Gecko) Mobile/15E148"
114.122.209.250 - - [28/May/2026:21:16:35 +0300] "GET /images/logo/61cc6bce93429.png HTTP/1.1" 200 11689 "https://cehaburo.com/en/certificates" "Mozilla/5.0 (iPhone; CPU iPhone OS 18_7_9 like Mac OS X) AppleWebKit/605.1.15 (KHTML, like Gecko) GSA/420.4.909430193 Mobile/15E148 Safari/604.1"
114.10.134.169 - - [28/May/2026:21:16:35 +0300] "GET /css/colors.css HTTP/1.1" 200 1926 "https://cehaburo.com/en/certificates" "Mozilla/5.0 (Linux; Android 15) AppleWebKit/537.36 (KHTML, like Gecko) Version/4.0 Chrome/148.0.7778.183 Mobile DuckDuckGo/14 Safari/537.36"
114.122.209.250 - - [28/May/2026:21:16:35 +0300] "GET /images/certificate/61fb7f85b8bcd.jpg HTTP/1.1" 200 1304329 "https://cehaburo.com/en/certificates" "Mozilla/5.0 (iPhone; CPU iPhone OS 18_7_9 like Mac OS X) AppleWebKit/605.1.15 (KHTML, like Gecko) GSA/420.4.909430193 Mobile/15E148 Safari/604.1"
114.10.134.169 - - [28/May/2026:21:16:36 +0300] "GET /vendors/jquery.min.js HTTP/1.1" 200 30677 "https://cehaburo.com/en/certificates" "Mozilla/5.0 (Linux; Android 15) AppleWebKit/537.36 (KHTML, like Gecko) Version/4.0 Chrome/148.0.7778.183 Mobile DuckDuckGo/14 Safari/537.36"
114.10.134.169 - - [28/May/2026:21:16:36 +0300] "GET /images/logo/logo.png HTTP/1.1" 200 4478 "https://cehaburo.com/en/certificates" "Mozilla/5.0 (Linux; Android 15) AppleWebKit/537.36 (KHTML, like Gecko) Version/4.0 Chrome/148.0.7778.183 Mobile DuckDuckGo/14 Safari/537.36"
125.160.115.138 - - [28/May/2026:21:16:37 +0300] "GET /en/certificates HTTP/1.1" 200 6043 "-" "Mozilla/5.0 (iPhone; CPU iPhone OS 18_7 like Mac OS X) AppleWebKit/605.1.15 (KHTML, like Gecko) Mobile/15E148"
114.10.134.169 - - [28/May/2026:21:16:37 +0300] "GET /images/certificate/61fb7f85b8bcd.jpg HTTP/1.1" 200 1304329 "https://cehaburo.com/en/certificates" "Mozilla/5.0 (Linux; Android 15) AppleWebKit/537.36 (KHTML, like Gecko) Version/4.0 Chrome/148.0.7778.183 Mobile DuckDuckGo/14 Safari/537.36"
114.10.134.169 - - [28/May/2026:21:16:40 +0300] "GET /vendors/jquery-ui/jquery-ui.min.js HTTP/1.1" 200 67971 "https://cehaburo.com/en/certificates" "Mozilla/5.0 (Linux; Android 15) AppleWebKit/537.36 (KHTML, like Gecko) Version/4.0 Chrome/148.0.7778.183 Mobile DuckDuckGo/14 Safari/537.36"
114.10.134.169 - - [28/May/2026:21:16:40 +0300] "GET /vendors/bootstrap/bootstrap.bundle.js HTTP/1.1" 200 30407 "https://cehaburo.com/en/certificates" "Mozilla/5.0 (Linux; Android 15) AppleWebKit/537.36 (KHTML, like Gecko) Version/4.0 Chrome/148.0.7778.183 Mobile DuckDuckGo/14 Safari/537.36"
114.10.134.169 - - [28/May/2026:21:16:41 +0300] "GET /vendors/bootstrap-select/js/bootstrap-select.min.js HTTP/1.1" 200 15945 "https://cehaburo.com/en/certificates" "Mozilla/5.0 (Linux; Android 15) AppleWebKit/537.36 (KHTML, like Gecko) Version/4.0 Chrome/148.0.7778.183 Mobile DuckDuckGo/14 Safari/537.36"
182.9.161.122 - - [28/May/2026:21:16:41 +0300] "GET /vendors/bootstrap-select/css/bootstrap-select.min.css HTTP/1.1" 200 2247 "https://cehaburo.com/en/certificates" "Mozilla/5.0 (iPhone; CPU iPhone OS 18_1_1 like Mac OS X) AppleWebKit/605.1.15 (KHTML, like Gecko) GSA/420.4.909430193 Mobile/15E148 Safari/604.1"
114.10.134.169 - - [28/May/2026:21:16:41 +0300] "GET /vendors/waypoints/jquery.waypoints.min.js HTTP/1.1" 200 2615 "https://cehaburo.com/en/certificates" "Mozilla/5.0 (Linux; Android 15) AppleWebKit/537.36 (KHTML, like Gecko) Version/4.0 Chrome/148.0.7778.183 Mobile DuckDuckGo/14 Safari/537.36"
182.9.161.122 - - [28/May/2026:21:16:41 +0300] "GET /vendors/mapbox-gl/mapbox-gl.min.css HTTP/1.1" 200 4574 "https://cehaburo.com/en/certificates" "Mozilla/5.0 (iPhone; CPU iPhone OS 18_1_1 like Mac OS X) AppleWebKit/605.1.15 (KHTML, like Gecko) GSA/420.4.909430193 Mobile/15E148 Safari/604.1"
114.10.134.169 - - [28/May/2026:21:16:41 +0300] "GET /vendors/counter/countUp.js HTTP/1.1" 200 1392 "https://cehaburo.com/en/certificates" "Mozilla/5.0 (Linux; Android 15) AppleWebKit/537.36 (KHTML, like Gecko) Version/4.0 Chrome/148.0.7778.183 Mobile DuckDuckGo/14 Safari/537.36"
182.9.161.122 - - [28/May/2026:21:16:41 +0300] "GET /css/spacing.css HTTP/1.1" 200 10689 "https://cehaburo.com/en/certificates" "Mozilla/5.0 (iPhone; CPU iPhone OS 18_1_1 like Mac OS X) AppleWebKit/605.1.15 (KHTML, like Gecko) GSA/420.4.909430193 Mobile/15E148 Safari/604.1"
114.10.134.169 - - [28/May/2026:21:16:42 +0300] "GET /vendors/magnific-popup/jquery.magnific-popup.min.js HTTP/1.1" 200 7292 "https://cehaburo.com/en/certificates" "Mozilla/5.0 (Linux; Android 15) AppleWebKit/537.36 (KHTML, like Gecko) Version/4.0 Chrome/148.0.7778.183 Mobile DuckDuckGo/14 Safari/537.36"
182.9.161.122 - - [28/May/2026:21:16:42 +0300] "GET /css/themes.css HTTP/1.1" 200 56838 "https://cehaburo.com/en/certificates" "Mozilla/5.0 (iPhone; CPU iPhone OS 18_1_1 like Mac OS X) AppleWebKit/605.1.15 (KHTML, like Gecko) GSA/420.4.909430193 Mobile/15E148 Safari/604.1"
114.10.134.169 - - [28/May/2026:21:16:42 +0300] "GET /vendors/jparallax/TweenMax.min.js HTTP/1.1" 200 39768 "https://cehaburo.com/en/certificates" "Mozilla/5.0 (Linux; Android 15) AppleWebKit/537.36 (KHTML, like Gecko) Version/4.0 Chrome/148.0.7778.183 Mobile DuckDuckGo/14 Safari/537.36"
182.9.161.122 - - [28/May/2026:21:16:42 +0300] "GET /css/responsive.css HTTP/1.1" 200 1057 "https://cehaburo.com/en/certificates" "Mozilla/5.0 (iPhone; CPU iPhone OS 18_1_1 like Mac OS X) AppleWebKit/605.1.15 (KHTML, like Gecko) GSA/420.4.909430193 Mobile/15E148 Safari/604.1"
114.10.134.169 - - [28/May/2026:21:16:43 +0300] "GET /js/theme.js HTTP/1.1" 200 10908 "https://cehaburo.com/en/certificates" "Mozilla/5.0 (Linux; Android 15) AppleWebKit/537.36 (KHTML, like Gecko) Version/4.0 Chrome/148.0.7778.183 Mobile DuckDuckGo/14 Safari/537.36"
182.9.161.122 - - [28/May/2026:21:16:43 +0300] "GET /css/colors.css HTTP/1.1" 200 1926 "https://cehaburo.com/en/certificates" "Mozilla/5.0 (iPhone; CPU iPhone OS 18_1_1 like Mac OS X) AppleWebKit/605.1.15 (KHTML, like Gecko) GSA/420.4.909430193 Mobile/15E148 Safari/604.1"
114.10.134.169 - - [28/May/2026:21:16:43 +0300] "GET /images/certificate/6183ee2a63e5c.png HTTP/1.1" 200 794394 "https://cehaburo.com/en/certificates" "Mozilla/5.0 (Linux; Android 15) AppleWebKit/537.36 (KHTML, like Gecko) Version/4.0 Chrome/148.0.7778.183 Mobile DuckDuckGo/14 Safari/537.36"
114.10.134.169 - - [28/May/2026:21:16:44 +0300] "GET /images/certificate/6183eec005104.png HTTP/1.1" 200 760196 "https://cehaburo.com/en/certificates" "Mozilla/5.0 (Linux; Android 15) AppleWebKit/537.36 (KHTML, like Gecko) Version/4.0 Chrome/148.0.7778.183 Mobile DuckDuckGo/14 Safari/537.36"
114.10.134.169 - - [28/May/2026:21:16:46 +0300] "GET /vendors/fontawesome-pro-5/webfonts/fa-light-300.woff2 HTTP/1.1" 200 185394 "https://cehaburo.com/vendors/fontawesome-pro-5/css/all.css" "Mozilla/5.0 (Linux; Android 15) AppleWebKit/537.36 (KHTML, like Gecko) Version/4.0 Chrome/148.0.7778.183 Mobile DuckDuckGo/14 Safari/537.36"
114.10.134.169 - - [28/May/2026:21:16:46 +0300] "GET /vendors/fontawesome-pro-5/webfonts/fa-regular-400.woff2 HTTP/1.1" 200 169597 "https://cehaburo.com/vendors/fontawesome-pro-5/css/all.css" "Mozilla/5.0 (Linux; Android 15) AppleWebKit/537.36 (KHTML, like Gecko) Version/4.0 Chrome/148.0.7778.183 Mobile DuckDuckGo/14 Safari/537.36"
182.9.161.122 - - [28/May/2026:21:16:46 +0300] "GET /vendors/jquery.min.js HTTP/1.1" 200 30677 "https://cehaburo.com/en/certificates" "Mozilla/5.0 (iPhone; CPU iPhone OS 18_1_1 like Mac OS X) AppleWebKit/605.1.15 (KHTML, like Gecko) GSA/420.4.909430193 Mobile/15E148 Safari/604.1"
114.10.134.169 - - [28/May/2026:21:16:46 +0300] "GET /vendors/fontawesome-pro-5/webfonts/fa-brands-400.woff2 HTTP/1.1" 200 76526 "https://cehaburo.com/vendors/fontawesome-pro-5/css/all.css" "Mozilla/5.0 (Linux; Android 15) AppleWebKit/537.36 (KHTML, like Gecko) Version/4.0 Chrome/148.0.7778.183 Mobile DuckDuckGo/14 Safari/537.36"
114.10.134.169 - - [28/May/2026:21:16:47 +0300] "GET /images/certificate/6183ef4b2e075.png HTTP/1.1" 200 697801 "https://cehaburo.com/en/certificates" "Mozilla/5.0 (Linux; Android 15) AppleWebKit/537.36 (KHTML, like Gecko) Version/4.0 Chrome/148.0.7778.183 Mobile DuckDuckGo/14 Safari/537.36"
182.9.161.122 - - [28/May/2026:21:16:47 +0300] "GET /vendors/jquery-ui/jquery-ui.min.css HTTP/1.1" 200 7607 "https://cehaburo.com/en/certificates" "Mozilla/5.0 (iPhone; CPU iPhone OS 18_1_1 like Mac OS X) AppleWebKit/605.1.15 (KHTML, like Gecko) GSA/420.4.909430193 Mobile/15E148 Safari/604.1"
182.9.161.122 - - [28/May/2026:21:16:47 +0300] "GET /vendors/slick/slick.min.css HTTP/1.1" 200 503 "https://cehaburo.com/en/certificates" "Mozilla/5.0 (iPhone; CPU iPhone OS 18_1_1 like Mac OS X) AppleWebKit/605.1.15 (KHTML, like Gecko) GSA/420.4.909430193 Mobile/15E148 Safari/604.1"
182.9.161.122 - - [28/May/2026:21:16:47 +0300] "GET /vendors/fontawesome-pro-5/css/all.css HTTP/1.1" 200 32906 "https://cehaburo.com/en/certificates" "Mozilla/5.0 (iPhone; CPU iPhone OS 18_1_1 like Mac OS X) AppleWebKit/605.1.15 (KHTML, like Gecko) GSA/420.4.909430193 Mobile/15E148 Safari/604.1"
182.9.161.122 - - [28/May/2026:21:16:47 +0300] "GET /vendors/jquery-ui/jquery-ui.min.js HTTP/1.1" 200 67971 "https://cehaburo.com/en/certificates" "Mozilla/5.0 (iPhone; CPU iPhone OS 18_1_1 like Mac OS X) AppleWebKit/605.1.15 (KHTML, like Gecko) GSA/420.4.909430193 Mobile/15E148 Safari/604.1"
182.9.161.122 - - [28/May/2026:21:16:47 +0300] "GET /vendors/bootstrap/bootstrap.bundle.js HTTP/1.1" 200 30407 "https://cehaburo.com/en/certificates" "Mozilla/5.0 (iPhone; CPU iPhone OS 18_1_1 like Mac OS X) AppleWebKit/605.1.15 (KHTML, like Gecko) GSA/420.4.909430193 Mobile/15E148 Safari/604.1"
182.9.161.122 - - [28/May/2026:21:16:47 +0300] "GET /vendors/bootstrap-select/js/bootstrap-select.min.js HTTP/1.1" 200 15945 "https://cehaburo.com/en/certificates" "Mozilla/5.0 (iPhone; CPU iPhone OS 18_1_1 like Mac OS X) AppleWebKit/605.1.15 (KHTML, like Gecko) GSA/420.4.909430193 Mobile/15E148 Safari/604.1"
182.9.161.122 - - [28/May/2026:21:16:48 +0300] "GET /vendors/slick/slick.min.js HTTP/1.1" 200 10442 "https://cehaburo.com/en/certificates" "Mozilla/5.0 (iPhone; CPU iPhone OS 18_1_1 like Mac OS X) AppleWebKit/605.1.15 (KHTML, like Gecko) GSA/420.4.909430193 Mobile/15E148 Safari/604.1"
182.9.161.122 - - [28/May/2026:21:16:48 +0300] "GET /vendors/waypoints/jquery.waypoints.min.js HTTP/1.1" 200 2615 "https://cehaburo.com/en/certificates" "Mozilla/5.0 (iPhone; CPU iPhone OS 18_1_1 like Mac OS X) AppleWebKit/605.1.15 (KHTML, like Gecko) GSA/420.4.909430193 Mobile/15E148 Safari/604.1"
182.9.161.122 - - [28/May/2026:21:16:48 +0300] "GET /vendors/counter/countUp.js HTTP/1.1" 200 1392 "https://cehaburo.com/en/certificates" "Mozilla/5.0 (iPhone; CPU iPhone OS 18_1_1 like Mac OS X) AppleWebKit/605.1.15 (KHTML, like Gecko) GSA/420.4.909430193 Mobile/15E148 Safari/604.1"
182.9.161.122 - - [28/May/2026:21:16:48 +0300] "GET /vendors/magnific-popup/jquery.magnific-popup.min.js HTTP/1.1" 200 7292 "https://cehaburo.com/en/certificates" "Mozilla/5.0 (iPhone; CPU iPhone OS 18_1_1 like Mac OS X) AppleWebKit/605.1.15 (KHTML, like Gecko) GSA/420.4.909430193 Mobile/15E148 Safari/604.1"
182.9.161.122 - - [28/May/2026:21:16:48 +0300] "GET /vendors/hc-sticky/hc-sticky.min.js HTTP/1.1" 200 4015 "https://cehaburo.com/en/certificates" "Mozilla/5.0 (iPhone; CPU iPhone OS 18_1_1 like Mac OS X) AppleWebKit/605.1.15 (KHTML, like Gecko) GSA/420.4.909430193 Mobile/15E148 Safari/604.1"
182.9.161.122 - - [28/May/2026:21:16:48 +0300] "GET /vendors/jparallax/TweenMax.min.js HTTP/1.1" 200 39768 "https://cehaburo.com/en/certificates" "Mozilla/5.0 (iPhone; CPU iPhone OS 18_1_1 like Mac OS X) AppleWebKit/605.1.15 (KHTML, like Gecko) GSA/420.4.909430193 Mobile/15E148 Safari/604.1"
182.9.161.122 - - [28/May/2026:21:16:48 +0300] "GET /js/theme.js HTTP/1.1" 200 10908 "https://cehaburo.com/en/certificates" "Mozilla/5.0 (iPhone; CPU iPhone OS 18_1_1 like Mac OS X) AppleWebKit/605.1.15 (KHTML, like Gecko) GSA/420.4.909430193 Mobile/15E148 Safari/604.1"
182.9.161.122 - - [28/May/2026:21:16:48 +0300] "GET /vendors/mapbox-gl/mapbox-gl.js HTTP/1.1" 200 195168 "https://cehaburo.com/en/certificates" "Mozilla/5.0 (iPhone; CPU iPhone OS 18_1_1 like Mac OS X) AppleWebKit/605.1.15 (KHTML, like Gecko) GSA/420.4.909430193 Mobile/15E148 Safari/604.1"
114.10.134.169 - - [28/May/2026:21:16:48 +0300] "GET /images/certificate/6183f17f21dae.jpg HTTP/1.1" 200 2362276 "https://cehaburo.com/en/certificates" "Mozilla/5.0 (Linux; Android 15) AppleWebKit/537.36 (KHTML, like Gecko) Version/4.0 Chrome/148.0.7778.183 Mobile DuckDuckGo/14 Safari/537.36"
182.9.161.122 - - [28/May/2026:21:16:50 +0300] "GET /vendors/animate.css HTTP/1.1" 200 4325 "https://cehaburo.com/en/certificates" "Mozilla/5.0 (iPhone; CPU iPhone OS 18_1_1 like Mac OS X) AppleWebKit/605.1.15 (KHTML, like Gecko) GSA/420.4.909430193 Mobile/15E148 Safari/604.1"
182.9.161.122 - - [28/May/2026:21:16:50 +0300] "GET /vendors/magnific-popup/magnific-popup.min.css HTTP/1.1" 200 1565 "https://cehaburo.com/en/certificates" "Mozilla/5.0 (iPhone; CPU iPhone OS 18_1_1 like Mac OS X) AppleWebKit/605.1.15 (KHTML, like Gecko) GSA/420.4.909430193 Mobile/15E148 Safari/604.1"
182.9.161.122 - - [28/May/2026:21:16:51 +0300] "GET /images/logo/logo.png HTTP/1.1" 200 4478 "https://cehaburo.com/en/certificates" "Mozilla/5.0 (iPhone; CPU iPhone OS 18_1_1 like Mac OS X) AppleWebKit/605.1.15 (KHTML, like Gecko) GSA/420.4.909430193 Mobile/15E148 Safari/604.1"
114.10.134.169 - - [28/May/2026:21:16:51 +0300] "GET /images/logo/64b5226a99913.png HTTP/1.1" 200 20537 "https://cehaburo.com/en/certificates" "Mozilla/5.0 (Linux; Android 15) AppleWebKit/537.36 (KHTML, like Gecko) Version/4.0 Chrome/148.0.7778.183 Mobile DuckDuckGo/14 Safari/537.36"
182.9.161.122 - - [28/May/2026:21:16:50 +0300] "GET /images/certificate/61fb7f85b8bcd.jpg HTTP/1.1" 200 1304329 "https://cehaburo.com/en/certificates" "Mozilla/5.0 (iPhone; CPU iPhone OS 18_1_1 like Mac OS X) AppleWebKit/605.1.15 (KHTML, like Gecko) GSA/420.4.909430193 Mobile/15E148 Safari/604.1"
114.10.134.169 - - [28/May/2026:21:16:51 +0300] "GET /images/logo/64b69cd526f8e.png HTTP/1.1" 200 10142 "https://cehaburo.com/en/certificates" "Mozilla/5.0 (Linux; Android 15) AppleWebKit/537.36 (KHTML, like Gecko) Version/4.0 Chrome/148.0.7778.183 Mobile DuckDuckGo/14 Safari/537.36"
114.10.134.169 - - [28/May/2026:21:16:51 +0300] "GET /images/logo/61cc6c04c5f8b.png HTTP/1.1" 200 11970 "https://cehaburo.com/en/certificates" "Mozilla/5.0 (Linux; Android 15) AppleWebKit/537.36 (KHTML, like Gecko) Version/4.0 Chrome/148.0.7778.183 Mobile DuckDuckGo/14 Safari/537.36"
114.10.134.169 - - [28/May/2026:21:16:52 +0300] "GET /images/logo/61cc6bdb9a67b.png HTTP/1.1" 200 10573 "https://cehaburo.com/en/certificates" "Mozilla/5.0 (Linux; Android 15) AppleWebKit/537.36 (KHTML, like Gecko) Version/4.0 Chrome/148.0.7778.183 Mobile DuckDuckGo/14 Safari/537.36"
114.10.134.169 - - [28/May/2026:21:16:52 +0300] "GET /images/logo/61cc6bce93429.png HTTP/1.1" 200 11689 "https://cehaburo.com/en/certificates" "Mozilla/5.0 (Linux; Android 15) AppleWebKit/537.36 (KHTML, like Gecko) Version/4.0 Chrome/148.0.7778.183 Mobile DuckDuckGo/14 Safari/537.36"
114.10.134.169 - - [28/May/2026:21:16:53 +0300] "GET /images/favicon.html HTTP/1.1" 200 169 "https://cehaburo.com/en/certificates" "Mozilla/5.0 (Linux; Android 15) AppleWebKit/537.36 (KHTML, like Gecko) Version/4.0 Chrome/148.0.7778.183 Mobile DuckDuckGo/14 Safari/537.36"
114.10.134.169 - - [28/May/2026:21:16:53 +0300] "GET /images/favicon.png HTTP/1.1" 200 3753 "https://cehaburo.com/en/certificates" "Mozilla/5.0 (Linux; Android 15) AppleWebKit/537.36 (KHTML, like Gecko) Version/4.0 Chrome/148.0.7778.183 Mobile DuckDuckGo/14 Safari/537.36"
103.156.57.174 - - [28/May/2026:21:16:53 +0300] "GET /en/certificates HTTP/1.1" 200 6043 "http://p.calcpol.com/" "Mozilla/5.0 (iPhone; CPU iPhone OS 26_5_0 like Mac OS X) AppleWebKit/605.1.15 (KHTML, like Gecko) CriOS/148.0.7778.166 Mobile/15E148 Safari/604.1"
182.9.161.122 - - [28/May/2026:21:16:54 +0300] "GET /images/certificate/6183eec005104.png HTTP/1.1" 200 760196 "https://cehaburo.com/en/certificates" "Mozilla/5.0 (iPhone; CPU iPhone OS 18_1_1 like Mac OS X) AppleWebKit/605.1.15 (KHTML, like Gecko) GSA/420.4.909430193 Mobile/15E148 Safari/604.1"
202.154.36.233 - - [28/May/2026:21:16:54 +0300] "GET /en/certificates HTTP/1.1" 200 6043 "-" "Mozilla/5.0 (iPhone; CPU iPhone OS 18_7 like Mac OS X) AppleWebKit/605.1.15 (KHTML, like Gecko) Mobile/22H355 Safari/604.1 [FBAN/FBIOS;FBAV/562.0.0.61.70;FBBV/974804325;FBDV/iPhone11,8;FBMD/iPhone;FBSN/iOS;FBSV/18.7.9;FBSS/2;FBID/phone;FBLC/id_ID;FBOP/5;FBRV/981964414;IABMV/1]"
182.9.161.122 - - [28/May/2026:21:16:54 +0300] "GET /images/certificate/6183ef4b2e075.png HTTP/1.1" 200 697801 "https://cehaburo.com/en/certificates" "Mozilla/5.0 (iPhone; CPU iPhone OS 18_1_1 like Mac OS X) AppleWebKit/605.1.15 (KHTML, like Gecko) GSA/420.4.909430193 Mobile/15E148 Safari/604.1"
182.9.161.122 - - [28/May/2026:21:16:51 +0300] "GET /images/certificate/6183ee2a63e5c.png HTTP/1.1" 200 794394 "https://cehaburo.com/en/certificates" "Mozilla/5.0 (iPhone; CPU iPhone OS 18_1_1 like Mac OS X) AppleWebKit/605.1.15 (KHTML, like Gecko) GSA/420.4.909430193 Mobile/15E148 Safari/604.1"
103.150.226.29 - - [28/May/2026:21:16:55 +0300] "GET /vendors/jquery-ui/jquery-ui.min.js HTTP/1.1" 200 67971 "https://cehaburo.com/en/certificates" "Mozilla/5.0 (Windows NT 10.0; WOW64; rv:66.0) Gecko/20100101 Firefox/66.0"
182.9.161.122 - - [28/May/2026:21:16:56 +0300] "GET /images/certificate/6183f17f21dae.jpg HTTP/1.1" 200 2362276 "https://cehaburo.com/en/certificates" "Mozilla/5.0 (iPhone; CPU iPhone OS 18_1_1 like Mac OS X) AppleWebKit/605.1.15 (KHTML, like Gecko) GSA/420.4.909430193 Mobile/15E148 Safari/604.1"
182.9.1.40 - - [28/May/2026:21:16:58 +0300] "GET /en/certificates HTTP/1.1" 200 6043 "-" "Mozilla/5.0 (iPhone; CPU iPhone OS 18_2 like Mac OS X) AppleWebKit/605.1.15 (KHTML, like Gecko) Version/18.2 Mobile/15E148 Safari/604.1 OPT/6.5.0"
103.136.57.82 - - [28/May/2026:21:16:58 +0300] "GET /en/certificates HTTP/1.1" 200 6043 "-" "Mozilla/5.0 (iPhone; CPU iPhone OS 18_3_1 like Mac OS X) AppleWebKit/605.1.15 (KHTML, like Gecko) CriOS/148.0.7778.166 Mobile/15E148 Safari/604.1"
182.253.134.128 - - [28/May/2026:21:16:58 +0300] "GET /en/certificates HTTP/1.1" 200 6043 "-" "Mozilla/5.0 (iPhone; CPU iPhone OS 18_7 like Mac OS X) AppleWebKit/605.1.15 (KHTML, like Gecko) Mobile/15E148"
157.10.97.15 - - [28/May/2026:21:16:58 +0300] "GET /vendors/fontawesome-pro-5/css/all.css HTTP/1.1" 200 32906 "https://cehaburo.com/en/certificates" "Mozilla/5.0 (iPhone; CPU iPhone OS 18_7 like Mac OS X) AppleWebKit/605.1.15 (KHTML, like Gecko) Version/26.3 Mobile/15E148 Safari/604.1"
103.136.57.82 - - [28/May/2026:21:16:58 +0300] "GET /vendors/fontawesome-pro-5/css/all.css HTTP/1.1" 200 32906 "https://cehaburo.com/en/certificates" "Mozilla/5.0 (iPhone; CPU iPhone OS 18_3_1 like Mac OS X) AppleWebKit/605.1.15 (KHTML, like Gecko) CriOS/148.0.7778.166 Mobile/15E148 Safari/604.1"
182.9.161.122 - - [28/May/2026:21:16:58 +0300] "GET /images/logo/64b5226a99913.png HTTP/1.1" 200 20537 "https://cehaburo.com/en/certificates" "Mozilla/5.0 (iPhone; CPU iPhone OS 18_1_1 like Mac OS X) AppleWebKit/605.1.15 (KHTML, like Gecko) GSA/420.4.909430193 Mobile/15E148 Safari/604.1"
157.10.97.15 - - [28/May/2026:21:16:58 +0300] "GET /vendors/mapbox-gl/mapbox-gl.min.css HTTP/1.1" 200 4574 "https://cehaburo.com/en/certificates" "Mozilla/5.0 (iPhone; CPU iPhone OS 18_7 like Mac OS X) AppleWebKit/605.1.15 (KHTML, like Gecko) Version/26.3 Mobile/15E148 Safari/604.1"
103.136.57.82 - - [28/May/2026:21:16:58 +0300] "GET /vendors/mapbox-gl/mapbox-gl.min.css HTTP/1.1" 200 4574 "https://cehaburo.com/en/certificates" "Mozilla/5.0 (iPhone; CPU iPhone OS 18_3_1 like Mac OS X) AppleWebKit/605.1.15 (KHTML, like Gecko) CriOS/148.0.7778.166 Mobile/15E148 Safari/604.1"
114.10.147.48 - - [28/May/2026:21:16:58 +0300] "GET /vendors/animate.css HTTP/1.1" 200 4325 "-" "Mozilla/5.0 (iPhone; CPU iPhone OS 18_6_2 like Mac OS X) AppleWebKit/605.1.15 (KHTML, like Gecko) Version/18.6 Mobile/15E148 Safari/604.1"
157.10.97.15 - - [28/May/2026:21:16:59 +0300] "GET /css/spacing.css HTTP/1.1" 200 10689 "https://cehaburo.com/en/certificates" "Mozilla/5.0 (iPhone; CPU iPhone OS 18_7 like Mac OS X) AppleWebKit/605.1.15 (KHTML, like Gecko) Version/26.3 Mobile/15E148 Safari/604.1"
103.136.57.82 - - [28/May/2026:21:16:59 +0300] "GET /css/spacing.css HTTP/1.1" 200 10689 "https://cehaburo.com/en/certificates" "Mozilla/5.0 (iPhone; CPU iPhone OS 18_3_1 like Mac OS X) AppleWebKit/605.1.15 (KHTML, like Gecko) CriOS/148.0.7778.166 Mobile/15E148 Safari/604.1"
182.8.129.155 - - [28/May/2026:21:16:59 +0300] "GET /en/certificates HTTP/1.1" 200 6043 "https://vidvf.com/" "Mozilla/5.0 (iPhone; CPU iPhone OS 18_7 like Mac OS X) AppleWebKit/605.1.15 (KHTML, like Gecko) Version/18.7.6 Mobile/15E148 Safari/604.1"
157.10.97.15 - - [28/May/2026:21:16:59 +0300] "GET /css/themes.css HTTP/1.1" 200 56838 "https://cehaburo.com/en/certificates" "Mozilla/5.0 (iPhone; CPU iPhone OS 18_7 like Mac OS X) AppleWebKit/605.1.15 (KHTML, like Gecko) Version/26.3 Mobile/15E148 Safari/604.1"
103.136.57.82 - - [28/May/2026:21:16:59 +0300] "GET /css/themes.css HTTP/1.1" 200 56838 "https://cehaburo.com/en/certificates" "Mozilla/5.0 (iPhone; CPU iPhone OS 18_3_1 like Mac OS X) AppleWebKit/605.1.15 (KHTML, like Gecko) CriOS/148.0.7778.166 Mobile/15E148 Safari/604.1"
36.81.234.173 - - [28/May/2026:21:16:59 +0300] "GET /en/certificates HTTP/1.1" 200 6043 "https://vidvf.com/" "Mozilla/5.0 (iPhone; CPU iPhone OS 18_7 like Mac OS X) AppleWebKit/605.1.15 (KHTML, like Gecko) Version/26.4 Mobile/15E148 Safari/604.1"
157.10.97.15 - - [28/May/2026:21:16:59 +0300] "GET /css/responsive.css HTTP/1.1" 200 1057 "https://cehaburo.com/en/certificates" "Mozilla/5.0 (iPhone; CPU iPhone OS 18_7 like Mac OS X) AppleWebKit/605.1.15 (KHTML, like Gecko) Version/26.3 Mobile/15E148 Safari/604.1"
103.136.57.82 - - [28/May/2026:21:16:59 +0300] "GET /css/responsive.css HTTP/1.1" 200 1057 "https://cehaburo.com/en/certificates" "Mozilla/5.0 (iPhone; CPU iPhone OS 18_3_1 like Mac OS X) AppleWebKit/605.1.15 (KHTML, like Gecko) CriOS/148.0.7778.166 Mobile/15E148 Safari/604.1"
203.83.40.67 - - [28/May/2026:21:16:59 +0300] "GET /vendors/fontawesome-pro-5/css/all.css HTTP/1.1" 200 32906 "https://cehaburo.com/en/certificates" "Mozilla/5.0 (iPhone; CPU iPhone OS 26_4_2 like Mac OS X) AppleWebKit/605.1.15 (KHTML, like Gecko) Mobile/23E261 Safari/604.1 [FBAN/FBIOS;FBAV/562.0.0.61.70;FBBV/974804325;FBDV/iPhone12,3;FBMD/iPhone;FBSN/iOS;FBSV/26.4.2;FBSS/3;FBID/phone;FBLC/id_ID;FBOP/5;FBRV/981964414;IABMV/1]"
157.10.97.15 - - [28/May/2026:21:16:59 +0300] "GET /css/colors.css HTTP/1.1" 200 1926 "https://cehaburo.com/en/certificates" "Mozilla/5.0 (iPhone; CPU iPhone OS 18_7 like Mac OS X) AppleWebKit/605.1.15 (KHTML, like Gecko) Version/26.3 Mobile/15E148 Safari/604.1"
103.136.57.82 - - [28/May/2026:21:16:59 +0300] "GET /css/colors.css HTTP/1.1" 200 1926 "https://cehaburo.com/en/certificates" "Mozilla/5.0 (iPhone; CPU iPhone OS 18_3_1 like Mac OS X) AppleWebKit/605.1.15 (KHTML, like Gecko) CriOS/148.0.7778.166 Mobile/15E148 Safari/604.1"
157.10.97.15 - - [28/May/2026:21:17:00 +0300] "GET /vendors/jquery.min.js HTTP/1.1" 200 30677 "https://cehaburo.com/en/certificates" "Mozilla/5.0 (iPhone; CPU iPhone OS 18_7 like Mac OS X) AppleWebKit/605.1.15 (KHTML, like Gecko) Version/26.3 Mobile/15E148 Safari/604.1"
103.136.57.82 - - [28/May/2026:21:17:00 +0300] "GET /vendors/jquery.min.js HTTP/1.1" 200 30677 "https://cehaburo.com/en/certificates" "Mozilla/5.0 (iPhone; CPU iPhone OS 18_3_1 like Mac OS X) AppleWebKit/605.1.15 (KHTML, like Gecko) CriOS/148.0.7778.166 Mobile/15E148 Safari/604.1"
182.9.161.122 - - [28/May/2026:21:17:00 +0300] "GET /images/logo/64b69cd526f8e.png HTTP/1.1" 200 10142 "https://cehaburo.com/en/certificates" "Mozilla/5.0 (iPhone; CPU iPhone OS 18_1_1 like Mac OS X) AppleWebKit/605.1.15 (KHTML, like Gecko) GSA/420.4.909430193 Mobile/15E148 Safari/604.1"
