114.10.155.212 - - [28/May/2026:21:20:13 +0300] "GET /vendors/bootstrap-select/css/bootstrap-select.min.css HTTP/1.1" 200 2247 "https://cehaburo.com/en/certificates" "Mozilla/5.0 (iPhone; CPU iPhone OS 18_7 like Mac OS X) AppleWebKit/605.1.15 (KHTML, like Gecko) Version/26.5 Mobile/15E148 Safari/604.1"
114.10.155.212 - - [28/May/2026:21:20:13 +0300] "GET /vendors/slick/slick.min.css HTTP/1.1" 200 503 "https://cehaburo.com/en/certificates" "Mozilla/5.0 (iPhone; CPU iPhone OS 18_7 like Mac OS X) AppleWebKit/605.1.15 (KHTML, like Gecko) Version/26.5 Mobile/15E148 Safari/604.1"
114.10.155.212 - - [28/May/2026:21:20:13 +0300] "GET /vendors/magnific-popup/magnific-popup.min.css HTTP/1.1" 200 1565 "https://cehaburo.com/en/certificates" "Mozilla/5.0 (iPhone; CPU iPhone OS 18_7 like Mac OS X) AppleWebKit/605.1.15 (KHTML, like Gecko) Version/26.5 Mobile/15E148 Safari/604.1"
114.10.155.212 - - [28/May/2026:21:20:14 +0300] "GET /css/spacing.css HTTP/1.1" 200 10689 "https://cehaburo.com/en/certificates" "Mozilla/5.0 (iPhone; CPU iPhone OS 18_7 like Mac OS X) AppleWebKit/605.1.15 (KHTML, like Gecko) Version/26.5 Mobile/15E148 Safari/604.1"
114.10.155.212 - - [28/May/2026:21:20:14 +0300] "GET /vendors/jquery-ui/jquery-ui.min.css HTTP/1.1" 200 7607 "https://cehaburo.com/en/certificates" "Mozilla/5.0 (iPhone; CPU iPhone OS 18_7 like Mac OS X) AppleWebKit/605.1.15 (KHTML, like Gecko) Version/26.5 Mobile/15E148 Safari/604.1"
182.4.135.21 - - [28/May/2026:21:20:14 +0300] "-" 408 - "-" "-"
114.10.155.212 - - [28/May/2026:21:20:14 +0300] "GET /css/responsive.css HTTP/1.1" 200 1057 "https://cehaburo.com/en/certificates" "Mozilla/5.0 (iPhone; CPU iPhone OS 18_7 like Mac OS X) AppleWebKit/605.1.15 (KHTML, like Gecko) Version/26.5 Mobile/15E148 Safari/604.1"
114.10.155.212 - - [28/May/2026:21:20:15 +0300] "GET /css/themes.css HTTP/1.1" 200 56838 "https://cehaburo.com/en/certificates" "Mozilla/5.0 (iPhone; CPU iPhone OS 18_7 like Mac OS X) AppleWebKit/605.1.15 (KHTML, like Gecko) Version/26.5 Mobile/15E148 Safari/604.1"
114.10.155.212 - - [28/May/2026:21:20:15 +0300] "GET /css/colors.css HTTP/1.1" 200 1926 "https://cehaburo.com/en/certificates" "Mozilla/5.0 (iPhone; CPU iPhone OS 18_7 like Mac OS X) AppleWebKit/605.1.15 (KHTML, like Gecko) Version/26.5 Mobile/15E148 Safari/604.1"
202.65.239.179 - - [28/May/2026:21:20:15 +0300] "GET /images/favicon.html HTTP/1.1" 200 169 "https://cehaburo.com/en/certificates" "Mozilla/5.0 (iPhone; CPU iPhone OS 18_6_2 like Mac OS X) AppleWebKit/605.1.15 (KHTML, like Gecko) Version/18.6 Mobile/15E148 Safari/604.1"
114.10.155.212 - - [28/May/2026:21:20:15 +0300] "GET /vendors/mapbox-gl/mapbox-gl.min.css HTTP/1.1" 200 4574 "https://cehaburo.com/en/certificates" "Mozilla/5.0 (iPhone; CPU iPhone OS 18_7 like Mac OS X) AppleWebKit/605.1.15 (KHTML, like Gecko) Version/26.5 Mobile/15E148 Safari/604.1"
114.10.155.212 - - [28/May/2026:21:20:15 +0300] "GET /images/logo/logo.png HTTP/1.1" 200 4478 "https://cehaburo.com/en/certificates" "Mozilla/5.0 (iPhone; CPU iPhone OS 18_7 like Mac OS X) AppleWebKit/605.1.15 (KHTML, like Gecko) Version/26.5 Mobile/15E148 Safari/604.1"
121.101.134.165 - - [28/May/2026:21:20:16 +0300] "GET /images/favicon.html HTTP/1.1" 200 169 "-" "Mozilla/5.0 (iPhone; CPU iPhone OS 18_7 like Mac OS X) AppleWebKit/605.1.15 (KHTML, like Gecko) Version/26.4 Mobile/15E148 Safari/604.1"
114.10.155.212 - - [28/May/2026:21:20:17 +0300] "GET /vendors/fontawesome-pro-5/webfonts/fa-brands-400.woff2 HTTP/1.1" 200 76526 "https://cehaburo.com/en/certificates" "Mozilla/5.0 (iPhone; CPU iPhone OS 18_7 like Mac OS X) AppleWebKit/605.1.15 (KHTML, like Gecko) Version/26.5 Mobile/15E148 Safari/604.1"
103.150.226.29 - - [28/May/2026:21:20:17 +0300] "GET / HTTP/1.1" 200 11616 "https://cehaburo.com/en/certificates" "Mozilla/5.0 (Windows NT 10.0; WOW64; rv:66.0) Gecko/20100101 Firefox/66.0"
103.150.226.29 - - [28/May/2026:21:20:17 +0300] "GET /lib/change-lang.php?lang=tr&active_url=/en/certificates HTTP/1.1" 302 - "https://cehaburo.com/en/certificates" "Mozilla/5.0 (Windows NT 10.0; WOW64; rv:66.0) Gecko/20100101 Firefox/66.0"
103.150.226.29 - - [28/May/2026:21:20:17 +0300] "GET /images/favicon.png HTTP/1.1" 200 3753 "https://cehaburo.com/en/certificates" "Mozilla/5.0 (Windows NT 10.0; WOW64; rv:66.0) Gecko/20100101 Firefox/66.0"
103.127.96.217 - - [28/May/2026:21:20:17 +0300] "GET /images/logo/64b5226a99913.png HTTP/1.1" 200 20537 "https://cehaburo.com/en/certificates" "Mozilla/5.0 (Macintosh; Intel Mac OS X 10_15_7) AppleWebKit/605.1.15 (KHTML, like Gecko) Version/15.6.1 Safari/605.1.15"
114.10.155.212 - - [28/May/2026:21:20:17 +0300] "GET /vendors/fontawesome-pro-5/webfonts/fa-light-300.woff2 HTTP/1.1" 200 185394 "https://cehaburo.com/en/certificates" "Mozilla/5.0 (iPhone; CPU iPhone OS 18_7 like Mac OS X) AppleWebKit/605.1.15 (KHTML, like Gecko) Version/26.5 Mobile/15E148 Safari/604.1"
114.10.155.212 - - [28/May/2026:21:20:16 +0300] "GET /images/certificate/6183ee2a63e5c.png HTTP/1.1" 200 794394 "https://cehaburo.com/en/certificates" "Mozilla/5.0 (iPhone; CPU iPhone OS 18_7 like Mac OS X) AppleWebKit/605.1.15 (KHTML, like Gecko) Version/26.5 Mobile/15E148 Safari/604.1"
103.127.96.217 - - [28/May/2026:21:20:17 +0300] "GET /images/certificate/6183ef4b2e075.png HTTP/1.1" 200 697801 "https://cehaburo.com/en/certificates" "Mozilla/5.0 (Macintosh; Intel Mac OS X 10_15_7) AppleWebKit/605.1.15 (KHTML, like Gecko) Version/15.6.1 Safari/605.1.15"
114.10.155.212 - - [28/May/2026:21:20:16 +0300] "GET /images/certificate/61fb7f85b8bcd.jpg HTTP/1.1" 200 1304329 "https://cehaburo.com/en/certificates" "Mozilla/5.0 (iPhone; CPU iPhone OS 18_7 like Mac OS X) AppleWebKit/605.1.15 (KHTML, like Gecko) Version/26.5 Mobile/15E148 Safari/604.1"
141.0.8.154 - - [28/May/2026:21:20:19 +0300] "-" 408 - "-" "-"
103.127.96.217 - - [28/May/2026:21:20:19 +0300] "GET /images/logo/64b69cd526f8e.png HTTP/1.1" 200 10142 "https://cehaburo.com/en/certificates" "Mozilla/5.0 (Macintosh; Intel Mac OS X 10_15_7) AppleWebKit/605.1.15 (KHTML, like Gecko) Version/15.6.1 Safari/605.1.15"
141.0.8.149 - - [28/May/2026:21:20:19 +0300] "-" 408 - "-" "-"
114.10.155.212 - - [28/May/2026:21:20:19 +0300] "GET /images/logo/64b5226a99913.png HTTP/1.1" 200 20537 "https://cehaburo.com/en/certificates" "Mozilla/5.0 (iPhone; CPU iPhone OS 18_7 like Mac OS X) AppleWebKit/605.1.15 (KHTML, like Gecko) Version/26.5 Mobile/15E148 Safari/604.1"
114.10.155.212 - - [28/May/2026:21:20:19 +0300] "GET /images/certificate/6183ef4b2e075.png HTTP/1.1" 200 697801 "https://cehaburo.com/en/certificates" "Mozilla/5.0 (iPhone; CPU iPhone OS 18_7 like Mac OS X) AppleWebKit/605.1.15 (KHTML, like Gecko) Version/26.5 Mobile/15E148 Safari/604.1"
114.10.155.212 - - [28/May/2026:21:20:20 +0300] "GET /images/logo/64b69cd526f8e.png HTTP/1.1" 200 10142 "https://cehaburo.com/en/certificates" "Mozilla/5.0 (iPhone; CPU iPhone OS 18_7 like Mac OS X) AppleWebKit/605.1.15 (KHTML, like Gecko) Version/26.5 Mobile/15E148 Safari/604.1"
114.10.155.212 - - [28/May/2026:21:20:20 +0300] "GET /images/logo/61cc6c04c5f8b.png HTTP/1.1" 200 11970 "https://cehaburo.com/en/certificates" "Mozilla/5.0 (iPhone; CPU iPhone OS 18_7 like Mac OS X) AppleWebKit/605.1.15 (KHTML, like Gecko) Version/26.5 Mobile/15E148 Safari/604.1"
114.10.155.212 - - [28/May/2026:21:20:20 +0300] "GET /images/logo/61cc6bdb9a67b.png HTTP/1.1" 200 10573 "https://cehaburo.com/en/certificates" "Mozilla/5.0 (iPhone; CPU iPhone OS 18_7 like Mac OS X) AppleWebKit/605.1.15 (KHTML, like Gecko) Version/26.5 Mobile/15E148 Safari/604.1"
103.127.96.217 - - [28/May/2026:21:20:20 +0300] "GET /images/logo/61cc6bdb9a67b.png HTTP/1.1" 200 10573 "https://cehaburo.com/en/certificates" "Mozilla/5.0 (Macintosh; Intel Mac OS X 10_15_7) AppleWebKit/605.1.15 (KHTML, like Gecko) Version/15.6.1 Safari/605.1.15"
103.127.96.217 - - [28/May/2026:21:20:21 +0300] "GET /images/logo/61cc6c04c5f8b.png HTTP/1.1" 200 11970 "https://cehaburo.com/en/certificates" "Mozilla/5.0 (Macintosh; Intel Mac OS X 10_15_7) AppleWebKit/605.1.15 (KHTML, like Gecko) Version/15.6.1 Safari/605.1.15"
114.10.155.212 - - [28/May/2026:21:20:19 +0300] "GET /images/certificate/6183f17f21dae.jpg HTTP/1.1" 200 2362276 "https://cehaburo.com/en/certificates" "Mozilla/5.0 (iPhone; CPU iPhone OS 18_7 like Mac OS X) AppleWebKit/605.1.15 (KHTML, like Gecko) Version/26.5 Mobile/15E148 Safari/604.1"
114.10.155.212 - - [28/May/2026:21:20:21 +0300] "GET /images/logo/68cd70d486515.png HTTP/1.1" 200 11456 "https://cehaburo.com/en/certificates" "Mozilla/5.0 (iPhone; CPU iPhone OS 18_7 like Mac OS X) AppleWebKit/605.1.15 (KHTML, like Gecko) Version/26.5 Mobile/15E148 Safari/604.1"
103.127.96.217 - - [28/May/2026:21:20:19 +0300] "GET /images/certificate/6183f17f21dae.jpg HTTP/1.1" 200 2362276 "https://cehaburo.com/en/certificates" "Mozilla/5.0 (Macintosh; Intel Mac OS X 10_15_7) AppleWebKit/605.1.15 (KHTML, like Gecko) Version/15.6.1 Safari/605.1.15"
103.127.96.217 - - [28/May/2026:21:20:21 +0300] "GET /images/logo/68cd70d486515.png HTTP/1.1" 200 11456 "https://cehaburo.com/en/certificates" "Mozilla/5.0 (Macintosh; Intel Mac OS X 10_15_7) AppleWebKit/605.1.15 (KHTML, like Gecko) Version/15.6.1 Safari/605.1.15"
103.150.226.29 - - [28/May/2026:21:20:22 +0300] "GET /lib/change-lang.php?lang=en&active_url=/en/certificates HTTP/1.1" 302 - "https://cehaburo.com/en/certificates" "Mozilla/5.0 (Windows NT 10.0; WOW64; rv:66.0) Gecko/20100101 Firefox/66.0"
103.150.226.29 - - [28/May/2026:21:20:22 +0300] "GET / HTTP/1.1" 200 11533 "https://cehaburo.com/en/certificates" "Mozilla/5.0 (Windows NT 10.0; WOW64; rv:66.0) Gecko/20100101 Firefox/66.0"
103.127.96.217 - - [28/May/2026:21:20:22 +0300] "GET /images/logo/61cc6bce93429.png HTTP/1.1" 200 11689 "https://cehaburo.com/en/certificates" "Mozilla/5.0 (Macintosh; Intel Mac OS X 10_15_7) AppleWebKit/605.1.15 (KHTML, like Gecko) Version/15.6.1 Safari/605.1.15"
182.8.227.165 - - [28/May/2026:21:20:23 +0300] "GET /en/certificates HTTP/1.1" 200 6043 "-" "Mozilla/5.0 (iPhone; CPU iPhone OS 18_7 like Mac OS X) AppleWebKit/605.1.15 (KHTML, like Gecko) Mobile/15E148"
114.10.155.212 - - [28/May/2026:21:20:23 +0300] "GET /images/logo/61cc6bce93429.png HTTP/1.1" 200 11689 "https://cehaburo.com/en/certificates" "Mozilla/5.0 (iPhone; CPU iPhone OS 18_7 like Mac OS X) AppleWebKit/605.1.15 (KHTML, like Gecko) Version/26.5 Mobile/15E148 Safari/604.1"
114.10.155.212 - - [28/May/2026:21:20:21 +0300] "GET /vendors/fontawesome-pro-5/webfonts/fa-regular-400.woff2 HTTP/1.1" 200 169597 "https://cehaburo.com/en/certificates" "Mozilla/5.0 (iPhone; CPU iPhone OS 18_7 like Mac OS X) AppleWebKit/605.1.15 (KHTML, like Gecko) Version/26.5 Mobile/15E148 Safari/604.1"
103.127.96.217 - - [28/May/2026:21:20:24 +0300] "GET /images/menu/menu-card.jpg HTTP/1.1" 200 116124 "https://cehaburo.com/en/certificates" "Mozilla/5.0 (Macintosh; Intel Mac OS X 10_15_7) AppleWebKit/605.1.15 (KHTML, like Gecko) Version/15.6.1 Safari/605.1.15"
103.150.226.29 - - [28/May/2026:21:20:24 +0300] "GET /tr HTTP/1.1" 200 11535 "https://cehaburo.com/en/certificates" "Mozilla/5.0 (Windows NT 10.0; WOW64; rv:66.0) Gecko/20100101 Firefox/66.0"
103.150.226.29 - - [28/May/2026:21:20:25 +0300] "GET /en/certificates HTTP/1.1" 200 5894 "https://cehaburo.com/en/certificates" "Mozilla/5.0 (Windows NT 10.0; WOW64; rv:66.0) Gecko/20100101 Firefox/66.0"
103.150.226.29 - - [28/May/2026:21:20:28 +0300] "GET /tr/hakkimizda HTTP/1.1" 200 7135 "https://cehaburo.com/en/certificates" "Mozilla/5.0 (Windows NT 10.0; WOW64; rv:66.0) Gecko/20100101 Firefox/66.0"
103.150.226.29 - - [28/May/2026:21:20:28 +0300] "GET /tr/urun-kategori HTTP/1.1" 200 6121 "https://cehaburo.com/en/certificates" "Mozilla/5.0 (Windows NT 10.0; WOW64; rv:66.0) Gecko/20100101 Firefox/66.0"
182.3.9.13 - - [28/May/2026:21:20:29 +0300] "GET /en/certificates HTTP/1.1" 200 6043 "https://bmmads.com/" "Mozilla/5.0 (Linux; arm_64; Android 15; Z2472) AppleWebKit/537.36 (KHTML, like Gecko) Chrome/146.0.7680.101 YaBrowser/26.4.2.101.00 Mobile Safari/537.36"
114.10.155.212 - - [28/May/2026:21:20:28 +0300] "GET /images/certificate/6183eec005104.png HTTP/1.1" 200 760196 "https://cehaburo.com/en/certificates" "Mozilla/5.0 (iPhone; CPU iPhone OS 18_7 like Mac OS X) AppleWebKit/605.1.15 (KHTML, like Gecko) Version/26.5 Mobile/15E148 Safari/604.1"
36.81.234.173 - - [28/May/2026:21:19:59 +0300] "GET /images/certificate/6183ee2a63e5c.png HTTP/1.1" 200 794394 "https://cehaburo.com/en/certificates" "Mozilla/5.0 (iPhone; CPU iPhone OS 18_7 like Mac OS X) AppleWebKit/605.1.15 (KHTML, like Gecko) Version/26.4 Mobile/15E148 Safari/604.1"
103.150.226.29 - - [28/May/2026:21:20:31 +0300] "GET /tr/urun-alt-kategori/8 HTTP/1.1" 200 10572 "https://cehaburo.com/en/certificates" "Mozilla/5.0 (Windows NT 10.0; WOW64; rv:66.0) Gecko/20100101 Firefox/66.0"
103.150.226.29 - - [28/May/2026:21:20:31 +0300] "GET /tr/urun-kategori/1 HTTP/1.1" 200 6337 "https://cehaburo.com/en/certificates" "Mozilla/5.0 (Windows NT 10.0; WOW64; rv:66.0) Gecko/20100101 Firefox/66.0"
217.148.140.42 - - [28/May/2026:21:20:33 +0300] "GET /en/certificates HTTP/1.1" 200 6043 "https://p.pcdelv.com/" "Mozilla/5.0 (Linux; Android 10; K) AppleWebKit/537.36 (KHTML, like Gecko) Chrome/140.0.0.0 Mobile Safari/537.36"
103.150.226.29 - - [28/May/2026:21:20:34 +0300] "GET /tr/urun-alt-kategori/9 HTTP/1.1" 200 10268 "https://cehaburo.com/en/certificates" "Mozilla/5.0 (Windows NT 10.0; WOW64; rv:66.0) Gecko/20100101 Firefox/66.0"
103.150.226.29 - - [28/May/2026:21:20:35 +0300] "GET /tr/urun-alt-kategori/10 HTTP/1.1" 200 10291 "https://cehaburo.com/en/certificates" "Mozilla/5.0 (Windows NT 10.0; WOW64; rv:66.0) Gecko/20100101 Firefox/66.0"
141.0.9.39 - - [28/May/2026:21:20:37 +0300] "-" 408 - "-" "-"
103.150.226.29 - - [28/May/2026:21:20:37 +0300] "GET /tr/urun-alt-kategori/11 HTTP/1.1" 200 10203 "https://cehaburo.com/en/certificates" "Mozilla/5.0 (Windows NT 10.0; WOW64; rv:66.0) Gecko/20100101 Firefox/66.0"
103.150.226.29 - - [28/May/2026:21:20:38 +0300] "GET /tr/urun-alt-kategori/12 HTTP/1.1" 200 10340 "https://cehaburo.com/en/certificates" "Mozilla/5.0 (Windows NT 10.0; WOW64; rv:66.0) Gecko/20100101 Firefox/66.0"
103.127.96.217 - - [28/May/2026:21:20:38 +0300] "GET /images/favicon.html HTTP/1.1" 200 169 "https://cehaburo.com/en/certificates" "Mozilla/5.0 (Macintosh; Intel Mac OS X 10_15_7) AppleWebKit/605.1.15 (KHTML, like Gecko) Version/15.6.1 Safari/605.1.15"
103.150.226.29 - - [28/May/2026:21:20:39 +0300] "GET /tr/urun-alt-kategori/13 HTTP/1.1" 200 10253 "https://cehaburo.com/en/certificates" "Mozilla/5.0 (Windows NT 10.0; WOW64; rv:66.0) Gecko/20100101 Firefox/66.0"
103.127.96.217 - - [28/May/2026:21:20:40 +0300] "GET /images/favicon.png HTTP/1.1" 200 3753 "https://cehaburo.com/en/certificates" "Mozilla/5.0 (Macintosh; Intel Mac OS X 10_15_7) AppleWebKit/605.1.15 (KHTML, like Gecko) Version/15.6.1 Safari/605.1.15"
141.0.8.110 - - [28/May/2026:21:20:40 +0300] "-" 408 - "-" "-"
103.150.226.29 - - [28/May/2026:21:20:41 +0300] "GET /tr/urun-kategori/2 HTTP/1.1" 200 6274 "https://cehaburo.com/en/certificates" "Mozilla/5.0 (Windows NT 10.0; WOW64; rv:66.0) Gecko/20100101 Firefox/66.0"
103.150.226.29 - - [28/May/2026:21:20:42 +0300] "GET /tr/urun-alt-kategori/14 HTTP/1.1" 200 10754 "https://cehaburo.com/en/certificates" "Mozilla/5.0 (Windows NT 10.0; WOW64; rv:66.0) Gecko/20100101 Firefox/66.0"
103.175.222.12 - - [28/May/2026:21:20:42 +0300] "-" 408 - "-" "-"
202.65.238.157 - - [28/May/2026:21:20:43 +0300] "-" 408 - "-" "-"
103.150.226.29 - - [28/May/2026:21:20:44 +0300] "GET /tr/urun-alt-kategori/15 HTTP/1.1" 200 10029 "https://cehaburo.com/en/certificates" "Mozilla/5.0 (Windows NT 10.0; WOW64; rv:66.0) Gecko/20100101 Firefox/66.0"
180.254.105.79 - - [28/May/2026:21:20:44 +0300] "-" 408 - "-" "-"
103.150.226.29 - - [28/May/2026:21:20:45 +0300] "GET /tr/urun-alt-kategori/16 HTTP/1.1" 200 10195 "https://cehaburo.com/en/certificates" "Mozilla/5.0 (Windows NT 10.0; WOW64; rv:66.0) Gecko/20100101 Firefox/66.0"
141.0.8.109 - - [28/May/2026:21:20:46 +0300] "-" 408 - "-" "-"
103.150.226.29 - - [28/May/2026:21:20:47 +0300] "GET /tr/urun-alt-kategori/17 HTTP/1.1" 200 10149 "https://cehaburo.com/en/certificates" "Mozilla/5.0 (Windows NT 10.0; WOW64; rv:66.0) Gecko/20100101 Firefox/66.0"
103.150.226.29 - - [28/May/2026:21:20:48 +0300] "GET /tr/urun-alt-kategori/18 HTTP/1.1" 200 10169 "https://cehaburo.com/en/certificates" "Mozilla/5.0 (Windows NT 10.0; WOW64; rv:66.0) Gecko/20100101 Firefox/66.0"
114.10.155.212 - - [28/May/2026:21:20:48 +0300] "GET /images/favicon.png HTTP/1.1" 200 3753 "https://cehaburo.com/en/certificates" "Mozilla/5.0 (iPhone; CPU iPhone OS 18_7 like Mac OS X) AppleWebKit/605.1.15 (KHTML, like Gecko) Version/26.5 Mobile/15E148 Safari/604.1"
114.10.155.212 - - [28/May/2026:21:20:49 +0300] "GET /images/favicon.html HTTP/1.1" 200 169 "https://cehaburo.com/en/certificates" "Mozilla/5.0 (iPhone; CPU iPhone OS 18_7 like Mac OS X) AppleWebKit/605.1.15 (KHTML, like Gecko) Version/26.5 Mobile/15E148 Safari/604.1"
110.137.38.99 - - [28/May/2026:21:20:49 +0300] "GET /en/certificates HTTP/1.1" 200 6043 "-" "Mozilla/5.0 (Linux; Android 10; K) AppleWebKit/537.36 (KHTML, like Gecko) Chrome/148.0.0.0 Mobile Safari/537.36"
103.150.226.29 - - [28/May/2026:21:20:50 +0300] "GET /tr/urun-alt-kategori/19 HTTP/1.1" 200 10149 "https://cehaburo.com/en/certificates" "Mozilla/5.0 (Windows NT 10.0; WOW64; rv:66.0) Gecko/20100101 Firefox/66.0"
103.175.222.13 - - [28/May/2026:21:20:51 +0300] "-" 408 - "-" "-"
103.127.96.217 - - [28/May/2026:21:20:55 +0300] "GET /lib/change-lang.php?lang=en&active_url=/en/certificates HTTP/1.1" 302 - "https://cehaburo.com/en/certificates" "Mozilla/5.0 (Macintosh; Intel Mac OS X 10_15_7) AppleWebKit/605.1.15 (KHTML, like Gecko) Version/15.6.1 Safari/605.1.15"
103.127.96.217 - - [28/May/2026:21:20:55 +0300] "GET /lib/change-lang.php?lang=tr&active_url=/en/certificates HTTP/1.1" 302 - "https://cehaburo.com/en/certificates" "Mozilla/5.0 (Macintosh; Intel Mac OS X 10_15_7) AppleWebKit/605.1.15 (KHTML, like Gecko) Version/15.6.1 Safari/605.1.15"
93.115.25.135 - - [28/May/2026:21:20:57 +0300] "GET /en/images/favicon.png HTTP/1.1" 404 - "http://127.0.0.1:8082/api/lp-archives/tasks/1c7e26719d4654395672d58b74eeffde8352e458.html" "Mozilla/5.0 (Windows NT 10.0; Win64; x64; rv:54.0) Gecko/20100101 Firefox/54.0"
103.127.96.217 - - [28/May/2026:21:20:58 +0300] "GET / HTTP/1.1" 200 11616 "https://cehaburo.com/en/certificates" "Mozilla/5.0 (Macintosh; Intel Mac OS X 10_15_7) AppleWebKit/605.1.15 (KHTML, like Gecko) Version/15.6.1 Safari/605.1.15"
103.127.96.217 - - [28/May/2026:21:20:58 +0300] "GET /en/certificates HTTP/1.1" 200 6043 "https://cehaburo.com/en/certificates" "Mozilla/5.0 (Macintosh; Intel Mac OS X 10_15_7) AppleWebKit/605.1.15 (KHTML, like Gecko) Version/15.6.1 Safari/605.1.15"
93.115.25.135 - - [28/May/2026:21:20:58 +0300] "GET /vendors/fontawesome-pro-5/css/all.css HTTP/1.1" 200 171187 "http://127.0.0.1:8082/api/lp-archives/tasks/1c7e26719d4654395672d58b74eeffde8352e458.html" "Mozilla/5.0 (Windows NT 10.0; Win64; x64; rv:54.0) Gecko/20100101 Firefox/54.0"
93.115.25.135 - - [28/May/2026:21:20:58 +0300] "GET /vendors/bootstrap-select/css/bootstrap-select.min.css HTTP/1.1" 200 11179 "http://127.0.0.1:8082/api/lp-archives/tasks/1c7e26719d4654395672d58b74eeffde8352e458.html" "Mozilla/5.0 (Windows NT 10.0; Win64; x64; rv:54.0) Gecko/20100101 Firefox/54.0"
93.115.25.135 - - [28/May/2026:21:20:58 +0300] "GET /vendors/slick/slick.min.css HTTP/1.1" 200 1359 "http://127.0.0.1:8082/api/lp-archives/tasks/1c7e26719d4654395672d58b74eeffde8352e458.html" "Mozilla/5.0 (Windows NT 10.0; Win64; x64; rv:54.0) Gecko/20100101 Firefox/54.0"
93.115.25.135 - - [28/May/2026:21:20:58 +0300] "GET /vendors/magnific-popup/magnific-popup.min.css HTTP/1.1" 200 5140 "http://127.0.0.1:8082/api/lp-archives/tasks/1c7e26719d4654395672d58b74eeffde8352e458.html" "Mozilla/5.0 (Windows NT 10.0; Win64; x64; rv:54.0) Gecko/20100101 Firefox/54.0"
93.115.25.135 - - [28/May/2026:21:20:58 +0300] "GET /vendors/jquery-ui/jquery-ui.min.css HTTP/1.1" 200 30747 "http://127.0.0.1:8082/api/lp-archives/tasks/1c7e26719d4654395672d58b74eeffde8352e458.html" "Mozilla/5.0 (Windows NT 10.0; Win64; x64; rv:54.0) Gecko/20100101 Firefox/54.0"
93.115.25.135 - - [28/May/2026:21:20:58 +0300] "GET /vendors/animate.css HTTP/1.1" 200 60720 "http://127.0.0.1:8082/api/lp-archives/tasks/1c7e26719d4654395672d58b74eeffde8352e458.html" "Mozilla/5.0 (Windows NT 10.0; Win64; x64; rv:54.0) Gecko/20100101 Firefox/54.0"
93.115.25.135 - - [28/May/2026:21:20:58 +0300] "GET /vendors/mapbox-gl/mapbox-gl.min.css HTTP/1.1" 200 34832 "http://127.0.0.1:8082/api/lp-archives/tasks/1c7e26719d4654395672d58b74eeffde8352e458.html" "Mozilla/5.0 (Windows NT 10.0; Win64; x64; rv:54.0) Gecko/20100101 Firefox/54.0"
93.115.25.135 - - [28/May/2026:21:20:58 +0300] "GET /css/spacing.css HTTP/1.1" 200 87943 "http://127.0.0.1:8082/api/lp-archives/tasks/1c7e26719d4654395672d58b74eeffde8352e458.html" "Mozilla/5.0 (Windows NT 10.0; Win64; x64; rv:54.0) Gecko/20100101 Firefox/54.0"
93.115.25.135 - - [28/May/2026:21:20:59 +0300] "GET /css/themes.css HTTP/1.1" 200 460064 "http://127.0.0.1:8082/api/lp-archives/tasks/1c7e26719d4654395672d58b74eeffde8352e458.html" "Mozilla/5.0 (Windows NT 10.0; Win64; x64; rv:54.0) Gecko/20100101 Firefox/54.0"
93.115.25.135 - - [28/May/2026:21:20:59 +0300] "GET /css/responsive.css HTTP/1.1" 200 4084 "http://127.0.0.1:8082/api/lp-archives/tasks/1c7e26719d4654395672d58b74eeffde8352e458.html" "Mozilla/5.0 (Windows NT 10.0; Win64; x64; rv:54.0) Gecko/20100101 Firefox/54.0"
93.115.25.135 - - [28/May/2026:21:20:59 +0300] "GET /css/colors.css HTTP/1.1" 200 8859 "http://127.0.0.1:8082/api/lp-archives/tasks/1c7e26719d4654395672d58b74eeffde8352e458.html" "Mozilla/5.0 (Windows NT 10.0; Win64; x64; rv:54.0) Gecko/20100101 Firefox/54.0"
93.115.25.135 - - [28/May/2026:21:20:59 +0300] "GET /images/logo/logo.png HTTP/1.1" 200 4478 "http://127.0.0.1:8082/api/lp-archives/tasks/1c7e26719d4654395672d58b74eeffde8352e458.html" "Mozilla/5.0 (Windows NT 10.0; Win64; x64; rv:54.0) Gecko/20100101 Firefox/54.0"
93.115.25.135 - - [28/May/2026:21:20:59 +0300] "GET /images/menu/menu-card.jpg HTTP/1.1" 200 116124 "http://127.0.0.1:8082/api/lp-archives/tasks/1c7e26719d4654395672d58b74eeffde8352e458.html" "Mozilla/5.0 (Windows NT 10.0; Win64; x64; rv:54.0) Gecko/20100101 Firefox/54.0"
93.115.25.135 - - [28/May/2026:21:20:59 +0300] "GET /images/certificate/61fb7f85b8bcd.jpg HTTP/1.1" 200 1304329 "http://127.0.0.1:8082/api/lp-archives/tasks/1c7e26719d4654395672d58b74eeffde8352e458.html" "Mozilla/5.0 (Windows NT 10.0; Win64; x64; rv:54.0) Gecko/20100101 Firefox/54.0"
93.115.25.135 - - [28/May/2026:21:20:59 +0300] "GET /images/certificate/6183ee2a63e5c.png HTTP/1.1" 200 794394 "http://127.0.0.1:8082/api/lp-archives/tasks/1c7e26719d4654395672d58b74eeffde8352e458.html" "Mozilla/5.0 (Windows NT 10.0; Win64; x64; rv:54.0) Gecko/20100101 Firefox/54.0"
93.115.25.135 - - [28/May/2026:21:21:00 +0300] "GET /images/certificate/6183eec005104.png HTTP/1.1" 200 760196 "http://127.0.0.1:8082/api/lp-archives/tasks/1c7e26719d4654395672d58b74eeffde8352e458.html" "Mozilla/5.0 (Windows NT 10.0; Win64; x64; rv:54.0) Gecko/20100101 Firefox/54.0"
103.127.96.217 - - [28/May/2026:21:21:00 +0300] "GET /tr/urun-kategori/3 HTTP/1.1" 200 6412 "https://cehaburo.com/en/certificates" "Mozilla/5.0 (Macintosh; Intel Mac OS X 10_15_7) AppleWebKit/605.1.15 (KHTML, like Gecko) Version/15.6.1 Safari/605.1.15"
93.115.25.135 - - [28/May/2026:21:21:00 +0300] "GET /images/certificate/6183ef4b2e075.png HTTP/1.1" 200 697801 "http://127.0.0.1:8082/api/lp-archives/tasks/1c7e26719d4654395672d58b74eeffde8352e458.html" "Mozilla/5.0 (Windows NT 10.0; Win64; x64; rv:54.0) Gecko/20100101 Firefox/54.0"
103.127.96.217 - - [28/May/2026:21:21:00 +0300] "GET /tr/urun-alt-kategori/20 HTTP/1.1" 200 10256 "https://cehaburo.com/en/certificates" "Mozilla/5.0 (Macintosh; Intel Mac OS X 10_15_7) AppleWebKit/605.1.15 (KHTML, like Gecko) Version/15.6.1 Safari/605.1.15"
93.115.25.135 - - [28/May/2026:21:21:00 +0300] "GET /images/certificate/6183f17f21dae.jpg HTTP/1.1" 200 2362276 "http://127.0.0.1:8082/api/lp-archives/tasks/1c7e26719d4654395672d58b74eeffde8352e458.html" "Mozilla/5.0 (Windows NT 10.0; Win64; x64; rv:54.0) Gecko/20100101 Firefox/54.0"
93.115.25.135 - - [28/May/2026:21:21:00 +0300] "GET /images/logo/64b5226a99913.png HTTP/1.1" 200 20537 "http://127.0.0.1:8082/api/lp-archives/tasks/1c7e26719d4654395672d58b74eeffde8352e458.html" "Mozilla/5.0 (Windows NT 10.0; Win64; x64; rv:54.0) Gecko/20100101 Firefox/54.0"
93.115.25.135 - - [28/May/2026:21:21:01 +0300] "GET /images/logo/64b69cd526f8e.png HTTP/1.1" 200 10142 "http://127.0.0.1:8082/api/lp-archives/tasks/1c7e26719d4654395672d58b74eeffde8352e458.html" "Mozilla/5.0 (Windows NT 10.0; Win64; x64; rv:54.0) Gecko/20100101 Firefox/54.0"
93.115.25.135 - - [28/May/2026:21:21:01 +0300] "GET /images/logo/61cc6c04c5f8b.png HTTP/1.1" 200 11970 "http://127.0.0.1:8082/api/lp-archives/tasks/1c7e26719d4654395672d58b74eeffde8352e458.html" "Mozilla/5.0 (Windows NT 10.0; Win64; x64; rv:54.0) Gecko/20100101 Firefox/54.0"
93.115.25.135 - - [28/May/2026:21:21:01 +0300] "GET /images/logo/61cc6bdb9a67b.png HTTP/1.1" 200 10573 "http://127.0.0.1:8082/api/lp-archives/tasks/1c7e26719d4654395672d58b74eeffde8352e458.html" "Mozilla/5.0 (Windows NT 10.0; Win64; x64; rv:54.0) Gecko/20100101 Firefox/54.0"
93.115.25.135 - - [28/May/2026:21:21:01 +0300] "GET /images/logo/68cd70d486515.png HTTP/1.1" 200 11456 "http://127.0.0.1:8082/api/lp-archives/tasks/1c7e26719d4654395672d58b74eeffde8352e458.html" "Mozilla/5.0 (Windows NT 10.0; Win64; x64; rv:54.0) Gecko/20100101 Firefox/54.0"
93.115.25.135 - - [28/May/2026:21:21:01 +0300] "GET /images/logo/61cc6bce93429.png HTTP/1.1" 200 11689 "http://127.0.0.1:8082/api/lp-archives/tasks/1c7e26719d4654395672d58b74eeffde8352e458.html" "Mozilla/5.0 (Windows NT 10.0; Win64; x64; rv:54.0) Gecko/20100101 Firefox/54.0"
93.115.25.135 - - [28/May/2026:21:21:01 +0300] "GET /vendors/jquery.min.js HTTP/1.1" 200 88145 "http://127.0.0.1:8082/api/lp-archives/tasks/1c7e26719d4654395672d58b74eeffde8352e458.html" "Mozilla/5.0 (Windows NT 10.0; Win64; x64; rv:54.0) Gecko/20100101 Firefox/54.0"
93.115.25.135 - - [28/May/2026:21:21:01 +0300] "GET /vendors/jquery-ui/jquery-ui.min.js HTTP/1.1" 200 253669 "http://127.0.0.1:8082/api/lp-archives/tasks/1c7e26719d4654395672d58b74eeffde8352e458.html" "Mozilla/5.0 (Windows NT 10.0; Win64; x64; rv:54.0) Gecko/20100101 Firefox/54.0"
93.115.25.135 - - [28/May/2026:21:21:01 +0300] "GET /vendors/bootstrap/bootstrap.bundle.js HTTP/1.1" 200 138073 "http://127.0.0.1:8082/api/lp-archives/tasks/1c7e26719d4654395672d58b74eeffde8352e458.html" "Mozilla/5.0 (Windows NT 10.0; Win64; x64; rv:54.0) Gecko/20100101 Firefox/54.0"
93.115.25.135 - - [28/May/2026:21:21:01 +0300] "GET /vendors/bootstrap-select/js/bootstrap-select.min.js HTTP/1.1" 200 53644 "http://127.0.0.1:8082/api/lp-archives/tasks/1c7e26719d4654395672d58b74eeffde8352e458.html" "Mozilla/5.0 (Windows NT 10.0; Win64; x64; rv:54.0) Gecko/20100101 Firefox/54.0"
93.115.25.135 - - [28/May/2026:21:21:01 +0300] "GET /vendors/slick/slick.min.js HTTP/1.1" 200 42863 "http://127.0.0.1:8082/api/lp-archives/tasks/1c7e26719d4654395672d58b74eeffde8352e458.html" "Mozilla/5.0 (Windows NT 10.0; Win64; x64; rv:54.0) Gecko/20100101 Firefox/54.0"
93.115.25.135 - - [28/May/2026:21:21:01 +0300] "GET /vendors/waypoints/jquery.waypoints.min.js HTTP/1.1" 200 9127 "http://127.0.0.1:8082/api/lp-archives/tasks/1c7e26719d4654395672d58b74eeffde8352e458.html" "Mozilla/5.0 (Windows NT 10.0; Win64; x64; rv:54.0) Gecko/20100101 Firefox/54.0"
93.115.25.135 - - [28/May/2026:21:21:01 +0300] "GET /vendors/counter/countUp.js HTTP/1.1" 200 4336 "http://127.0.0.1:8082/api/lp-archives/tasks/1c7e26719d4654395672d58b74eeffde8352e458.html" "Mozilla/5.0 (Windows NT 10.0; Win64; x64; rv:54.0) Gecko/20100101 Firefox/54.0"
93.115.25.135 - - [28/May/2026:21:21:01 +0300] "GET /vendors/magnific-popup/jquery.magnific-popup.min.js HTTP/1.1" 200 21005 "http://127.0.0.1:8082/api/lp-archives/tasks/1c7e26719d4654395672d58b74eeffde8352e458.html" "Mozilla/5.0 (Windows NT 10.0; Win64; x64; rv:54.0) Gecko/20100101 Firefox/54.0"
93.115.25.135 - - [28/May/2026:21:21:02 +0300] "GET /vendors/hc-sticky/hc-sticky.min.js HTTP/1.1" 200 11105 "http://127.0.0.1:8082/api/lp-archives/tasks/1c7e26719d4654395672d58b74eeffde8352e458.html" "Mozilla/5.0 (Windows NT 10.0; Win64; x64; rv:54.0) Gecko/20100101 Firefox/54.0"
93.115.25.135 - - [28/May/2026:21:21:02 +0300] "GET /vendors/jparallax/TweenMax.min.js HTTP/1.1" 200 116240 "http://127.0.0.1:8082/api/lp-archives/tasks/1c7e26719d4654395672d58b74eeffde8352e458.html" "Mozilla/5.0 (Windows NT 10.0; Win64; x64; rv:54.0) Gecko/20100101 Firefox/54.0"
93.115.25.135 - - [28/May/2026:21:21:02 +0300] "GET /vendors/mapbox-gl/mapbox-gl.js HTTP/1.1" 200 762722 "http://127.0.0.1:8082/api/lp-archives/tasks/1c7e26719d4654395672d58b74eeffde8352e458.html" "Mozilla/5.0 (Windows NT 10.0; Win64; x64; rv:54.0) Gecko/20100101 Firefox/54.0"
93.115.25.135 - - [28/May/2026:21:21:02 +0300] "GET /js/theme.js HTTP/1.1" 200 61691 "http://127.0.0.1:8082/api/lp-archives/tasks/1c7e26719d4654395672d58b74eeffde8352e458.html" "Mozilla/5.0 (Windows NT 10.0; Win64; x64; rv:54.0) Gecko/20100101 Firefox/54.0"
103.127.96.217 - - [28/May/2026:21:21:03 +0300] "GET /tr/urun-alt-kategori/34 HTTP/1.1" 200 10533 "https://cehaburo.com/en/certificates" "Mozilla/5.0 (Macintosh; Intel Mac OS X 10_15_7) AppleWebKit/605.1.15 (KHTML, like Gecko) Version/15.6.1 Safari/605.1.15"
103.127.96.217 - - [28/May/2026:21:21:03 +0300] "GET /tr/urun-alt-kategori/35 HTTP/1.1" 200 10310 "https://cehaburo.com/en/certificates" "Mozilla/5.0 (Macintosh; Intel Mac OS X 10_15_7) AppleWebKit/605.1.15 (KHTML, like Gecko) Version/15.6.1 Safari/605.1.15"
93.115.25.135 - - [28/May/2026:21:21:04 +0300] "GET /vendors/fontawesome-pro-5/webfonts/fa-brands-400.eot HTTP/1.1" 200 133034 "https://cehaburo.com/vendors/fontawesome-pro-5/css/all.css" "Mozilla/5.0 (Windows NT 10.0; Win64; x64; rv:54.0) Gecko/20100101 Firefox/54.0"
93.115.25.135 - - [28/May/2026:21:21:04 +0300] "GET /vendors/fontawesome-pro-5/webfonts/fa-brands-400d41d.eot? HTTP/1.1" 200 133034 "https://cehaburo.com/vendors/fontawesome-pro-5/css/all.css" "Mozilla/5.0 (Windows NT 10.0; Win64; x64; rv:54.0) Gecko/20100101 Firefox/54.0"
93.115.25.135 - - [28/May/2026:21:21:04 +0300] "GET /vendors/fontawesome-pro-5/webfonts/fa-brands-400.woff2 HTTP/1.1" 200 76500 "https://cehaburo.com/vendors/fontawesome-pro-5/css/all.css" "Mozilla/5.0 (Windows NT 10.0; Win64; x64; rv:54.0) Gecko/20100101 Firefox/54.0"
93.115.25.135 - - [28/May/2026:21:21:04 +0300] "GET /vendors/fontawesome-pro-5/webfonts/fa-brands-400.woff HTTP/1.1" 200 89824 "https://cehaburo.com/vendors/fontawesome-pro-5/css/all.css" "Mozilla/5.0 (Windows NT 10.0; Win64; x64; rv:54.0) Gecko/20100101 Firefox/54.0"
93.115.25.135 - - [28/May/2026:21:21:04 +0300] "GET /vendors/fontawesome-pro-5/webfonts/fa-brands-400.ttf HTTP/1.1" 200 132728 "https://cehaburo.com/vendors/fontawesome-pro-5/css/all.css" "Mozilla/5.0 (Windows NT 10.0; Win64; x64; rv:54.0) Gecko/20100101 Firefox/54.0"
93.115.25.135 - - [28/May/2026:21:21:04 +0300] "GET /vendors/fontawesome-pro-5/webfonts/fa-brands-400.svg HTTP/1.1" 200 715847 "https://cehaburo.com/vendors/fontawesome-pro-5/css/all.css" "Mozilla/5.0 (Windows NT 10.0; Win64; x64; rv:54.0) Gecko/20100101 Firefox/54.0"
93.115.25.135 - - [28/May/2026:21:21:05 +0300] "GET /vendors/fontawesome-pro-5/webfonts/fa-duotone-900.eot HTTP/1.1" 200 559922 "https://cehaburo.com/vendors/fontawesome-pro-5/css/all.css" "Mozilla/5.0 (Windows NT 10.0; Win64; x64; rv:54.0) Gecko/20100101 Firefox/54.0"
93.115.25.135 - - [28/May/2026:21:21:05 +0300] "GET /vendors/fontawesome-pro-5/webfonts/fa-duotone-900d41d.eot? HTTP/1.1" 200 559922 "https://cehaburo.com/vendors/fontawesome-pro-5/css/all.css" "Mozilla/5.0 (Windows NT 10.0; Win64; x64; rv:54.0) Gecko/20100101 Firefox/54.0"
93.115.25.135 - - [28/May/2026:21:21:06 +0300] "GET /vendors/fontawesome-pro-5/webfonts/fa-duotone-900.woff2 HTTP/1.1" 200 184868 "https://cehaburo.com/vendors/fontawesome-pro-5/css/all.css" "Mozilla/5.0 (Windows NT 10.0; Win64; x64; rv:54.0) Gecko/20100101 Firefox/54.0"
93.115.25.135 - - [28/May/2026:21:21:06 +0300] "GET /vendors/fontawesome-pro-5/webfonts/fa-duotone-900.woff HTTP/1.1" 200 262584 "https://cehaburo.com/vendors/fontawesome-pro-5/css/all.css" "Mozilla/5.0 (Windows NT 10.0; Win64; x64; rv:54.0) Gecko/20100101 Firefox/54.0"
93.115.25.135 - - [28/May/2026:21:21:06 +0300] "GET /vendors/fontawesome-pro-5/webfonts/fa-duotone-900.ttf HTTP/1.1" 200 559624 "https://cehaburo.com/vendors/fontawesome-pro-5/css/all.css" "Mozilla/5.0 (Windows NT 10.0; Win64; x64; rv:54.0) Gecko/20100101 Firefox/54.0"
93.115.25.135 - - [28/May/2026:21:21:06 +0300] "GET /vendors/fontawesome-pro-5/webfonts/fa-duotone-900.svg HTTP/1.1" 200 2526831 "https://cehaburo.com/vendors/fontawesome-pro-5/css/all.css" "Mozilla/5.0 (Windows NT 10.0; Win64; x64; rv:54.0) Gecko/20100101 Firefox/54.0"
93.115.25.135 - - [28/May/2026:21:21:07 +0300] "GET /vendors/fontawesome-pro-5/webfonts/fa-light-300.eot HTTP/1.1" 200 482470 "https://cehaburo.com/vendors/fontawesome-pro-5/css/all.css" "Mozilla/5.0 (Windows NT 10.0; Win64; x64; rv:54.0) Gecko/20100101 Firefox/54.0"
93.115.25.135 - - [28/May/2026:21:21:07 +0300] "GET /vendors/fontawesome-pro-5/webfonts/fa-light-300d41d.eot? HTTP/1.1" 200 482470 "https://cehaburo.com/vendors/fontawesome-pro-5/css/all.css" "Mozilla/5.0 (Windows NT 10.0; Win64; x64; rv:54.0) Gecko/20100101 Firefox/54.0"
93.115.25.135 - - [28/May/2026:21:21:07 +0300] "GET /vendors/fontawesome-pro-5/webfonts/fa-light-300.woff2 HTTP/1.1" 200 185712 "https://cehaburo.com/vendors/fontawesome-pro-5/css/all.css" "Mozilla/5.0 (Windows NT 10.0; Win64; x64; rv:54.0) Gecko/20100101 Firefox/54.0"
93.115.25.135 - - [28/May/2026:21:21:07 +0300] "GET /vendors/fontawesome-pro-5/webfonts/fa-light-300.woff HTTP/1.1" 200 246416 "https://cehaburo.com/vendors/fontawesome-pro-5/css/all.css" "Mozilla/5.0 (Windows NT 10.0; Win64; x64; rv:54.0) Gecko/20100101 Firefox/54.0"
93.115.25.135 - - [28/May/2026:21:21:07 +0300] "GET /vendors/fontawesome-pro-5/webfonts/fa-light-300.ttf HTTP/1.1" 200 482188 "https://cehaburo.com/vendors/fontawesome-pro-5/css/all.css" "Mozilla/5.0 (Windows NT 10.0; Win64; x64; rv:54.0) Gecko/20100101 Firefox/54.0"
103.127.96.217 - - [28/May/2026:21:21:07 +0300] "GET /tr/urun-alt-kategori/36 HTTP/1.1" 200 10257 "https://cehaburo.com/en/certificates" "Mozilla/5.0 (Macintosh; Intel Mac OS X 10_15_7) AppleWebKit/605.1.15 (KHTML, like Gecko) Version/15.6.1 Safari/605.1.15"
36.81.234.173 - - [28/May/2026:21:19:58 +0300] "GET /images/certificate/61fb7f85b8bcd.jpg HTTP/1.1" 200 1304329 "https://cehaburo.com/en/certificates" "Mozilla/5.0 (iPhone; CPU iPhone OS 18_7 like Mac OS X) AppleWebKit/605.1.15 (KHTML, like Gecko) Version/26.4 Mobile/15E148 Safari/604.1"
93.115.25.135 - - [28/May/2026:21:21:07 +0300] "GET /vendors/fontawesome-pro-5/webfonts/fa-light-300.svg HTTP/1.1" 200 2344416 "https://cehaburo.com/vendors/fontawesome-pro-5/css/all.css" "Mozilla/5.0 (Windows NT 10.0; Win64; x64; rv:54.0) Gecko/20100101 Firefox/54.0"
93.115.25.135 - - [28/May/2026:21:21:08 +0300] "GET /vendors/fontawesome-pro-5/webfonts/fa-regular-400.eot HTTP/1.1" 200 444214 "https://cehaburo.com/vendors/fontawesome-pro-5/css/all.css" "Mozilla/5.0 (Windows NT 10.0; Win64; x64; rv:54.0) Gecko/20100101 Firefox/54.0"
103.127.96.217 - - [28/May/2026:21:21:08 +0300] "GET /tr/urun-alt-kategori/37 HTTP/1.1" 200 10498 "https://cehaburo.com/en/certificates" "Mozilla/5.0 (Macintosh; Intel Mac OS X 10_15_7) AppleWebKit/605.1.15 (KHTML, like Gecko) Version/15.6.1 Safari/605.1.15"
93.115.25.135 - - [28/May/2026:21:21:08 +0300] "GET /vendors/fontawesome-pro-5/webfonts/fa-regular-400d41d.eot? HTTP/1.1" 200 444214 "https://cehaburo.com/vendors/fontawesome-pro-5/css/all.css" "Mozilla/5.0 (Windows NT 10.0; Win64; x64; rv:54.0) Gecko/20100101 Firefox/54.0"
93.115.25.135 - - [28/May/2026:21:21:08 +0300] "GET /vendors/fontawesome-pro-5/webfonts/fa-regular-400.woff2 HTTP/1.1" 200 170020 "https://cehaburo.com/vendors/fontawesome-pro-5/css/all.css" "Mozilla/5.0 (Windows NT 10.0; Win64; x64; rv:54.0) Gecko/20100101 Firefox/54.0"
93.115.25.135 - - [28/May/2026:21:21:08 +0300] "GET /vendors/fontawesome-pro-5/webfonts/fa-regular-400.woff HTTP/1.1" 200 225344 "https://cehaburo.com/vendors/fontawesome-pro-5/css/all.css" "Mozilla/5.0 (Windows NT 10.0; Win64; x64; rv:54.0) Gecko/20100101 Firefox/54.0"
93.115.25.135 - - [28/May/2026:21:21:08 +0300] "GET /vendors/fontawesome-pro-5/webfonts/fa-regular-400.ttf HTTP/1.1" 200 443920 "https://cehaburo.com/vendors/fontawesome-pro-5/css/all.css" "Mozilla/5.0 (Windows NT 10.0; Win64; x64; rv:54.0) Gecko/20100101 Firefox/54.0"
93.115.25.135 - - [28/May/2026:21:21:08 +0300] "GET /vendors/fontawesome-pro-5/webfonts/fa-regular-400.svg HTTP/1.1" 200 2095438 "https://cehaburo.com/vendors/fontawesome-pro-5/css/all.css" "Mozilla/5.0 (Windows NT 10.0; Win64; x64; rv:54.0) Gecko/20100101 Firefox/54.0"
93.115.25.135 - - [28/May/2026:21:21:09 +0300] "GET /vendors/fontawesome-pro-5/webfonts/fa-solid-900.eot HTTP/1.1" 200 379262 "https://cehaburo.com/vendors/fontawesome-pro-5/css/all.css" "Mozilla/5.0 (Windows NT 10.0; Win64; x64; rv:54.0) Gecko/20100101 Firefox/54.0"
93.115.25.135 - - [28/May/2026:21:21:09 +0300] "GET /vendors/fontawesome-pro-5/webfonts/fa-solid-900d41d.eot? HTTP/1.1" 200 379262 "https://cehaburo.com/vendors/fontawesome-pro-5/css/all.css" "Mozilla/5.0 (Windows NT 10.0; Win64; x64; rv:54.0) Gecko/20100101 Firefox/54.0"
93.115.25.135 - - [28/May/2026:21:21:09 +0300] "GET /vendors/fontawesome-pro-5/webfonts/fa-solid-900.woff2 HTTP/1.1" 200 137992 "https://cehaburo.com/vendors/fontawesome-pro-5/css/all.css" "Mozilla/5.0 (Windows NT 10.0; Win64; x64; rv:54.0) Gecko/20100101 Firefox/54.0"
93.115.25.135 - - [28/May/2026:21:21:09 +0300] "GET /vendors/fontawesome-pro-5/webfonts/fa-solid-900.woff HTTP/1.1" 200 184200 "https://cehaburo.com/vendors/fontawesome-pro-5/css/all.css" "Mozilla/5.0 (Windows NT 10.0; Win64; x64; rv:54.0) Gecko/20100101 Firefox/54.0"
93.115.25.135 - - [28/May/2026:21:21:09 +0300] "GET /vendors/fontawesome-pro-5/webfonts/fa-solid-900.ttf HTTP/1.1" 200 378980 "https://cehaburo.com/vendors/fontawesome-pro-5/css/all.css" "Mozilla/5.0 (Windows NT 10.0; Win64; x64; rv:54.0) Gecko/20100101 Firefox/54.0"
93.115.25.135 - - [28/May/2026:21:21:09 +0300] "GET /vendors/fontawesome-pro-5/webfonts/fa-solid-900.svg HTTP/1.1" 200 1714802 "https://cehaburo.com/vendors/fontawesome-pro-5/css/all.css" "Mozilla/5.0 (Windows NT 10.0; Win64; x64; rv:54.0) Gecko/20100101 Firefox/54.0"
93.115.25.135 - - [28/May/2026:21:21:09 +0300] "GET /vendors/jquery-ui/images/ui-icons_444444_256x240.png HTTP/1.1" 200 6992 "https://cehaburo.com/vendors/jquery-ui/jquery-ui.min.css" "Mozilla/5.0 (Windows NT 10.0; Win64; x64; rv:54.0) Gecko/20100101 Firefox/54.0"
93.115.25.135 - - [28/May/2026:21:21:09 +0300] "GET /vendors/jquery-ui/images/ui-icons_555555_256x240.png HTTP/1.1" 200 6988 "https://cehaburo.com/vendors/jquery-ui/jquery-ui.min.css" "Mozilla/5.0 (Windows NT 10.0; Win64; x64; rv:54.0) Gecko/20100101 Firefox/54.0"
93.115.25.135 - - [28/May/2026:21:21:09 +0300] "GET /vendors/jquery-ui/images/ui-icons_ffffff_256x240.png HTTP/1.1" 200 6299 "https://cehaburo.com/vendors/jquery-ui/jquery-ui.min.css" "Mozilla/5.0 (Windows NT 10.0; Win64; x64; rv:54.0) Gecko/20100101 Firefox/54.0"
93.115.25.135 - - [28/May/2026:21:21:10 +0300] "GET /vendors/jquery-ui/images/ui-icons_777620_256x240.png HTTP/1.1" 200 4549 "https://cehaburo.com/vendors/jquery-ui/jquery-ui.min.css" "Mozilla/5.0 (Windows NT 10.0; Win64; x64; rv:54.0) Gecko/20100101 Firefox/54.0"
93.115.25.135 - - [28/May/2026:21:21:10 +0300] "GET /vendors/jquery-ui/images/ui-icons_cc0000_256x240.png HTTP/1.1" 200 4549 "https://cehaburo.com/vendors/jquery-ui/jquery-ui.min.css" "Mozilla/5.0 (Windows NT 10.0; Win64; x64; rv:54.0) Gecko/20100101 Firefox/54.0"
93.115.25.135 - - [28/May/2026:21:21:10 +0300] "GET /vendors/jquery-ui/images/ui-icons_777777_256x240.png HTTP/1.1" 200 6999 "https://cehaburo.com/vendors/jquery-ui/jquery-ui.min.css" "Mozilla/5.0 (Windows NT 10.0; Win64; x64; rv:54.0) Gecko/20100101 Firefox/54.0"
103.127.96.217 - - [28/May/2026:21:21:10 +0300] "GET /tr/urun-alt-kategori/39 HTTP/1.1" 200 10258 "https://cehaburo.com/en/certificates" "Mozilla/5.0 (Macintosh; Intel Mac OS X 10_15_7) AppleWebKit/605.1.15 (KHTML, like Gecko) Version/15.6.1 Safari/605.1.15"
103.127.96.217 - - [28/May/2026:21:21:10 +0300] "GET /tr/urun-alt-kategori/38 HTTP/1.1" 200 10345 "https://cehaburo.com/en/certificates" "Mozilla/5.0 (Macintosh; Intel Mac OS X 10_15_7) AppleWebKit/605.1.15 (KHTML, like Gecko) Version/15.6.1 Safari/605.1.15"
93.115.25.135 - - [28/May/2026:21:21:10 +0300] "GET /images/about/2.jpg HTTP/1.1" 200 513537 "https://cehaburo.com/css/themes.css" "Mozilla/5.0 (Windows NT 10.0; Win64; x64; rv:54.0) Gecko/20100101 Firefox/54.0"
93.115.25.135 - - [28/May/2026:21:21:10 +0300] "GET /images/tabla/avustralyaceviz.png HTTP/1.1" 200 19057 "https://cehaburo.com/css/colors.css" "Mozilla/5.0 (Windows NT 10.0; Win64; x64; rv:54.0) Gecko/20100101 Firefox/54.0"
93.115.25.135 - - [28/May/2026:21:21:10 +0300] "GET /images/tabla/ormaerik.png HTTP/1.1" 200 15892 "https://cehaburo.com/css/colors.css" "Mozilla/5.0 (Windows NT 10.0; Win64; x64; rv:54.0) Gecko/20100101 Firefox/54.0"
93.115.25.135 - - [28/May/2026:21:21:10 +0300] "GET /images/tabla/ceviz.png HTTP/1.1" 200 13629 "https://cehaburo.com/css/colors.css" "Mozilla/5.0 (Windows NT 10.0; Win64; x64; rv:54.0) Gecko/20100101 Firefox/54.0"
93.115.25.135 - - [28/May/2026:21:21:10 +0300] "GET /images/tabla/altinkiraz.png HTTP/1.1" 200 16182 "https://cehaburo.com/css/colors.css" "Mozilla/5.0 (Windows NT 10.0; Win64; x64; rv:54.0) Gecko/20100101 Firefox/54.0"
93.115.25.135 - - [28/May/2026:21:21:10 +0300] "GET /images/tabla/teak.png HTTP/1.1" 200 20263 "https://cehaburo.com/css/colors.css" "Mozilla/5.0 (Windows NT 10.0; Win64; x64; rv:54.0) Gecko/20100101 Firefox/54.0"
93.115.25.135 - - [28/May/2026:21:21:10 +0300] "GET /images/tabla/afrikaceviz.png HTTP/1.1" 200 17007 "https://cehaburo.com/css/colors.css" "Mozilla/5.0 (Windows NT 10.0; Win64; x64; rv:54.0) Gecko/20100101 Firefox/54.0"
93.115.25.135 - - [28/May/2026:21:21:10 +0300] "GET /images/tabla/mese.png HTTP/1.1" 200 17148 "https://cehaburo.com/css/colors.css" "Mozilla/5.0 (Windows NT 10.0; Win64; x64; rv:54.0) Gecko/20100101 Firefox/54.0"
93.115.25.135 - - [28/May/2026:21:21:10 +0300] "GET /images/tabla/elkayin.png HTTP/1.1" 200 14252 "https://cehaburo.com/css/colors.css" "Mozilla/5.0 (Windows NT 10.0; Win64; x64; rv:54.0) Gecko/20100101 Firefox/54.0"
93.115.25.135 - - [28/May/2026:21:21:10 +0300] "GET /images/tabla/toledo.png HTTP/1.1" 200 16216 "https://cehaburo.com/css/colors.css" "Mozilla/5.0 (Windows NT 10.0; Win64; x64; rv:54.0) Gecko/20100101 Firefox/54.0"
93.115.25.135 - - [28/May/2026:21:21:11 +0300] "GET /images/tabla/zebrano.png HTTP/1.1" 200 15055 "https://cehaburo.com/css/colors.css" "Mozilla/5.0 (Windows NT 10.0; Win64; x64; rv:54.0) Gecko/20100101 Firefox/54.0"
93.115.25.135 - - [28/May/2026:21:21:11 +0300] "GET /images/tabla/beyazerik.png HTTP/1.1" 200 12322 "https://cehaburo.com/css/colors.css" "Mozilla/5.0 (Windows NT 10.0; Win64; x64; rv:54.0) Gecko/20100101 Firefox/54.0"
93.115.25.135 - - [28/May/2026:21:21:11 +0300] "GET /images/tabla/duzakcaagac.png HTTP/1.1" 200 12720 "https://cehaburo.com/css/colors.css" "Mozilla/5.0 (Windows NT 10.0; Win64; x64; rv:54.0) Gecko/20100101 Firefox/54.0"
93.115.25.135 - - [28/May/2026:21:21:11 +0300] "GET /images/tabla/wenge.png HTTP/1.1" 200 12236 "https://cehaburo.com/css/colors.css" "Mozilla/5.0 (Windows NT 10.0; Win64; x64; rv:54.0) Gecko/20100101 Firefox/54.0"
93.115.25.135 - - [28/May/2026:21:21:11 +0300] "GET /images/tabla/siyah.png HTTP/1.1" 200 13814 "https://cehaburo.com/css/colors.css" "Mozilla/5.0 (Windows NT 10.0; Win64; x64; rv:54.0) Gecko/20100101 Firefox/54.0"
93.115.25.135 - - [28/May/2026:21:21:11 +0300] "GET /images/tabla/gri.png HTTP/1.1" 200 10142 "https://cehaburo.com/css/colors.css" "Mozilla/5.0 (Windows NT 10.0; Win64; x64; rv:54.0) Gecko/20100101 Firefox/54.0"
93.115.25.135 - - [28/May/2026:21:21:11 +0300] "GET /images/tabla/duzgri.png HTTP/1.1" 200 1394 "https://cehaburo.com/css/colors.css" "Mozilla/5.0 (Windows NT 10.0; Win64; x64; rv:54.0) Gecko/20100101 Firefox/54.0"
93.115.25.135 - - [28/May/2026:21:21:11 +0300] "GET /images/tabla/bej.png HTTP/1.1" 200 14167 "https://cehaburo.com/css/colors.css" "Mozilla/5.0 (Windows NT 10.0; Win64; x64; rv:54.0) Gecko/20100101 Firefox/54.0"
93.115.25.135 - - [28/May/2026:21:21:11 +0300] "GET /images/tabla/buzbeyaz.png HTTP/1.1" 200 298 "https://cehaburo.com/css/colors.css" "Mozilla/5.0 (Windows NT 10.0; Win64; x64; rv:54.0) Gecko/20100101 Firefox/54.0"
93.115.25.135 - - [28/May/2026:21:21:11 +0300] "GET /images/tabla/hgsbeyaz.png HTTP/1.1" 200 210 "https://cehaburo.com/css/colors.css" "Mozilla/5.0 (Windows NT 10.0; Win64; x64; rv:54.0) Gecko/20100101 Firefox/54.0"
103.127.96.217 - - [28/May/2026:21:21:13 +0300] "GET /tr/urun-kategori/4 HTTP/1.1" 200 6287 "https://cehaburo.com/en/certificates" "Mozilla/5.0 (Macintosh; Intel Mac OS X 10_15_7) AppleWebKit/605.1.15 (KHTML, like Gecko) Version/15.6.1 Safari/605.1.15"
103.127.96.217 - - [28/May/2026:21:21:13 +0300] "GET /tr/urun-alt-kategori/21 HTTP/1.1" 200 10625 "https://cehaburo.com/en/certificates" "Mozilla/5.0 (Macintosh; Intel Mac OS X 10_15_7) AppleWebKit/605.1.15 (KHTML, like Gecko) Version/15.6.1 Safari/605.1.15"
103.127.96.217 - - [28/May/2026:21:21:16 +0300] "GET /tr/urun-alt-kategori/22 HTTP/1.1" 200 10335 "https://cehaburo.com/en/certificates" "Mozilla/5.0 (Macintosh; Intel Mac OS X 10_15_7) AppleWebKit/605.1.15 (KHTML, like Gecko) Version/15.6.1 Safari/605.1.15"
103.127.96.217 - - [28/May/2026:21:21:16 +0300] "GET /tr/urun-alt-kategori/23 HTTP/1.1" 200 10323 "https://cehaburo.com/en/certificates" "Mozilla/5.0 (Macintosh; Intel Mac OS X 10_15_7) AppleWebKit/605.1.15 (KHTML, like Gecko) Version/15.6.1 Safari/605.1.15"
103.127.96.217 - - [28/May/2026:21:21:18 +0300] "GET /tr/urun-alt-kategori/24 HTTP/1.1" 200 10317 "https://cehaburo.com/en/certificates" "Mozilla/5.0 (Macintosh; Intel Mac OS X 10_15_7) AppleWebKit/605.1.15 (KHTML, like Gecko) Version/15.6.1 Safari/605.1.15"
103.127.96.217 - - [28/May/2026:21:21:19 +0300] "GET /tr/urun-kategori/5 HTTP/1.1" 200 6223 "https://cehaburo.com/en/certificates" "Mozilla/5.0 (Macintosh; Intel Mac OS X 10_15_7) AppleWebKit/605.1.15 (KHTML, like Gecko) Version/15.6.1 Safari/605.1.15"
103.127.96.217 - - [28/May/2026:21:21:22 +0300] "GET /tr/urun-alt-kategori/44 HTTP/1.1" 200 10256 "https://cehaburo.com/en/certificates" "Mozilla/5.0 (Macintosh; Intel Mac OS X 10_15_7) AppleWebKit/605.1.15 (KHTML, like Gecko) Version/15.6.1 Safari/605.1.15"
103.127.96.217 - - [28/May/2026:21:21:22 +0300] "GET /tr/urun-alt-kategori/43 HTTP/1.1" 200 10256 "https://cehaburo.com/en/certificates" "Mozilla/5.0 (Macintosh; Intel Mac OS X 10_15_7) AppleWebKit/605.1.15 (KHTML, like Gecko) Version/15.6.1 Safari/605.1.15"
114.10.28.114 - - [28/May/2026:21:21:22 +0300] "GET /en/certificates HTTP/1.1" 200 6043 "-" "Mozilla/5.0 (X11; Linux x86_64) AppleWebKit/537.36 (KHTML, like Gecko) Chrome/148.0.0.0 Safari/537.36"
114.10.28.114 - - [28/May/2026:21:21:23 +0300] "GET /vendors/fontawesome-pro-5/css/all.css HTTP/1.1" 200 32906 "https://cehaburo.com/en/certificates" "Mozilla/5.0 (X11; Linux x86_64) AppleWebKit/537.36 (KHTML, like Gecko) Chrome/148.0.0.0 Safari/537.36"
114.10.28.114 - - [28/May/2026:21:21:23 +0300] "GET /vendors/bootstrap-select/css/bootstrap-select.min.css HTTP/1.1" 200 2247 "https://cehaburo.com/en/certificates" "Mozilla/5.0 (X11; Linux x86_64) AppleWebKit/537.36 (KHTML, like Gecko) Chrome/148.0.0.0 Safari/537.36"
114.10.28.114 - - [28/May/2026:21:21:23 +0300] "GET /vendors/slick/slick.min.css HTTP/1.1" 200 503 "https://cehaburo.com/en/certificates" "Mozilla/5.0 (X11; Linux x86_64) AppleWebKit/537.36 (KHTML, like Gecko) Chrome/148.0.0.0 Safari/537.36"
114.10.28.114 - - [28/May/2026:21:21:23 +0300] "GET /vendors/magnific-popup/magnific-popup.min.css HTTP/1.1" 200 1565 "https://cehaburo.com/en/certificates" "Mozilla/5.0 (X11; Linux x86_64) AppleWebKit/537.36 (KHTML, like Gecko) Chrome/148.0.0.0 Safari/537.36"
114.10.28.114 - - [28/May/2026:21:21:24 +0300] "GET /vendors/animate.css HTTP/1.1" 200 4325 "https://cehaburo.com/en/certificates" "Mozilla/5.0 (X11; Linux x86_64) AppleWebKit/537.36 (KHTML, like Gecko) Chrome/148.0.0.0 Safari/537.36"
114.10.28.114 - - [28/May/2026:21:21:24 +0300] "GET /vendors/jquery-ui/jquery-ui.min.css HTTP/1.1" 200 7607 "https://cehaburo.com/en/certificates" "Mozilla/5.0 (X11; Linux x86_64) AppleWebKit/537.36 (KHTML, like Gecko) Chrome/148.0.0.0 Safari/537.36"
114.10.28.114 - - [28/May/2026:21:21:24 +0300] "GET /vendors/mapbox-gl/mapbox-gl.min.css HTTP/1.1" 200 4574 "https://cehaburo.com/en/certificates" "Mozilla/5.0 (X11; Linux x86_64) AppleWebKit/537.36 (KHTML, like Gecko) Chrome/148.0.0.0 Safari/537.36"
114.10.28.114 - - [28/May/2026:21:21:24 +0300] "GET /css/responsive.css HTTP/1.1" 200 1057 "https://cehaburo.com/en/certificates" "Mozilla/5.0 (X11; Linux x86_64) AppleWebKit/537.36 (KHTML, like Gecko) Chrome/148.0.0.0 Safari/537.36"
114.10.28.114 - - [28/May/2026:21:21:24 +0300] "GET /css/spacing.css HTTP/1.1" 200 10689 "https://cehaburo.com/en/certificates" "Mozilla/5.0 (X11; Linux x86_64) AppleWebKit/537.36 (KHTML, like Gecko) Chrome/148.0.0.0 Safari/537.36"
114.10.28.114 - - [28/May/2026:21:21:24 +0300] "GET /css/themes.css HTTP/1.1" 200 56838 "https://cehaburo.com/en/certificates" "Mozilla/5.0 (X11; Linux x86_64) AppleWebKit/537.36 (KHTML, like Gecko) Chrome/148.0.0.0 Safari/537.36"
