103.3.221.25 - - [28/May/2026:21:15:55 +0300] "GET /css/themes.css HTTP/1.1" 200 56838 "https://cehaburo.com/en/certificates" "Mozilla/5.0 (Linux; Android 10; K) AppleWebKit/537.36 (KHTML, like Gecko) Chrome/148.0.0.0 Mobile Safari/537.36"
160.22.222.15 - - [28/May/2026:21:15:54 +0300] "GET /images/certificate/6183eec005104.png HTTP/1.1" 200 760196 "https://cehaburo.com/en/certificates" "Mozilla/5.0 (Linux; U; Android 7.1.1; in-id; CPH1801 Build/NMF26F) AppleWebKit/537.36 (KHTML, like Gecko) Chrome/91.0.4472.88 Mobile Safari/537.36 HeyTapBrowser/15.9.0.1"
103.100.180.3 - - [28/May/2026:21:15:55 +0300] "GET /vendors/fontawesome-pro-5/css/all.css HTTP/1.1" 200 32906 "https://cehaburo.com/en/certificates" "Mozilla/5.0 (Linux; Android 10; K) AppleWebKit/537.36 (KHTML, like Gecko) Chrome/148.0.0.0 Mobile Safari/537.36"
103.154.148.226 - - [28/May/2026:21:15:55 +0300] "GET /en/certificates HTTP/1.1" 200 6043 "-" "Mozilla/5.0 (iPhone; CPU iPhone OS 18_7 like Mac OS X) AppleWebKit/605.1.15 (KHTML, like Gecko) Mobile/15E148"
103.121.108.28 - - [28/May/2026:21:15:55 +0300] "GET /css/themes.css HTTP/1.1" 200 56838 "https://cehaburo.com/en/certificates" "Mozilla/5.0 (Linux; Android 10; K) AppleWebKit/537.36 (KHTML, like Gecko) Chrome/147.0.0.0 Mobile Safari/537.36"
103.3.221.25 - - [28/May/2026:21:15:55 +0300] "GET /css/responsive.css HTTP/1.1" 200 1057 "https://cehaburo.com/en/certificates" "Mozilla/5.0 (Linux; Android 10; K) AppleWebKit/537.36 (KHTML, like Gecko) Chrome/148.0.0.0 Mobile Safari/537.36"
103.100.180.3 - - [28/May/2026:21:15:56 +0300] "GET /vendors/bootstrap-select/css/bootstrap-select.min.css HTTP/1.1" 200 2247 "https://cehaburo.com/en/certificates" "Mozilla/5.0 (Linux; Android 10; K) AppleWebKit/537.36 (KHTML, like Gecko) Chrome/148.0.0.0 Mobile Safari/537.36"
103.3.221.25 - - [28/May/2026:21:15:56 +0300] "GET /css/colors.css HTTP/1.1" 200 1926 "https://cehaburo.com/en/certificates" "Mozilla/5.0 (Linux; Android 10; K) AppleWebKit/537.36 (KHTML, like Gecko) Chrome/148.0.0.0 Mobile Safari/537.36"
203.78.117.104 - - [28/May/2026:21:15:56 +0300] "GET /en/certificates HTTP/1.1" 200 6043 "-" "Mozilla/5.0 (Linux; Android 11; 2201117PG Build/RP1A.200720.011) AppleWebKit/537.36 (KHTML, like Gecko) Version/4.0 Chrome/148.0.7778.178 Mobile Safari/537.36"
103.100.180.3 - - [28/May/2026:21:15:56 +0300] "GET /vendors/slick/slick.min.css HTTP/1.1" 200 503 "https://cehaburo.com/en/certificates" "Mozilla/5.0 (Linux; Android 10; K) AppleWebKit/537.36 (KHTML, like Gecko) Chrome/148.0.0.0 Mobile Safari/537.36"
103.3.221.25 - - [28/May/2026:21:15:56 +0300] "GET /vendors/jquery.min.js HTTP/1.1" 200 30677 "https://cehaburo.com/en/certificates" "Mozilla/5.0 (Linux; Android 10; K) AppleWebKit/537.36 (KHTML, like Gecko) Chrome/148.0.0.0 Mobile Safari/537.36"
103.165.156.21 - - [28/May/2026:21:15:56 +0300] "GET /images/logo/64b5226a99913.png HTTP/1.1" 200 20537 "https://cehaburo.com/en/certificates" "Mozilla/5.0 (Linux; Android 10; K) AppleWebKit/537.36 (KHTML, like Gecko) Chrome/138.0.0.0 Mobile Safari/537.36"
103.100.180.3 - - [28/May/2026:21:15:56 +0300] "GET /vendors/magnific-popup/magnific-popup.min.css HTTP/1.1" 200 1565 "https://cehaburo.com/en/certificates" "Mozilla/5.0 (Linux; Android 10; K) AppleWebKit/537.36 (KHTML, like Gecko) Chrome/148.0.0.0 Mobile Safari/537.36"
103.121.108.28 - - [28/May/2026:21:15:56 +0300] "GET /css/responsive.css HTTP/1.1" 200 1057 "https://cehaburo.com/en/certificates" "Mozilla/5.0 (Linux; Android 10; K) AppleWebKit/537.36 (KHTML, like Gecko) Chrome/147.0.0.0 Mobile Safari/537.36"
103.3.221.25 - - [28/May/2026:21:15:56 +0300] "GET /images/logo/logo.png HTTP/1.1" 200 4478 "https://cehaburo.com/en/certificates" "Mozilla/5.0 (Linux; Android 10; K) AppleWebKit/537.36 (KHTML, like Gecko) Chrome/148.0.0.0 Mobile Safari/537.36"
160.22.222.15 - - [28/May/2026:21:15:56 +0300] "GET /images/logo/logo.png HTTP/1.1" 200 4478 "https://cehaburo.com/en/certificates" "Mozilla/5.0 (Linux; U; Android 7.1.1; in-id; CPH1801 Build/NMF26F) AppleWebKit/537.36 (KHTML, like Gecko) Chrome/91.0.4472.88 Mobile Safari/537.36 HeyTapBrowser/15.9.0.1"
103.100.180.3 - - [28/May/2026:21:15:56 +0300] "GET /vendors/jquery-ui/jquery-ui.min.css HTTP/1.1" 200 7607 "https://cehaburo.com/en/certificates" "Mozilla/5.0 (Linux; Android 10; K) AppleWebKit/537.36 (KHTML, like Gecko) Chrome/148.0.0.0 Mobile Safari/537.36"
103.121.108.28 - - [28/May/2026:21:15:56 +0300] "GET /css/colors.css HTTP/1.1" 200 1926 "https://cehaburo.com/en/certificates" "Mozilla/5.0 (Linux; Android 10; K) AppleWebKit/537.36 (KHTML, like Gecko) Chrome/147.0.0.0 Mobile Safari/537.36"
103.100.180.3 - - [28/May/2026:21:15:56 +0300] "GET /vendors/animate.css HTTP/1.1" 200 4325 "https://cehaburo.com/en/certificates" "Mozilla/5.0 (Linux; Android 10; K) AppleWebKit/537.36 (KHTML, like Gecko) Chrome/148.0.0.0 Mobile Safari/537.36"
103.165.156.21 - - [28/May/2026:21:15:56 +0300] "GET /images/logo/64b69cd526f8e.png HTTP/1.1" 200 10142 "https://cehaburo.com/en/certificates" "Mozilla/5.0 (Linux; Android 10; K) AppleWebKit/537.36 (KHTML, like Gecko) Chrome/138.0.0.0 Mobile Safari/537.36"
103.100.180.3 - - [28/May/2026:21:15:57 +0300] "GET /vendors/mapbox-gl/mapbox-gl.min.css HTTP/1.1" 200 4574 "https://cehaburo.com/en/certificates" "Mozilla/5.0 (Linux; Android 10; K) AppleWebKit/537.36 (KHTML, like Gecko) Chrome/148.0.0.0 Mobile Safari/537.36"
103.165.156.21 - - [28/May/2026:21:15:57 +0300] "GET /images/logo/61cc6c04c5f8b.png HTTP/1.1" 200 11970 "https://cehaburo.com/en/certificates" "Mozilla/5.0 (Linux; Android 10; K) AppleWebKit/537.36 (KHTML, like Gecko) Chrome/138.0.0.0 Mobile Safari/537.36"
103.121.108.28 - - [28/May/2026:21:15:57 +0300] "GET /vendors/jquery.min.js HTTP/1.1" 200 30677 "https://cehaburo.com/en/certificates" "Mozilla/5.0 (Linux; Android 10; K) AppleWebKit/537.36 (KHTML, like Gecko) Chrome/147.0.0.0 Mobile Safari/537.36"
103.100.180.3 - - [28/May/2026:21:15:57 +0300] "GET /css/spacing.css HTTP/1.1" 200 10689 "https://cehaburo.com/en/certificates" "Mozilla/5.0 (Linux; Android 10; K) AppleWebKit/537.36 (KHTML, like Gecko) Chrome/148.0.0.0 Mobile Safari/537.36"
103.165.156.21 - - [28/May/2026:21:15:57 +0300] "GET /images/logo/68cd70d486515.png HTTP/1.1" 200 11456 "https://cehaburo.com/en/certificates" "Mozilla/5.0 (Linux; Android 10; K) AppleWebKit/537.36 (KHTML, like Gecko) Chrome/138.0.0.0 Mobile Safari/537.36"
103.121.108.28 - - [28/May/2026:21:15:57 +0300] "GET /images/logo/logo.png HTTP/1.1" 200 4478 "https://cehaburo.com/en/certificates" "Mozilla/5.0 (Linux; Android 10; K) AppleWebKit/537.36 (KHTML, like Gecko) Chrome/147.0.0.0 Mobile Safari/537.36"
160.22.222.15 - - [28/May/2026:21:15:57 +0300] "GET /images/certificate/6183ee2a63e5c.png HTTP/1.1" 200 794394 "https://cehaburo.com/en/certificates" "Mozilla/5.0 (Linux; U; Android 7.1.1; in-id; CPH1801 Build/NMF26F) AppleWebKit/537.36 (KHTML, like Gecko) Chrome/91.0.4472.88 Mobile Safari/537.36 HeyTapBrowser/15.9.0.1"
103.100.180.3 - - [28/May/2026:21:15:57 +0300] "GET /css/themes.css HTTP/1.1" 200 56838 "https://cehaburo.com/en/certificates" "Mozilla/5.0 (Linux; Android 10; K) AppleWebKit/537.36 (KHTML, like Gecko) Chrome/148.0.0.0 Mobile Safari/537.36"
103.165.156.21 - - [28/May/2026:21:15:57 +0300] "GET /images/logo/61cc6bce93429.png HTTP/1.1" 200 11689 "https://cehaburo.com/en/certificates" "Mozilla/5.0 (Linux; Android 10; K) AppleWebKit/537.36 (KHTML, like Gecko) Chrome/138.0.0.0 Mobile Safari/537.36"
103.100.180.3 - - [28/May/2026:21:15:58 +0300] "GET /css/responsive.css HTTP/1.1" 200 1057 "https://cehaburo.com/en/certificates" "Mozilla/5.0 (Linux; Android 10; K) AppleWebKit/537.36 (KHTML, like Gecko) Chrome/148.0.0.0 Mobile Safari/537.36"
103.165.156.21 - - [28/May/2026:21:15:58 +0300] "GET /images/favicon.html HTTP/1.1" 200 169 "https://cehaburo.com/en/certificates" "Mozilla/5.0 (Linux; Android 10; K) AppleWebKit/537.36 (KHTML, like Gecko) Chrome/138.0.0.0 Mobile Safari/537.36"
103.100.180.3 - - [28/May/2026:21:15:58 +0300] "GET /css/colors.css HTTP/1.1" 200 1926 "https://cehaburo.com/en/certificates" "Mozilla/5.0 (Linux; Android 10; K) AppleWebKit/537.36 (KHTML, like Gecko) Chrome/148.0.0.0 Mobile Safari/537.36"
103.165.156.21 - - [28/May/2026:21:15:58 +0300] "GET /images/favicon.png HTTP/1.1" 200 3753 "https://cehaburo.com/en/certificates" "Mozilla/5.0 (Linux; Android 10; K) AppleWebKit/537.36 (KHTML, like Gecko) Chrome/138.0.0.0 Mobile Safari/537.36"
103.100.180.3 - - [28/May/2026:21:15:58 +0300] "GET /vendors/jquery.min.js HTTP/1.1" 200 30677 "https://cehaburo.com/en/certificates" "Mozilla/5.0 (Linux; Android 10; K) AppleWebKit/537.36 (KHTML, like Gecko) Chrome/148.0.0.0 Mobile Safari/537.36"
103.3.221.25 - - [28/May/2026:21:15:56 +0300] "GET /images/certificate/61fb7f85b8bcd.jpg HTTP/1.1" 200 1304329 "https://cehaburo.com/en/certificates" "Mozilla/5.0 (Linux; Android 10; K) AppleWebKit/537.36 (KHTML, like Gecko) Chrome/148.0.0.0 Mobile Safari/537.36"
103.100.180.3 - - [28/May/2026:21:15:58 +0300] "GET /images/logo/logo.png HTTP/1.1" 200 4478 "https://cehaburo.com/en/certificates" "Mozilla/5.0 (Linux; Android 10; K) AppleWebKit/537.36 (KHTML, like Gecko) Chrome/148.0.0.0 Mobile Safari/537.36"
160.22.222.15 - - [28/May/2026:21:15:58 +0300] "GET /images/certificate/61fb7f85b8bcd.jpg HTTP/1.1" 200 1304329 "https://cehaburo.com/en/certificates" "Mozilla/5.0 (Linux; U; Android 7.1.1; in-id; CPH1801 Build/NMF26F) AppleWebKit/537.36 (KHTML, like Gecko) Chrome/91.0.4472.88 Mobile Safari/537.36 HeyTapBrowser/15.9.0.1"
103.3.221.25 - - [28/May/2026:21:15:59 +0300] "GET /vendors/jquery-ui/jquery-ui.min.js HTTP/1.1" 200 67971 "https://cehaburo.com/en/certificates" "Mozilla/5.0 (Linux; Android 10; K) AppleWebKit/537.36 (KHTML, like Gecko) Chrome/148.0.0.0 Mobile Safari/537.36"
103.100.180.3 - - [28/May/2026:21:15:58 +0300] "GET /images/certificate/61fb7f85b8bcd.jpg HTTP/1.1" 200 1304329 "https://cehaburo.com/en/certificates" "Mozilla/5.0 (Linux; Android 10; K) AppleWebKit/537.36 (KHTML, like Gecko) Chrome/148.0.0.0 Mobile Safari/537.36"
103.3.221.25 - - [28/May/2026:21:16:00 +0300] "GET /vendors/bootstrap/bootstrap.bundle.js HTTP/1.1" 200 30407 "https://cehaburo.com/en/certificates" "Mozilla/5.0 (Linux; Android 10; K) AppleWebKit/537.36 (KHTML, like Gecko) Chrome/148.0.0.0 Mobile Safari/537.36"
103.3.221.25 - - [28/May/2026:21:16:00 +0300] "GET /vendors/bootstrap-select/js/bootstrap-select.min.js HTTP/1.1" 200 15945 "https://cehaburo.com/en/certificates" "Mozilla/5.0 (Linux; Android 10; K) AppleWebKit/537.36 (KHTML, like Gecko) Chrome/148.0.0.0 Mobile Safari/537.36"
103.67.88.82 - - [28/May/2026:21:16:00 +0300] "GET /en/certificates HTTP/1.1" 200 6043 "https://vidvf.com/" "Mozilla/5.0 (iPhone; CPU iPhone OS 18_5 like Mac OS X) AppleWebKit/605.1.15 (KHTML, like Gecko) Version/18.5 Mobile/15E148 Safari/604.1"
103.3.221.25 - - [28/May/2026:21:16:00 +0300] "GET /vendors/slick/slick.min.js HTTP/1.1" 200 10442 "https://cehaburo.com/en/certificates" "Mozilla/5.0 (Linux; Android 10; K) AppleWebKit/537.36 (KHTML, like Gecko) Chrome/148.0.0.0 Mobile Safari/537.36"
103.3.221.25 - - [28/May/2026:21:16:00 +0300] "GET /vendors/waypoints/jquery.waypoints.min.js HTTP/1.1" 200 2615 "https://cehaburo.com/en/certificates" "Mozilla/5.0 (Linux; Android 10; K) AppleWebKit/537.36 (KHTML, like Gecko) Chrome/148.0.0.0 Mobile Safari/537.36"
160.22.222.15 - - [28/May/2026:21:16:00 +0300] "GET /images/certificate/6183ef4b2e075.png HTTP/1.1" 200 697801 "https://cehaburo.com/en/certificates" "Mozilla/5.0 (Linux; U; Android 7.1.1; in-id; CPH1801 Build/NMF26F) AppleWebKit/537.36 (KHTML, like Gecko) Chrome/91.0.4472.88 Mobile Safari/537.36 HeyTapBrowser/15.9.0.1"
103.3.221.25 - - [28/May/2026:21:16:00 +0300] "GET /vendors/counter/countUp.js HTTP/1.1" 200 1392 "https://cehaburo.com/en/certificates" "Mozilla/5.0 (Linux; Android 10; K) AppleWebKit/537.36 (KHTML, like Gecko) Chrome/148.0.0.0 Mobile Safari/537.36"
103.3.221.25 - - [28/May/2026:21:16:01 +0300] "GET /vendors/magnific-popup/jquery.magnific-popup.min.js HTTP/1.1" 200 7292 "https://cehaburo.com/en/certificates" "Mozilla/5.0 (Linux; Android 10; K) AppleWebKit/537.36 (KHTML, like Gecko) Chrome/148.0.0.0 Mobile Safari/537.36"
103.3.221.25 - - [28/May/2026:21:16:01 +0300] "GET /vendors/hc-sticky/hc-sticky.min.js HTTP/1.1" 200 4015 "https://cehaburo.com/en/certificates" "Mozilla/5.0 (Linux; Android 10; K) AppleWebKit/537.36 (KHTML, like Gecko) Chrome/148.0.0.0 Mobile Safari/537.36"
103.3.221.25 - - [28/May/2026:21:16:01 +0300] "GET /vendors/jparallax/TweenMax.min.js HTTP/1.1" 200 39768 "https://cehaburo.com/en/certificates" "Mozilla/5.0 (Linux; Android 10; K) AppleWebKit/537.36 (KHTML, like Gecko) Chrome/148.0.0.0 Mobile Safari/537.36"
103.100.180.3 - - [28/May/2026:21:16:01 +0300] "GET /vendors/jquery-ui/jquery-ui.min.js HTTP/1.1" 200 67971 "https://cehaburo.com/en/certificates" "Mozilla/5.0 (Linux; Android 10; K) AppleWebKit/537.36 (KHTML, like Gecko) Chrome/148.0.0.0 Mobile Safari/537.36"
103.121.108.28 - - [28/May/2026:21:15:57 +0300] "GET /images/certificate/61fb7f85b8bcd.jpg HTTP/1.1" 200 1304329 "https://cehaburo.com/en/certificates" "Mozilla/5.0 (Linux; Android 10; K) AppleWebKit/537.36 (KHTML, like Gecko) Chrome/147.0.0.0 Mobile Safari/537.36"
103.3.221.25 - - [28/May/2026:21:16:01 +0300] "GET /vendors/mapbox-gl/mapbox-gl.js HTTP/1.1" 200 195168 "https://cehaburo.com/en/certificates" "Mozilla/5.0 (Linux; Android 10; K) AppleWebKit/537.36 (KHTML, like Gecko) Chrome/148.0.0.0 Mobile Safari/537.36"
103.100.180.3 - - [28/May/2026:21:16:02 +0300] "GET /vendors/fontawesome-pro-5/webfonts/fa-light-300.woff2 HTTP/1.1" 200 185394 "https://cehaburo.com/vendors/fontawesome-pro-5/css/all.css" "Mozilla/5.0 (Linux; Android 10; K) AppleWebKit/537.36 (KHTML, like Gecko) Chrome/148.0.0.0 Mobile Safari/537.36"
103.3.221.25 - - [28/May/2026:21:16:02 +0300] "GET /js/theme.js HTTP/1.1" 200 10908 "https://cehaburo.com/en/certificates" "Mozilla/5.0 (Linux; Android 10; K) AppleWebKit/537.36 (KHTML, like Gecko) Chrome/148.0.0.0 Mobile Safari/537.36"
180.252.86.88 - - [28/May/2026:21:16:02 +0300] "GET /en/certificates HTTP/1.1" 200 6043 "-" "Mozilla/5.0 (iPhone; CPU iPhone OS 18_7 like Mac OS X) AppleWebKit/605.1.15 (KHTML, like Gecko) Mobile/15E148"
103.3.221.25 - - [28/May/2026:21:16:02 +0300] "GET /vendors/fontawesome-pro-5/webfonts/fa-light-300.woff2 HTTP/1.1" 200 185394 "https://cehaburo.com/vendors/fontawesome-pro-5/css/all.css" "Mozilla/5.0 (Linux; Android 10; K) AppleWebKit/537.36 (KHTML, like Gecko) Chrome/148.0.0.0 Mobile Safari/537.36"
103.100.180.3 - - [28/May/2026:21:16:02 +0300] "GET /vendors/fontawesome-pro-5/webfonts/fa-regular-400.woff2 HTTP/1.1" 200 169597 "https://cehaburo.com/vendors/fontawesome-pro-5/css/all.css" "Mozilla/5.0 (Linux; Android 10; K) AppleWebKit/537.36 (KHTML, like Gecko) Chrome/148.0.0.0 Mobile Safari/537.36"
103.121.246.13 - - [28/May/2026:21:16:02 +0300] "GET /en/certificates HTTP/1.1" 200 6043 "-" "Mozilla/5.0 (iPhone; CPU iPhone OS 18_7 like Mac OS X) AppleWebKit/605.1.15 (KHTML, like Gecko) Mobile/15E148"
103.3.221.25 - - [28/May/2026:21:16:03 +0300] "GET /vendors/fontawesome-pro-5/webfonts/fa-regular-400.woff2 HTTP/1.1" 200 169597 "https://cehaburo.com/vendors/fontawesome-pro-5/css/all.css" "Mozilla/5.0 (Linux; Android 10; K) AppleWebKit/537.36 (KHTML, like Gecko) Chrome/148.0.0.0 Mobile Safari/537.36"
103.100.180.3 - - [28/May/2026:21:16:03 +0300] "GET /vendors/fontawesome-pro-5/webfonts/fa-brands-400.woff2 HTTP/1.1" 200 76526 "https://cehaburo.com/vendors/fontawesome-pro-5/css/all.css" "Mozilla/5.0 (Linux; Android 10; K) AppleWebKit/537.36 (KHTML, like Gecko) Chrome/148.0.0.0 Mobile Safari/537.36"
103.3.221.25 - - [28/May/2026:21:16:03 +0300] "GET /vendors/fontawesome-pro-5/webfonts/fa-brands-400.woff2 HTTP/1.1" 200 76526 "https://cehaburo.com/vendors/fontawesome-pro-5/css/all.css" "Mozilla/5.0 (Linux; Android 10; K) AppleWebKit/537.36 (KHTML, like Gecko) Chrome/148.0.0.0 Mobile Safari/537.36"
103.100.180.3 - - [28/May/2026:21:16:03 +0300] "GET /vendors/bootstrap/bootstrap.bundle.js HTTP/1.1" 200 30407 "https://cehaburo.com/en/certificates" "Mozilla/5.0 (Linux; Android 10; K) AppleWebKit/537.36 (KHTML, like Gecko) Chrome/148.0.0.0 Mobile Safari/537.36"
103.100.180.3 - - [28/May/2026:21:16:03 +0300] "GET /vendors/bootstrap-select/js/bootstrap-select.min.js HTTP/1.1" 200 15945 "https://cehaburo.com/en/certificates" "Mozilla/5.0 (Linux; Android 10; K) AppleWebKit/537.36 (KHTML, like Gecko) Chrome/148.0.0.0 Mobile Safari/537.36"
103.121.108.28 - - [28/May/2026:21:16:03 +0300] "GET /vendors/jquery-ui/jquery-ui.min.js HTTP/1.1" 200 67971 "https://cehaburo.com/en/certificates" "Mozilla/5.0 (Linux; Android 10; K) AppleWebKit/537.36 (KHTML, like Gecko) Chrome/147.0.0.0 Mobile Safari/537.36"
103.3.221.25 - - [28/May/2026:21:16:03 +0300] "GET /images/certificate/6183ee2a63e5c.png HTTP/1.1" 200 794394 "https://cehaburo.com/en/certificates" "Mozilla/5.0 (Linux; Android 10; K) AppleWebKit/537.36 (KHTML, like Gecko) Chrome/148.0.0.0 Mobile Safari/537.36"
103.100.180.3 - - [28/May/2026:21:16:03 +0300] "GET /vendors/slick/slick.min.js HTTP/1.1" 200 10442 "https://cehaburo.com/en/certificates" "Mozilla/5.0 (Linux; Android 10; K) AppleWebKit/537.36 (KHTML, like Gecko) Chrome/148.0.0.0 Mobile Safari/537.36"
103.121.108.28 - - [28/May/2026:21:16:04 +0300] "GET /vendors/bootstrap/bootstrap.bundle.js HTTP/1.1" 200 30407 "https://cehaburo.com/en/certificates" "Mozilla/5.0 (Linux; Android 10; K) AppleWebKit/537.36 (KHTML, like Gecko) Chrome/147.0.0.0 Mobile Safari/537.36"
103.100.180.3 - - [28/May/2026:21:16:04 +0300] "GET /vendors/waypoints/jquery.waypoints.min.js HTTP/1.1" 200 2615 "https://cehaburo.com/en/certificates" "Mozilla/5.0 (Linux; Android 10; K) AppleWebKit/537.36 (KHTML, like Gecko) Chrome/148.0.0.0 Mobile Safari/537.36"
103.100.180.3 - - [28/May/2026:21:16:04 +0300] "GET /vendors/counter/countUp.js HTTP/1.1" 200 1392 "https://cehaburo.com/en/certificates" "Mozilla/5.0 (Linux; Android 10; K) AppleWebKit/537.36 (KHTML, like Gecko) Chrome/148.0.0.0 Mobile Safari/537.36"
103.121.108.28 - - [28/May/2026:21:16:04 +0300] "GET /vendors/bootstrap-select/js/bootstrap-select.min.js HTTP/1.1" 200 15945 "https://cehaburo.com/en/certificates" "Mozilla/5.0 (Linux; Android 10; K) AppleWebKit/537.36 (KHTML, like Gecko) Chrome/147.0.0.0 Mobile Safari/537.36"
103.100.180.3 - - [28/May/2026:21:16:04 +0300] "GET /vendors/magnific-popup/jquery.magnific-popup.min.js HTTP/1.1" 200 7292 "https://cehaburo.com/en/certificates" "Mozilla/5.0 (Linux; Android 10; K) AppleWebKit/537.36 (KHTML, like Gecko) Chrome/148.0.0.0 Mobile Safari/537.36"
103.121.108.28 - - [28/May/2026:21:16:04 +0300] "GET /vendors/slick/slick.min.js HTTP/1.1" 200 10442 "https://cehaburo.com/en/certificates" "Mozilla/5.0 (Linux; Android 10; K) AppleWebKit/537.36 (KHTML, like Gecko) Chrome/147.0.0.0 Mobile Safari/537.36"
103.100.180.3 - - [28/May/2026:21:16:04 +0300] "GET /vendors/hc-sticky/hc-sticky.min.js HTTP/1.1" 200 4015 "https://cehaburo.com/en/certificates" "Mozilla/5.0 (Linux; Android 10; K) AppleWebKit/537.36 (KHTML, like Gecko) Chrome/148.0.0.0 Mobile Safari/537.36"
160.22.222.15 - - [28/May/2026:21:16:02 +0300] "GET /images/certificate/6183f17f21dae.jpg HTTP/1.1" 200 2362276 "https://cehaburo.com/en/certificates" "Mozilla/5.0 (Linux; U; Android 7.1.1; in-id; CPH1801 Build/NMF26F) AppleWebKit/537.36 (KHTML, like Gecko) Chrome/91.0.4472.88 Mobile Safari/537.36 HeyTapBrowser/15.9.0.1"
103.100.180.3 - - [28/May/2026:21:16:05 +0300] "GET /vendors/jparallax/TweenMax.min.js HTTP/1.1" 200 39768 "https://cehaburo.com/en/certificates" "Mozilla/5.0 (Linux; Android 10; K) AppleWebKit/537.36 (KHTML, like Gecko) Chrome/148.0.0.0 Mobile Safari/537.36"
103.3.221.25 - - [28/May/2026:21:16:05 +0300] "GET /images/certificate/6183eec005104.png HTTP/1.1" 200 760196 "https://cehaburo.com/en/certificates" "Mozilla/5.0 (Linux; Android 10; K) AppleWebKit/537.36 (KHTML, like Gecko) Chrome/148.0.0.0 Mobile Safari/537.36"
103.121.108.28 - - [28/May/2026:21:16:05 +0300] "GET /vendors/waypoints/jquery.waypoints.min.js HTTP/1.1" 200 2615 "https://cehaburo.com/en/certificates" "Mozilla/5.0 (Linux; Android 10; K) AppleWebKit/537.36 (KHTML, like Gecko) Chrome/147.0.0.0 Mobile Safari/537.36"
103.100.180.3 - - [28/May/2026:21:16:05 +0300] "GET /vendors/mapbox-gl/mapbox-gl.js HTTP/1.1" 200 195168 "https://cehaburo.com/en/certificates" "Mozilla/5.0 (Linux; Android 10; K) AppleWebKit/537.36 (KHTML, like Gecko) Chrome/148.0.0.0 Mobile Safari/537.36"
103.121.108.28 - - [28/May/2026:21:16:05 +0300] "GET /vendors/counter/countUp.js HTTP/1.1" 200 1392 "https://cehaburo.com/en/certificates" "Mozilla/5.0 (Linux; Android 10; K) AppleWebKit/537.36 (KHTML, like Gecko) Chrome/147.0.0.0 Mobile Safari/537.36"
103.121.108.28 - - [28/May/2026:21:16:05 +0300] "GET /vendors/magnific-popup/jquery.magnific-popup.min.js HTTP/1.1" 200 7292 "https://cehaburo.com/en/certificates" "Mozilla/5.0 (Linux; Android 10; K) AppleWebKit/537.36 (KHTML, like Gecko) Chrome/147.0.0.0 Mobile Safari/537.36"
103.100.180.3 - - [28/May/2026:21:16:05 +0300] "GET /js/theme.js HTTP/1.1" 200 10908 "https://cehaburo.com/en/certificates" "Mozilla/5.0 (Linux; Android 10; K) AppleWebKit/537.36 (KHTML, like Gecko) Chrome/148.0.0.0 Mobile Safari/537.36"
103.3.221.25 - - [28/May/2026:21:16:06 +0300] "GET /images/certificate/6183ef4b2e075.png HTTP/1.1" 200 697801 "https://cehaburo.com/en/certificates" "Mozilla/5.0 (Linux; Android 10; K) AppleWebKit/537.36 (KHTML, like Gecko) Chrome/148.0.0.0 Mobile Safari/537.36"
103.100.180.3 - - [28/May/2026:21:16:06 +0300] "GET /images/certificate/6183ee2a63e5c.png HTTP/1.1" 200 794394 "https://cehaburo.com/en/certificates" "Mozilla/5.0 (Linux; Android 10; K) AppleWebKit/537.36 (KHTML, like Gecko) Chrome/148.0.0.0 Mobile Safari/537.36"
103.121.108.28 - - [28/May/2026:21:16:06 +0300] "GET /vendors/hc-sticky/hc-sticky.min.js HTTP/1.1" 200 4015 "https://cehaburo.com/en/certificates" "Mozilla/5.0 (Linux; Android 10; K) AppleWebKit/537.36 (KHTML, like Gecko) Chrome/147.0.0.0 Mobile Safari/537.36"
103.121.108.28 - - [28/May/2026:21:16:06 +0300] "GET /vendors/jparallax/TweenMax.min.js HTTP/1.1" 200 39768 "https://cehaburo.com/en/certificates" "Mozilla/5.0 (Linux; Android 10; K) AppleWebKit/537.36 (KHTML, like Gecko) Chrome/147.0.0.0 Mobile Safari/537.36"
160.22.222.15 - - [28/May/2026:21:16:06 +0300] "GET /vendors/jquery-ui/jquery-ui.min.js HTTP/1.1" 200 67971 "https://cehaburo.com/en/certificates" "Mozilla/5.0 (Linux; U; Android 7.1.1; in-id; CPH1801 Build/NMF26F) AppleWebKit/537.36 (KHTML, like Gecko) Chrome/91.0.4472.88 Mobile Safari/537.36 HeyTapBrowser/15.9.0.1"
103.121.108.28 - - [28/May/2026:21:16:06 +0300] "GET /vendors/mapbox-gl/mapbox-gl.js HTTP/1.1" 200 195168 "https://cehaburo.com/en/certificates" "Mozilla/5.0 (Linux; Android 10; K) AppleWebKit/537.36 (KHTML, like Gecko) Chrome/147.0.0.0 Mobile Safari/537.36"
160.22.222.15 - - [28/May/2026:21:16:07 +0300] "GET /vendors/bootstrap/bootstrap.bundle.js HTTP/1.1" 200 30407 "https://cehaburo.com/en/certificates" "Mozilla/5.0 (Linux; U; Android 7.1.1; in-id; CPH1801 Build/NMF26F) AppleWebKit/537.36 (KHTML, like Gecko) Chrome/91.0.4472.88 Mobile Safari/537.36 HeyTapBrowser/15.9.0.1"
103.3.221.25 - - [28/May/2026:21:16:06 +0300] "GET /images/certificate/6183f17f21dae.jpg HTTP/1.1" 200 2362276 "https://cehaburo.com/en/certificates" "Mozilla/5.0 (Linux; Android 10; K) AppleWebKit/537.36 (KHTML, like Gecko) Chrome/148.0.0.0 Mobile Safari/537.36"
160.22.222.15 - - [28/May/2026:21:16:07 +0300] "GET /vendors/bootstrap-select/js/bootstrap-select.min.js HTTP/1.1" 200 15945 "https://cehaburo.com/en/certificates" "Mozilla/5.0 (Linux; U; Android 7.1.1; in-id; CPH1801 Build/NMF26F) AppleWebKit/537.36 (KHTML, like Gecko) Chrome/91.0.4472.88 Mobile Safari/537.36 HeyTapBrowser/15.9.0.1"
103.121.108.28 - - [28/May/2026:21:16:07 +0300] "GET /js/theme.js HTTP/1.1" 200 10908 "https://cehaburo.com/en/certificates" "Mozilla/5.0 (Linux; Android 10; K) AppleWebKit/537.36 (KHTML, like Gecko) Chrome/147.0.0.0 Mobile Safari/537.36"
103.150.226.29 - - [28/May/2026:21:16:07 +0300] "GET /css/colors.css HTTP/1.1" 200 1926 "https://cehaburo.com/en/certificates" "Mozilla/5.0 (Windows NT 10.0; WOW64; rv:66.0) Gecko/20100101 Firefox/66.0"
160.22.222.15 - - [28/May/2026:21:16:07 +0300] "GET /vendors/slick/slick.min.js HTTP/1.1" 200 10442 "https://cehaburo.com/en/certificates" "Mozilla/5.0 (Linux; U; Android 7.1.1; in-id; CPH1801 Build/NMF26F) AppleWebKit/537.36 (KHTML, like Gecko) Chrome/91.0.4472.88 Mobile Safari/537.36 HeyTapBrowser/15.9.0.1"
160.22.222.15 - - [28/May/2026:21:16:07 +0300] "GET /vendors/waypoints/jquery.waypoints.min.js HTTP/1.1" 200 2615 "https://cehaburo.com/en/certificates" "Mozilla/5.0 (Linux; U; Android 7.1.1; in-id; CPH1801 Build/NMF26F) AppleWebKit/537.36 (KHTML, like Gecko) Chrome/91.0.4472.88 Mobile Safari/537.36 HeyTapBrowser/15.9.0.1"
103.121.108.28 - - [28/May/2026:21:16:07 +0300] "GET /vendors/fontawesome-pro-5/webfonts/fa-light-300.woff2 HTTP/1.1" 200 185394 "https://cehaburo.com/vendors/fontawesome-pro-5/css/all.css" "Mozilla/5.0 (Linux; Android 10; K) AppleWebKit/537.36 (KHTML, like Gecko) Chrome/147.0.0.0 Mobile Safari/537.36"
160.22.222.15 - - [28/May/2026:21:16:08 +0300] "GET /vendors/counter/countUp.js HTTP/1.1" 200 1392 "https://cehaburo.com/en/certificates" "Mozilla/5.0 (Linux; U; Android 7.1.1; in-id; CPH1801 Build/NMF26F) AppleWebKit/537.36 (KHTML, like Gecko) Chrome/91.0.4472.88 Mobile Safari/537.36 HeyTapBrowser/15.9.0.1"
103.121.108.28 - - [28/May/2026:21:16:08 +0300] "GET /vendors/fontawesome-pro-5/webfonts/fa-regular-400.woff2 HTTP/1.1" 200 169597 "https://cehaburo.com/vendors/fontawesome-pro-5/css/all.css" "Mozilla/5.0 (Linux; Android 10; K) AppleWebKit/537.36 (KHTML, like Gecko) Chrome/147.0.0.0 Mobile Safari/537.36"
160.22.222.15 - - [28/May/2026:21:16:08 +0300] "GET /vendors/magnific-popup/jquery.magnific-popup.min.js HTTP/1.1" 200 7292 "https://cehaburo.com/en/certificates" "Mozilla/5.0 (Linux; U; Android 7.1.1; in-id; CPH1801 Build/NMF26F) AppleWebKit/537.36 (KHTML, like Gecko) Chrome/91.0.4472.88 Mobile Safari/537.36 HeyTapBrowser/15.9.0.1"
103.3.221.25 - - [28/May/2026:21:16:08 +0300] "GET /images/logo/64b5226a99913.png HTTP/1.1" 200 20537 "https://cehaburo.com/en/certificates" "Mozilla/5.0 (Linux; Android 10; K) AppleWebKit/537.36 (KHTML, like Gecko) Chrome/148.0.0.0 Mobile Safari/537.36"
103.100.180.3 - - [28/May/2026:21:16:08 +0300] "GET /images/certificate/6183eec005104.png HTTP/1.1" 200 760196 "https://cehaburo.com/en/certificates" "Mozilla/5.0 (Linux; Android 10; K) AppleWebKit/537.36 (KHTML, like Gecko) Chrome/148.0.0.0 Mobile Safari/537.36"
103.150.226.29 - - [28/May/2026:21:16:08 +0300] "GET /images/logo/logo.png HTTP/1.1" 200 4478 "https://cehaburo.com/en/certificates" "Mozilla/5.0 (Windows NT 10.0; WOW64; rv:66.0) Gecko/20100101 Firefox/66.0"
103.121.108.28 - - [28/May/2026:21:16:08 +0300] "GET /vendors/fontawesome-pro-5/webfonts/fa-brands-400.woff2 HTTP/1.1" 200 76526 "https://cehaburo.com/vendors/fontawesome-pro-5/css/all.css" "Mozilla/5.0 (Linux; Android 10; K) AppleWebKit/537.36 (KHTML, like Gecko) Chrome/147.0.0.0 Mobile Safari/537.36"
160.22.222.15 - - [28/May/2026:21:16:08 +0300] "GET /vendors/hc-sticky/hc-sticky.min.js HTTP/1.1" 200 4015 "https://cehaburo.com/en/certificates" "Mozilla/5.0 (Linux; U; Android 7.1.1; in-id; CPH1801 Build/NMF26F) AppleWebKit/537.36 (KHTML, like Gecko) Chrome/91.0.4472.88 Mobile Safari/537.36 HeyTapBrowser/15.9.0.1"
103.3.221.25 - - [28/May/2026:21:16:08 +0300] "GET /images/logo/64b69cd526f8e.png HTTP/1.1" 200 10142 "https://cehaburo.com/en/certificates" "Mozilla/5.0 (Linux; Android 10; K) AppleWebKit/537.36 (KHTML, like Gecko) Chrome/148.0.0.0 Mobile Safari/537.36"
103.121.108.28 - - [28/May/2026:21:16:09 +0300] "GET /images/certificate/6183ee2a63e5c.png HTTP/1.1" 200 794394 "https://cehaburo.com/en/certificates" "Mozilla/5.0 (Linux; Android 10; K) AppleWebKit/537.36 (KHTML, like Gecko) Chrome/147.0.0.0 Mobile Safari/537.36"
103.127.96.217 - - [28/May/2026:21:16:09 +0300] "GET /en/certificates HTTP/1.1" 200 6043 "http://p.pcdelv.com/go/9327/16328/aHR0cHMlM0EvL3dhcnRhcGFuY2luZy5ibG9nc3BvdC5jb20vMjAxOC8xMC9hcGFrYWgtbWVtYW5jaW5nLWRlbmdhbi1wZS1icmFpZC1oYXJ1cy5odG1s?cb=4500892544922283.5" "Mozilla/5.0 (Macintosh; Intel Mac OS X 10_15_7) AppleWebKit/605.1.15 (KHTML, like Gecko) Version/15.6.1 Safari/605.1.15"
160.22.222.15 - - [28/May/2026:21:16:09 +0300] "GET /vendors/jparallax/TweenMax.min.js HTTP/1.1" 200 39768 "https://cehaburo.com/en/certificates" "Mozilla/5.0 (Linux; U; Android 7.1.1; in-id; CPH1801 Build/NMF26F) AppleWebKit/537.36 (KHTML, like Gecko) Chrome/91.0.4472.88 Mobile Safari/537.36 HeyTapBrowser/15.9.0.1"
103.3.221.25 - - [28/May/2026:21:16:09 +0300] "GET /images/logo/61cc6c04c5f8b.png HTTP/1.1" 200 11970 "https://cehaburo.com/en/certificates" "Mozilla/5.0 (Linux; Android 10; K) AppleWebKit/537.36 (KHTML, like Gecko) Chrome/148.0.0.0 Mobile Safari/537.36"
103.3.221.25 - - [28/May/2026:21:16:09 +0300] "GET /images/logo/61cc6bdb9a67b.png HTTP/1.1" 200 10573 "https://cehaburo.com/en/certificates" "Mozilla/5.0 (Linux; Android 10; K) AppleWebKit/537.36 (KHTML, like Gecko) Chrome/148.0.0.0 Mobile Safari/537.36"
160.22.222.15 - - [28/May/2026:21:16:09 +0300] "GET /vendors/mapbox-gl/mapbox-gl.js HTTP/1.1" 200 195168 "https://cehaburo.com/en/certificates" "Mozilla/5.0 (Linux; U; Android 7.1.1; in-id; CPH1801 Build/NMF26F) AppleWebKit/537.36 (KHTML, like Gecko) Chrome/91.0.4472.88 Mobile Safari/537.36 HeyTapBrowser/15.9.0.1"
103.3.221.25 - - [28/May/2026:21:16:09 +0300] "GET /images/logo/68cd70d486515.png HTTP/1.1" 200 11456 "https://cehaburo.com/en/certificates" "Mozilla/5.0 (Linux; Android 10; K) AppleWebKit/537.36 (KHTML, like Gecko) Chrome/148.0.0.0 Mobile Safari/537.36"
103.3.221.25 - - [28/May/2026:21:16:09 +0300] "GET /images/logo/61cc6bce93429.png HTTP/1.1" 200 11689 "https://cehaburo.com/en/certificates" "Mozilla/5.0 (Linux; Android 10; K) AppleWebKit/537.36 (KHTML, like Gecko) Chrome/148.0.0.0 Mobile Safari/537.36"
160.22.222.15 - - [28/May/2026:21:16:09 +0300] "GET /js/theme.js HTTP/1.1" 200 10908 "https://cehaburo.com/en/certificates" "Mozilla/5.0 (Linux; U; Android 7.1.1; in-id; CPH1801 Build/NMF26F) AppleWebKit/537.36 (KHTML, like Gecko) Chrome/91.0.4472.88 Mobile Safari/537.36 HeyTapBrowser/15.9.0.1"
160.22.222.15 - - [28/May/2026:21:16:10 +0300] "GET /images/logo/64b5226a99913.png HTTP/1.1" 200 20537 "https://cehaburo.com/en/certificates" "Mozilla/5.0 (Linux; U; Android 7.1.1; in-id; CPH1801 Build/NMF26F) AppleWebKit/537.36 (KHTML, like Gecko) Chrome/91.0.4472.88 Mobile Safari/537.36 HeyTapBrowser/15.9.0.1"
103.3.221.25 - - [28/May/2026:21:16:10 +0300] "GET /images/favicon.html HTTP/1.1" 200 169 "https://cehaburo.com/en/certificates" "Mozilla/5.0 (Linux; Android 10; K) AppleWebKit/537.36 (KHTML, like Gecko) Chrome/148.0.0.0 Mobile Safari/537.36"
160.22.222.15 - - [28/May/2026:21:16:10 +0300] "GET /images/logo/64b69cd526f8e.png HTTP/1.1" 200 10142 "https://cehaburo.com/en/certificates" "Mozilla/5.0 (Linux; U; Android 7.1.1; in-id; CPH1801 Build/NMF26F) AppleWebKit/537.36 (KHTML, like Gecko) Chrome/91.0.4472.88 Mobile Safari/537.36 HeyTapBrowser/15.9.0.1"
103.119.140.204 - - [28/May/2026:21:16:10 +0300] "GET /en/certificates HTTP/1.1" 200 6043 "-" "Mozilla/5.0 (iPhone; CPU iPhone OS 26_2_0 like Mac OS X) AppleWebKit/605.1.15 (KHTML, like Gecko) CriOS/148.0.7778.166 Mobile/15E148 Safari/604.1"
103.3.221.25 - - [28/May/2026:21:16:10 +0300] "GET /images/favicon.png HTTP/1.1" 200 3753 "https://cehaburo.com/en/certificates" "Mozilla/5.0 (Linux; Android 10; K) AppleWebKit/537.36 (KHTML, like Gecko) Chrome/148.0.0.0 Mobile Safari/537.36"
160.22.222.15 - - [28/May/2026:21:16:10 +0300] "GET /images/logo/61cc6c04c5f8b.png HTTP/1.1" 200 11970 "https://cehaburo.com/en/certificates" "Mozilla/5.0 (Linux; U; Android 7.1.1; in-id; CPH1801 Build/NMF26F) AppleWebKit/537.36 (KHTML, like Gecko) Chrome/91.0.4472.88 Mobile Safari/537.36 HeyTapBrowser/15.9.0.1"
182.9.48.66 - - [28/May/2026:21:16:10 +0300] "GET /en/certificates HTTP/1.1" 200 6043 "-" "Mozilla/5.0 (iPhone; CPU iPhone OS 18_7 like Mac OS X) AppleWebKit/605.1.15 (KHTML, like Gecko) Mobile/15E148"
103.119.140.204 - - [28/May/2026:21:16:10 +0300] "GET /vendors/fontawesome-pro-5/css/all.css HTTP/1.1" 200 32906 "https://cehaburo.com/en/certificates" "Mozilla/5.0 (iPhone; CPU iPhone OS 26_2_0 like Mac OS X) AppleWebKit/605.1.15 (KHTML, like Gecko) CriOS/148.0.7778.166 Mobile/15E148 Safari/604.1"
103.121.108.28 - - [28/May/2026:21:16:10 +0300] "GET /images/certificate/6183eec005104.png HTTP/1.1" 200 760196 "https://cehaburo.com/en/certificates" "Mozilla/5.0 (Linux; Android 10; K) AppleWebKit/537.36 (KHTML, like Gecko) Chrome/147.0.0.0 Mobile Safari/537.36"
114.5.221.75 - - [28/May/2026:21:16:09 +0300] "GET /vendors/fontawesome-pro-5/webfonts/fa-regular-400.woff2 HTTP/1.1" 200 169597 "https://cehaburo.com/en/certificates" "Mozilla/5.0 (iPhone; CPU iPhone OS 18_1_1 like Mac OS X) AppleWebKit/605.1.15 (KHTML, like Gecko) Mobile/22B91 Barcelona 424.0.0.26.53 (iPhone11,8; iOS 18_1_1; id_ID; id; scale=2.00; 828x1792; IABMV/1; 928155804)"
103.100.180.3 - - [28/May/2026:21:16:10 +0300] "GET /images/certificate/6183ef4b2e075.png HTTP/1.1" 200 697801 "https://cehaburo.com/en/certificates" "Mozilla/5.0 (Linux; Android 10; K) AppleWebKit/537.36 (KHTML, like Gecko) Chrome/148.0.0.0 Mobile Safari/537.36"
160.22.222.15 - - [28/May/2026:21:16:10 +0300] "GET /images/logo/61cc6bdb9a67b.png HTTP/1.1" 200 10573 "https://cehaburo.com/en/certificates" "Mozilla/5.0 (Linux; U; Android 7.1.1; in-id; CPH1801 Build/NMF26F) AppleWebKit/537.36 (KHTML, like Gecko) Chrome/91.0.4472.88 Mobile Safari/537.36 HeyTapBrowser/15.9.0.1"
160.22.222.15 - - [28/May/2026:21:16:11 +0300] "GET /images/logo/68cd70d486515.png HTTP/1.1" 200 11456 "https://cehaburo.com/en/certificates" "Mozilla/5.0 (Linux; U; Android 7.1.1; in-id; CPH1801 Build/NMF26F) AppleWebKit/537.36 (KHTML, like Gecko) Chrome/91.0.4472.88 Mobile Safari/537.36 HeyTapBrowser/15.9.0.1"
103.119.140.204 - - [28/May/2026:21:16:11 +0300] "GET /vendors/mapbox-gl/mapbox-gl.min.css HTTP/1.1" 200 4574 "https://cehaburo.com/en/certificates" "Mozilla/5.0 (iPhone; CPU iPhone OS 26_2_0 like Mac OS X) AppleWebKit/605.1.15 (KHTML, like Gecko) CriOS/148.0.7778.166 Mobile/15E148 Safari/604.1"
160.22.222.15 - - [28/May/2026:21:16:11 +0300] "GET /images/logo/61cc6bce93429.png HTTP/1.1" 200 11689 "https://cehaburo.com/en/certificates" "Mozilla/5.0 (Linux; U; Android 7.1.1; in-id; CPH1801 Build/NMF26F) AppleWebKit/537.36 (KHTML, like Gecko) Chrome/91.0.4472.88 Mobile Safari/537.36 HeyTapBrowser/15.9.0.1"
114.5.221.75 - - [28/May/2026:21:16:11 +0300] "GET /vendors/fontawesome-pro-5/webfonts/fa-solid-900.woff2 HTTP/1.1" 200 137479 "https://cehaburo.com/en/certificates" "Mozilla/5.0 (iPhone; CPU iPhone OS 18_1_1 like Mac OS X) AppleWebKit/605.1.15 (KHTML, like Gecko) Mobile/22B91 Barcelona 424.0.0.26.53 (iPhone11,8; iOS 18_1_1; id_ID; id; scale=2.00; 828x1792; IABMV/1; 928155804)"
103.119.140.204 - - [28/May/2026:21:16:11 +0300] "GET /css/spacing.css HTTP/1.1" 200 10689 "https://cehaburo.com/en/certificates" "Mozilla/5.0 (iPhone; CPU iPhone OS 26_2_0 like Mac OS X) AppleWebKit/605.1.15 (KHTML, like Gecko) CriOS/148.0.7778.166 Mobile/15E148 Safari/604.1"
103.121.108.28 - - [28/May/2026:21:16:11 +0300] "GET /images/certificate/6183ef4b2e075.png HTTP/1.1" 200 697801 "https://cehaburo.com/en/certificates" "Mozilla/5.0 (Linux; Android 10; K) AppleWebKit/537.36 (KHTML, like Gecko) Chrome/147.0.0.0 Mobile Safari/537.36"
103.119.140.204 - - [28/May/2026:21:16:11 +0300] "GET /css/themes.css HTTP/1.1" 200 56838 "https://cehaburo.com/en/certificates" "Mozilla/5.0 (iPhone; CPU iPhone OS 26_2_0 like Mac OS X) AppleWebKit/605.1.15 (KHTML, like Gecko) CriOS/148.0.7778.166 Mobile/15E148 Safari/604.1"
103.156.118.16 - - [28/May/2026:21:16:11 +0300] "GET /en/certificates HTTP/1.1" 200 6043 "https://vidvf.com/" "Mozilla/5.0 (iPhone; CPU iPhone OS 18_7 like Mac OS X) AppleWebKit/605.1.15 (KHTML, like Gecko) Version/26.2 Mobile/15E148 Safari/604.1"
160.22.222.15 - - [28/May/2026:21:16:11 +0300] "GET /images/favicon.html HTTP/1.1" 200 169 "https://cehaburo.com/en/certificates" "Mozilla/5.0 (Linux; U; Android 7.1.1; in-id; CPH1801 Build/NMF26F) AppleWebKit/537.36 (KHTML, like Gecko) Chrome/91.0.4472.88 Mobile Safari/537.36 HeyTapBrowser/15.9.0.1"
103.55.22.244 - - [28/May/2026:21:16:11 +0300] "GET /en/certificates HTTP/1.1" 200 6043 "-" "Mozilla/5.0 (iPhone; CPU iPhone OS 26_4_1 like Mac OS X) AppleWebKit/605.1.15 (KHTML, like Gecko) GSA/420.4.909430193 Mobile/15E148 Safari/604.1"
160.22.222.15 - - [28/May/2026:21:16:12 +0300] "GET /images/favicon.png HTTP/1.1" 200 3753 "https://cehaburo.com/en/certificates" "Mozilla/5.0 (Linux; U; Android 7.1.1; in-id; CPH1801 Build/NMF26F) AppleWebKit/537.36 (KHTML, like Gecko) Chrome/91.0.4472.88 Mobile Safari/537.36 HeyTapBrowser/15.9.0.1"
103.119.140.204 - - [28/May/2026:21:16:12 +0300] "GET /vendors/jquery.min.js HTTP/1.1" 200 30677 "https://cehaburo.com/en/certificates" "Mozilla/5.0 (iPhone; CPU iPhone OS 26_2_0 like Mac OS X) AppleWebKit/605.1.15 (KHTML, like Gecko) CriOS/148.0.7778.166 Mobile/15E148 Safari/604.1"
103.121.108.28 - - [28/May/2026:21:16:12 +0300] "GET /images/certificate/6183f17f21dae.jpg HTTP/1.1" 200 2362276 "https://cehaburo.com/en/certificates" "Mozilla/5.0 (Linux; Android 10; K) AppleWebKit/537.36 (KHTML, like Gecko) Chrome/147.0.0.0 Mobile Safari/537.36"
103.150.226.29 - - [28/May/2026:21:16:12 +0300] "GET /vendors/jquery.min.js HTTP/1.1" 200 30677 "https://cehaburo.com/en/certificates" "Mozilla/5.0 (Windows NT 10.0; WOW64; rv:66.0) Gecko/20100101 Firefox/66.0"
103.119.140.204 - - [28/May/2026:21:16:12 +0300] "GET /vendors/jquery-ui/jquery-ui.min.js HTTP/1.1" 200 67971 "https://cehaburo.com/en/certificates" "Mozilla/5.0 (iPhone; CPU iPhone OS 26_2_0 like Mac OS X) AppleWebKit/605.1.15 (KHTML, like Gecko) CriOS/148.0.7778.166 Mobile/15E148 Safari/604.1"
103.119.140.204 - - [28/May/2026:21:16:13 +0300] "GET /vendors/bootstrap/bootstrap.bundle.js HTTP/1.1" 200 30407 "https://cehaburo.com/en/certificates" "Mozilla/5.0 (iPhone; CPU iPhone OS 26_2_0 like Mac OS X) AppleWebKit/605.1.15 (KHTML, like Gecko) CriOS/148.0.7778.166 Mobile/15E148 Safari/604.1"
114.10.73.138 - - [28/May/2026:21:16:13 +0300] "GET /vendors/animate.css HTTP/1.1" 200 4325 "https://cehaburo.com/en/certificates" "Mozilla/5.0 (iPhone; CPU iPhone OS 18_7_8 like Mac OS X) AppleWebKit/605.1.15 (KHTML, like Gecko) GSA/420.4.909430193 Mobile/15E148 Safari/604.1"
103.119.140.204 - - [28/May/2026:21:16:13 +0300] "GET /vendors/bootstrap-select/js/bootstrap-select.min.js HTTP/1.1" 200 15945 "https://cehaburo.com/en/certificates" "Mozilla/5.0 (iPhone; CPU iPhone OS 26_2_0 like Mac OS X) AppleWebKit/605.1.15 (KHTML, like Gecko) CriOS/148.0.7778.166 Mobile/15E148 Safari/604.1"
114.10.73.138 - - [28/May/2026:21:16:13 +0300] "GET /vendors/mapbox-gl/mapbox-gl.min.css HTTP/1.1" 200 4574 "https://cehaburo.com/en/certificates" "Mozilla/5.0 (iPhone; CPU iPhone OS 18_7_8 like Mac OS X) AppleWebKit/605.1.15 (KHTML, like Gecko) GSA/420.4.909430193 Mobile/15E148 Safari/604.1"
103.119.140.204 - - [28/May/2026:21:16:13 +0300] "GET /vendors/slick/slick.min.js HTTP/1.1" 200 10442 "https://cehaburo.com/en/certificates" "Mozilla/5.0 (iPhone; CPU iPhone OS 26_2_0 like Mac OS X) AppleWebKit/605.1.15 (KHTML, like Gecko) CriOS/148.0.7778.166 Mobile/15E148 Safari/604.1"
103.119.140.204 - - [28/May/2026:21:16:14 +0300] "GET /vendors/waypoints/jquery.waypoints.min.js HTTP/1.1" 200 2615 "https://cehaburo.com/en/certificates" "Mozilla/5.0 (iPhone; CPU iPhone OS 26_2_0 like Mac OS X) AppleWebKit/605.1.15 (KHTML, like Gecko) CriOS/148.0.7778.166 Mobile/15E148 Safari/604.1"
103.121.108.28 - - [28/May/2026:21:16:14 +0300] "GET /images/logo/64b5226a99913.png HTTP/1.1" 200 20537 "https://cehaburo.com/en/certificates" "Mozilla/5.0 (Linux; Android 10; K) AppleWebKit/537.36 (KHTML, like Gecko) Chrome/147.0.0.0 Mobile Safari/537.36"
114.10.73.138 - - [28/May/2026:21:16:14 +0300] "GET /css/spacing.css HTTP/1.1" 200 10689 "https://cehaburo.com/en/certificates" "Mozilla/5.0 (iPhone; CPU iPhone OS 18_7_8 like Mac OS X) AppleWebKit/605.1.15 (KHTML, like Gecko) GSA/420.4.909430193 Mobile/15E148 Safari/604.1"
112.215.240.151 - - [28/May/2026:21:16:14 +0300] "GET /en/certificates HTTP/1.1" 200 6043 "-" "Mozilla/5.0 (Linux; Android 10; K) AppleWebKit/537.36 (KHTML, like Gecko) SamsungBrowser/30.0 Chrome/143.0.0.0 Mobile Safari/537.36"
103.119.140.204 - - [28/May/2026:21:16:14 +0300] "GET /vendors/counter/countUp.js HTTP/1.1" 200 1392 "https://cehaburo.com/en/certificates" "Mozilla/5.0 (iPhone; CPU iPhone OS 26_2_0 like Mac OS X) AppleWebKit/605.1.15 (KHTML, like Gecko) CriOS/148.0.7778.166 Mobile/15E148 Safari/604.1"
103.119.140.204 - - [28/May/2026:21:16:14 +0300] "GET /vendors/magnific-popup/jquery.magnific-popup.min.js HTTP/1.1" 200 7292 "https://cehaburo.com/en/certificates" "Mozilla/5.0 (iPhone; CPU iPhone OS 26_2_0 like Mac OS X) AppleWebKit/605.1.15 (KHTML, like Gecko) CriOS/148.0.7778.166 Mobile/15E148 Safari/604.1"
103.121.108.28 - - [28/May/2026:21:16:14 +0300] "GET /images/logo/64b69cd526f8e.png HTTP/1.1" 200 10142 "https://cehaburo.com/en/certificates" "Mozilla/5.0 (Linux; Android 10; K) AppleWebKit/537.36 (KHTML, like Gecko) Chrome/147.0.0.0 Mobile Safari/537.36"
114.10.73.138 - - [28/May/2026:21:16:14 +0300] "GET /css/themes.css HTTP/1.1" 200 56838 "https://cehaburo.com/en/certificates" "Mozilla/5.0 (iPhone; CPU iPhone OS 18_7_8 like Mac OS X) AppleWebKit/605.1.15 (KHTML, like Gecko) GSA/420.4.909430193 Mobile/15E148 Safari/604.1"
103.119.140.204 - - [28/May/2026:21:16:14 +0300] "GET /vendors/hc-sticky/hc-sticky.min.js HTTP/1.1" 200 4015 "https://cehaburo.com/en/certificates" "Mozilla/5.0 (iPhone; CPU iPhone OS 26_2_0 like Mac OS X) AppleWebKit/605.1.15 (KHTML, like Gecko) CriOS/148.0.7778.166 Mobile/15E148 Safari/604.1"
103.121.108.28 - - [28/May/2026:21:16:14 +0300] "GET /images/logo/61cc6c04c5f8b.png HTTP/1.1" 200 11970 "https://cehaburo.com/en/certificates" "Mozilla/5.0 (Linux; Android 10; K) AppleWebKit/537.36 (KHTML, like Gecko) Chrome/147.0.0.0 Mobile Safari/537.36"
103.119.140.204 - - [28/May/2026:21:16:15 +0300] "GET /vendors/jparallax/TweenMax.min.js HTTP/1.1" 200 39768 "https://cehaburo.com/en/certificates" "Mozilla/5.0 (iPhone; CPU iPhone OS 26_2_0 like Mac OS X) AppleWebKit/605.1.15 (KHTML, like Gecko) CriOS/148.0.7778.166 Mobile/15E148 Safari/604.1"
103.121.17.94 - - [28/May/2026:21:16:15 +0300] "GET /images/favicon.html HTTP/1.1" 200 169 "https://cehaburo.com/en/certificates" "Mozilla/5.0 (iPhone; CPU iPhone OS 18_5 like Mac OS X) AppleWebKit/605.1.15 (KHTML, like Gecko) Version/18.5 Mobile/15E148 Safari/604.1"
203.83.40.67 - - [28/May/2026:21:16:15 +0300] "GET /en/certificates HTTP/1.1" 200 6043 "-" "Mozilla/5.0 (iPhone; CPU iPhone OS 26_4_2 like Mac OS X) AppleWebKit/605.1.15 (KHTML, like Gecko) Mobile/23E261 Safari/604.1 [FBAN/FBIOS;FBAV/562.0.0.61.70;FBBV/974804325;FBDV/iPhone12,3;FBMD/iPhone;FBSN/iOS;FBSV/26.4.2;FBSS/3;FBID/phone;FBLC/id_ID;FBOP/5;FBRV/981964414;IABMV/1]"
103.121.108.28 - - [28/May/2026:21:16:15 +0300] "GET /images/logo/61cc6bdb9a67b.png HTTP/1.1" 200 10573 "https://cehaburo.com/en/certificates" "Mozilla/5.0 (Linux; Android 10; K) AppleWebKit/537.36 (KHTML, like Gecko) Chrome/147.0.0.0 Mobile Safari/537.36"
114.10.73.138 - - [28/May/2026:21:16:15 +0300] "GET /css/responsive.css HTTP/1.1" 200 1057 "https://cehaburo.com/en/certificates" "Mozilla/5.0 (iPhone; CPU iPhone OS 18_7_8 like Mac OS X) AppleWebKit/605.1.15 (KHTML, like Gecko) GSA/420.4.909430193 Mobile/15E148 Safari/604.1"
103.121.108.28 - - [28/May/2026:21:16:15 +0300] "GET /images/logo/68cd70d486515.png HTTP/1.1" 200 11456 "https://cehaburo.com/en/certificates" "Mozilla/5.0 (Linux; Android 10; K) AppleWebKit/537.36 (KHTML, like Gecko) Chrome/147.0.0.0 Mobile Safari/537.36"
114.10.73.138 - - [28/May/2026:21:16:15 +0300] "GET /vendors/jquery.min.js HTTP/1.1" 200 30677 "https://cehaburo.com/en/certificates" "Mozilla/5.0 (iPhone; CPU iPhone OS 18_7_8 like Mac OS X) AppleWebKit/605.1.15 (KHTML, like Gecko) GSA/420.4.909430193 Mobile/15E148 Safari/604.1"
103.121.108.28 - - [28/May/2026:21:16:16 +0300] "GET /images/logo/61cc6bce93429.png HTTP/1.1" 200 11689 "https://cehaburo.com/en/certificates" "Mozilla/5.0 (Linux; Android 10; K) AppleWebKit/537.36 (KHTML, like Gecko) Chrome/147.0.0.0 Mobile Safari/537.36"
103.119.140.204 - - [28/May/2026:21:16:15 +0300] "GET /vendors/mapbox-gl/mapbox-gl.js HTTP/1.1" 200 195168 "https://cehaburo.com/en/certificates" "Mozilla/5.0 (iPhone; CPU iPhone OS 26_2_0 like Mac OS X) AppleWebKit/605.1.15 (KHTML, like Gecko) CriOS/148.0.7778.166 Mobile/15E148 Safari/604.1"
114.10.73.138 - - [28/May/2026:21:16:16 +0300] "GET /vendors/jquery-ui/jquery-ui.min.js HTTP/1.1" 200 67971 "https://cehaburo.com/en/certificates" "Mozilla/5.0 (iPhone; CPU iPhone OS 18_7_8 like Mac OS X) AppleWebKit/605.1.15 (KHTML, like Gecko) GSA/420.4.909430193 Mobile/15E148 Safari/604.1"
103.121.108.28 - - [28/May/2026:21:16:16 +0300] "GET /images/favicon.html HTTP/1.1" 200 169 "https://cehaburo.com/en/certificates" "Mozilla/5.0 (Linux; Android 10; K) AppleWebKit/537.36 (KHTML, like Gecko) Chrome/147.0.0.0 Mobile Safari/537.36"
114.10.73.138 - - [28/May/2026:21:16:16 +0300] "GET /vendors/bootstrap/bootstrap.bundle.js HTTP/1.1" 200 30407 "https://cehaburo.com/en/certificates" "Mozilla/5.0 (iPhone; CPU iPhone OS 18_7_8 like Mac OS X) AppleWebKit/605.1.15 (KHTML, like Gecko) GSA/420.4.909430193 Mobile/15E148 Safari/604.1"
103.121.108.28 - - [28/May/2026:21:16:16 +0300] "GET /images/favicon.png HTTP/1.1" 200 3753 "https://cehaburo.com/en/certificates" "Mozilla/5.0 (Linux; Android 10; K) AppleWebKit/537.36 (KHTML, like Gecko) Chrome/147.0.0.0 Mobile Safari/537.36"
36.82.91.14 - - [28/May/2026:21:16:17 +0300] "GET /en/certificates HTTP/1.1" 200 6043 "-" "Mozilla/5.0 (iPhone; CPU iPhone OS 26_2_0 like Mac OS X) AppleWebKit/605.1.15 (KHTML, like Gecko) GSA/420.4.909430193 Mobile/15E148 Safari/604.1"
103.119.140.204 - - [28/May/2026:21:16:17 +0300] "GET /js/theme.js HTTP/1.1" 200 10908 "https://cehaburo.com/en/certificates" "Mozilla/5.0 (iPhone; CPU iPhone OS 26_2_0 like Mac OS X) AppleWebKit/605.1.15 (KHTML, like Gecko) CriOS/148.0.7778.166 Mobile/15E148 Safari/604.1"
114.10.73.138 - - [28/May/2026:21:16:17 +0300] "GET /vendors/bootstrap-select/js/bootstrap-select.min.js HTTP/1.1" 200 15945 "https://cehaburo.com/en/certificates" "Mozilla/5.0 (iPhone; CPU iPhone OS 18_7_8 like Mac OS X) AppleWebKit/605.1.15 (KHTML, like Gecko) GSA/420.4.909430193 Mobile/15E148 Safari/604.1"
103.119.140.204 - - [28/May/2026:21:16:17 +0300] "GET /vendors/jquery-ui/jquery-ui.min.css HTTP/1.1" 200 7607 "https://cehaburo.com/en/certificates" "Mozilla/5.0 (iPhone; CPU iPhone OS 26_2_0 like Mac OS X) AppleWebKit/605.1.15 (KHTML, like Gecko) CriOS/148.0.7778.166 Mobile/15E148 Safari/604.1"
114.10.73.138 - - [28/May/2026:21:16:17 +0300] "GET /vendors/slick/slick.min.js HTTP/1.1" 200 10442 "https://cehaburo.com/en/certificates" "Mozilla/5.0 (iPhone; CPU iPhone OS 18_7_8 like Mac OS X) AppleWebKit/605.1.15 (KHTML, like Gecko) GSA/420.4.909430193 Mobile/15E148 Safari/604.1"
114.10.73.138 - - [28/May/2026:21:16:17 +0300] "GET /vendors/waypoints/jquery.waypoints.min.js HTTP/1.1" 200 2615 "https://cehaburo.com/en/certificates" "Mozilla/5.0 (iPhone; CPU iPhone OS 18_7_8 like Mac OS X) AppleWebKit/605.1.15 (KHTML, like Gecko) GSA/420.4.909430193 Mobile/15E148 Safari/604.1"
114.10.73.138 - - [28/May/2026:21:16:18 +0300] "GET /vendors/counter/countUp.js HTTP/1.1" 200 1392 "https://cehaburo.com/en/certificates" "Mozilla/5.0 (iPhone; CPU iPhone OS 18_7_8 like Mac OS X) AppleWebKit/605.1.15 (KHTML, like Gecko) GSA/420.4.909430193 Mobile/15E148 Safari/604.1"
103.100.180.3 - - [28/May/2026:21:16:13 +0300] "GET /images/certificate/6183f17f21dae.jpg HTTP/1.1" 200 2362276 "https://cehaburo.com/en/certificates" "Mozilla/5.0 (Linux; Android 10; K) AppleWebKit/537.36 (KHTML, like Gecko) Chrome/148.0.0.0 Mobile Safari/537.36"
114.10.73.138 - - [28/May/2026:21:16:18 +0300] "GET /vendors/magnific-popup/jquery.magnific-popup.min.js HTTP/1.1" 200 7292 "https://cehaburo.com/en/certificates" "Mozilla/5.0 (iPhone; CPU iPhone OS 18_7_8 like Mac OS X) AppleWebKit/605.1.15 (KHTML, like Gecko) GSA/420.4.909430193 Mobile/15E148 Safari/604.1"
103.156.14.25 - - [28/May/2026:21:16:18 +0300] "GET /en/certificates HTTP/1.1" 200 6043 "https://vidvf.com/" "Mozilla/5.0 (iPhone; CPU iPhone OS 18_7 like Mac OS X) AppleWebKit/605.1.15 (KHTML, like Gecko) Version/26.3 Mobile/15E148 Safari/604.1"
114.10.73.138 - - [28/May/2026:21:16:19 +0300] "GET /vendors/hc-sticky/hc-sticky.min.js HTTP/1.1" 200 4015 "https://cehaburo.com/en/certificates" "Mozilla/5.0 (iPhone; CPU iPhone OS 18_7_8 like Mac OS X) AppleWebKit/605.1.15 (KHTML, like Gecko) GSA/420.4.909430193 Mobile/15E148 Safari/604.1"
114.10.73.138 - - [28/May/2026:21:16:19 +0300] "GET /vendors/jparallax/TweenMax.min.js HTTP/1.1" 200 39768 "https://cehaburo.com/en/certificates" "Mozilla/5.0 (iPhone; CPU iPhone OS 18_7_8 like Mac OS X) AppleWebKit/605.1.15 (KHTML, like Gecko) GSA/420.4.909430193 Mobile/15E148 Safari/604.1"
114.10.73.138 - - [28/May/2026:21:16:19 +0300] "GET /vendors/mapbox-gl/mapbox-gl.js HTTP/1.1" 200 195168 "https://cehaburo.com/en/certificates" "Mozilla/5.0 (iPhone; CPU iPhone OS 18_7_8 like Mac OS X) AppleWebKit/605.1.15 (KHTML, like Gecko) GSA/420.4.909430193 Mobile/15E148 Safari/604.1"
103.100.180.3 - - [28/May/2026:21:16:20 +0300] "GET /images/logo/64b5226a99913.png HTTP/1.1" 200 20537 "https://cehaburo.com/en/certificates" "Mozilla/5.0 (Linux; Android 10; K) AppleWebKit/537.36 (KHTML, like Gecko) Chrome/148.0.0.0 Mobile Safari/537.36"
