93.123.109.163 - - [28/May/2026:20:47:34 +0300] "GET /vendors/magnific-popup/jquery.magnific-popup.min.js HTTP/1.1" 200 7292 "-" "Mozilla/5.0 (X11; Linux x86_64) AppleWebKit/537.36 (KHTML, like Gecko) Chrome/120.0.0.0 Safari/537.36"
88.238.53.225 - - [28/May/2026:20:47:34 +0300] "GET /getdata/get_variations.php?variation_id=190 HTTP/1.1" 200 161 "https://www.cehaburo.com/tr/urun/31" "Mozilla/5.0 (Linux; Android 10; K) AppleWebKit/537.36 (KHTML, like Gecko) Chrome/148.0.0.0 Mobile Safari/537.36"
88.238.53.225 - - [28/May/2026:20:47:35 +0300] "GET /images/product/61376af410f69.png HTTP/1.1" 200 214070 "https://www.cehaburo.com/tr/urun/31" "Mozilla/5.0 (Linux; Android 10; K) AppleWebKit/537.36 (KHTML, like Gecko) Chrome/148.0.0.0 Mobile Safari/537.36"
88.238.53.225 - - [28/May/2026:20:47:38 +0300] "GET /getdata/get_variations.php?variation_id=191 HTTP/1.1" 200 162 "https://www.cehaburo.com/tr/urun/31" "Mozilla/5.0 (Linux; Android 10; K) AppleWebKit/537.36 (KHTML, like Gecko) Chrome/148.0.0.0 Mobile Safari/537.36"
93.123.109.163 - - [28/May/2026:20:47:38 +0300] "GET /vendors/counter/countUp.js HTTP/1.1" 200 1392 "-" "Mozilla/5.0 (X11; Linux x86_64) AppleWebKit/537.36 (KHTML, like Gecko) Chrome/120.0.0.0 Safari/537.36"
88.238.53.225 - - [28/May/2026:20:47:41 +0300] "GET /getdata/get_variations.php?variation_id=186 HTTP/1.1" 200 161 "https://www.cehaburo.com/tr/urun/31" "Mozilla/5.0 (Linux; Android 10; K) AppleWebKit/537.36 (KHTML, like Gecko) Chrome/148.0.0.0 Mobile Safari/537.36"
88.238.53.225 - - [28/May/2026:20:47:42 +0300] "GET /getdata/get_variations.php?variation_id=190 HTTP/1.1" 200 161 "https://www.cehaburo.com/tr/urun/31" "Mozilla/5.0 (Linux; Android 10; K) AppleWebKit/537.36 (KHTML, like Gecko) Chrome/148.0.0.0 Mobile Safari/537.36"
88.238.53.225 - - [28/May/2026:20:47:52 +0300] "GET /getdata/get_variations.php?variation_id=186 HTTP/1.1" 200 161 "https://www.cehaburo.com/tr/urun/31" "Mozilla/5.0 (Linux; Android 10; K) AppleWebKit/537.36 (KHTML, like Gecko) Chrome/148.0.0.0 Mobile Safari/537.36"
88.238.53.225 - - [28/May/2026:20:48:04 +0300] "GET /getdata/get_variations.php?variation_id=188 HTTP/1.1" 200 159 "https://www.cehaburo.com/tr/urun/31" "Mozilla/5.0 (Linux; Android 10; K) AppleWebKit/537.36 (KHTML, like Gecko) Chrome/148.0.0.0 Mobile Safari/537.36"
170.106.167.120 - - [28/May/2026:20:48:12 +0300] "GET /?_HELP_ME_ESCAPE_FROM_BELARUS_PLEASE_ HTTP/1.1" 200 11656 "-" "Wget/1.21.4 (HelpMeEscapeFromBelarus@proton.me)"
170.106.167.120 - - [28/May/2026:20:48:13 +0300] "GET /?_HELP_ME_ESCAPE_FROM_BELARUS_PLEASE_ HTTP/1.1" 200 11656 "-" "Wget/1.21.4 (HelpMeEscapeFromBelarus@proton.me)"
170.106.167.120 - - [28/May/2026:20:48:13 +0300] "GET /?_HELP_ME_ESCAPE_FROM_BELARUS_PLEASE_ HTTP/1.1" 200 11656 "-" "Wget/1.21.4 (HelpMeEscapeFromBelarus@proton.me)"
40.77.167.58 - - [28/May/2026:20:48:35 +0300] "GET /?k=724712581948 HTTP/1.1" 200 11629 "-" "Mozilla/5.0 AppleWebKit/537.36 (KHTML, like Gecko; compatible; bingbot/2.0; +http://www.bing.com/bingbot.htm) Chrome/116.0.1938.76 Safari/537.36"
88.238.53.225 - - [28/May/2026:20:48:38 +0300] "GET /getdata/get_variations.php?variation_id=189 HTTP/1.1" 200 162 "https://www.cehaburo.com/tr/urun/31" "Mozilla/5.0 (Linux; Android 10; K) AppleWebKit/537.36 (KHTML, like Gecko) Chrome/148.0.0.0 Mobile Safari/537.36"
88.238.53.225 - - [28/May/2026:20:48:54 +0300] "GET /getdata/get_variations.php?variation_id=185 HTTP/1.1" 200 160 "https://www.cehaburo.com/tr/urun/31" "Mozilla/5.0 (Linux; Android 10; K) AppleWebKit/537.36 (KHTML, like Gecko) Chrome/148.0.0.0 Mobile Safari/537.36"
88.238.53.225 - - [28/May/2026:20:49:07 +0300] "GET /getdata/get_variations.php?variation_id=191 HTTP/1.1" 200 162 "https://www.cehaburo.com/tr/urun/31" "Mozilla/5.0 (Linux; Android 10; K) AppleWebKit/537.36 (KHTML, like Gecko) Chrome/148.0.0.0 Mobile Safari/537.36"
88.238.53.225 - - [28/May/2026:20:49:17 +0300] "GET /tr/urun-kategori/5 HTTP/1.1" 200 6223 "https://www.cehaburo.com/tr/urun/31" "Mozilla/5.0 (Linux; Android 10; K) AppleWebKit/537.36 (KHTML, like Gecko) Chrome/148.0.0.0 Mobile Safari/537.36"
88.238.53.225 - - [28/May/2026:20:49:18 +0300] "GET /images/category/612e05c92c609.jpg HTTP/1.1" 200 207772 "https://www.cehaburo.com/tr/urun-kategori/5" "Mozilla/5.0 (Linux; Android 10; K) AppleWebKit/537.36 (KHTML, like Gecko) Chrome/148.0.0.0 Mobile Safari/537.36"
88.238.53.225 - - [28/May/2026:20:49:18 +0300] "GET /images/category/612e37f0c7135.png HTTP/1.1" 200 655064 "https://www.cehaburo.com/tr/urun-kategori/5" "Mozilla/5.0 (Linux; Android 10; K) AppleWebKit/537.36 (KHTML, like Gecko) Chrome/148.0.0.0 Mobile Safari/537.36"
88.238.53.225 - - [28/May/2026:20:49:18 +0300] "GET /images/category/612e37ae4c8dc.png HTTP/1.1" 200 459893 "https://www.cehaburo.com/tr/urun-kategori/5" "Mozilla/5.0 (Linux; Android 10; K) AppleWebKit/537.36 (KHTML, like Gecko) Chrome/148.0.0.0 Mobile Safari/537.36"
88.238.53.225 - - [28/May/2026:20:49:27 +0300] "GET /tr/urun-kategori/5 HTTP/1.1" 200 6223 "https://www.cehaburo.com/tr/urun-kategori/5" "Mozilla/5.0 (Linux; Android 10; K) AppleWebKit/537.36 (KHTML, like Gecko) Chrome/148.0.0.0 Mobile Safari/537.36"
88.238.53.225 - - [28/May/2026:20:49:35 +0300] "GET /tr/urun/31 HTTP/1.1" 200 13211 "https://www.cehaburo.com/tr/urun-kategori/5" "Mozilla/5.0 (Linux; Android 10; K) AppleWebKit/537.36 (KHTML, like Gecko) Chrome/148.0.0.0 Mobile Safari/537.36"
40.77.167.58 - - [28/May/2026:20:49:45 +0300] "GET /en/product/5 HTTP/1.1" 200 13116 "-" "Mozilla/5.0 AppleWebKit/537.36 (KHTML, like Gecko; compatible; bingbot/2.0; +http://www.bing.com/bingbot.htm) Chrome/116.0.1938.76 Safari/537.36"
88.238.53.225 - - [28/May/2026:20:50:03 +0300] "GET /getdata/get_variations.php?variation_id=189 HTTP/1.1" 200 162 "https://www.cehaburo.com/tr/urun/31" "Mozilla/5.0 (Linux; Android 10; K) AppleWebKit/537.36 (KHTML, like Gecko) Chrome/148.0.0.0 Mobile Safari/537.36"
145.249.109.88 - - [28/May/2026:20:53:12 +0300] "GET /tr/urun-kategori/images/logo/64b69cd526f8e.png HTTP/1.1" 404 - "-" "Mozilla/5.0 (Windows NT 10.0; Win64; x64) AppleWebKit/537.36 (KHTML, like Gecko) Chrome/140.0.0.0 Safari/537.36"
47.128.121.15 - - [28/May/2026:20:55:59 +0300] "-" 408 - "-" "-"
113.30.152.87 - - [28/May/2026:20:57:24 +0300] "GET /tr/urun/images/logo/64b5226a99913.png HTTP/1.1" 404 - "-" "Mozilla/5.0 (Windows NT 10.0; Win64; x64) AppleWebKit/537.36 (KHTML, like Gecko) Chrome/140.0.0.0 Safari/537.36"
46.151.178.13 - - [28/May/2026:20:57:54 +0300] "PROPFIND / HTTP/1.1" 200 114292 "http://212.252.79.165:443/" "-"
85.208.96.210 - - [28/May/2026:20:58:00 +0300] "GET /tr/urun-kategori/6 HTTP/1.1" 200 6253 "-" "Mozilla/5.0 (compatible; SemrushBot/7~bl; +http://www.semrush.com/bot.html)"
185.191.171.3 - - [28/May/2026:20:59:17 +0300] "GET /en/product/101 HTTP/1.1" 200 12893 "-" "Mozilla/5.0 (compatible; SemrushBot/7~bl; +http://www.semrush.com/bot.html)"
45.168.237.134 - - [28/May/2026:20:59:42 +0300] "GET /tr/tr/urun-alt-kategori/44 HTTP/1.1" 302 - "-" "Mozilla/5.0 (Macintosh; Intel Mac OS X 10_9_3) AppleWebKit/537.36 (KHTML, like Gecko) Chrome/35.0.1916.47 Safari/537.36"
45.168.237.134 - - [28/May/2026:20:59:42 +0300] "GET /tr/tr/404 HTTP/1.1" 200 - "-" "Mozilla/5.0 (Macintosh; Intel Mac OS X 10_9_3) AppleWebKit/537.36 (KHTML, like Gecko) Chrome/35.0.1916.47 Safari/537.36"
185.191.171.4 - - [28/May/2026:21:03:56 +0300] "GET /en/product-sub-category HTTP/1.1" 200 10021 "-" "Mozilla/5.0 (compatible; SemrushBot/7~bl; +http://www.semrush.com/bot.html)"
54.37.118.69 - - [28/May/2026:21:05:24 +0300] "GET /lib/change-lang.php?lang=en&active_url=/tr/urun/102 HTTP/1.1" 302 - "-" "Mozilla/5.0 (compatible; AhrefsBot/7.0; +http://ahrefs.com/robot/)"
85.208.96.210 - - [28/May/2026:21:05:58 +0300] "GET /en/product/72 HTTP/1.1" 200 13362 "-" "Mozilla/5.0 (compatible; SemrushBot/7~bl; +http://www.semrush.com/bot.html)"
46.29.238.11 - - [28/May/2026:21:06:19 +0300] "GET /tr/urun/images/product/614ae718e709c.jpg HTTP/1.1" 404 - "-" "Mozilla/5.0 (Windows NT 10.0; Win64; x64) AppleWebKit/537.36 (KHTML, like Gecko) Chrome/140.0.0.0 Safari/537.36"
176.88.126.209 - - [28/May/2026:21:07:25 +0300] "GET /tr/hakkimizda HTTP/1.1" 200 7321 "https://www.google.com/" "Mozilla/5.0 (Linux; Android 10; K) AppleWebKit/537.36 (KHTML, like Gecko) Chrome/148.0.0.0 Mobile Safari/537.36"
185.191.171.8 - - [28/May/2026:21:07:26 +0300] "GET /en/product/20 HTTP/1.1" 200 13840 "-" "Mozilla/5.0 (compatible; SemrushBot/7~bl; +http://www.semrush.com/bot.html)"
69.63.184.5 - - [28/May/2026:21:08:01 +0300] "GET /robots.txt HTTP/1.1" 404 - "-" "facebookexternalhit/1.1 (+http://www.facebook.com/externalhit_uatext.php)"
57.141.20.37 - - [28/May/2026:21:08:01 +0300] "GET /tr/urun/49 HTTP/1.1" 200 99571 "-" "meta-externalagent/1.1 (+https://developers.facebook.com/docs/sharing/webmasters/crawler)"
66.249.68.6 - - [28/May/2026:21:08:12 +0300] "GET /en/product-sub-category/32 HTTP/1.1" 200 10264 "-" "Mozilla/5.0 (Linux; Android 6.0.1; Nexus 5X Build/MMB29P) AppleWebKit/537.36 (KHTML, like Gecko) Chrome/148.0.7778.96 Mobile Safari/537.36 (compatible; Googlebot/2.1; +http://www.google.com/bot.html)"
85.208.96.210 - - [28/May/2026:21:08:15 +0300] "GET /en/product/93 HTTP/1.1" 200 12926 "-" "Mozilla/5.0 (compatible; SemrushBot/7~bl; +http://www.semrush.com/bot.html)"
66.249.68.6 - - [28/May/2026:21:08:17 +0300] "GET /vendors/bootstrap-select/js/bootstrap-select.min.js HTTP/1.1" 200 15945 "https://cehaburo.com/en/product-sub-category/32" "Mozilla/5.0 (Linux; Android 6.0.1; Nexus 5X Build/MMB29P) AppleWebKit/537.36 (KHTML, like Gecko) Chrome/148.0.7778.96 Mobile Safari/537.36 (compatible; Googlebot/2.1; +http://www.google.com/bot.html)"
84.37.194.46 - - [28/May/2026:21:09:57 +0300] "GET / HTTP/1.1" 200 11616 "-" "Mozilla/5.0 (Macintosh; Intel Mac OS X 10_15_7) AppleWebKit/537.36 (KHTML, like Gecko) Chrome/142.0.0.0 Safari/537.36"
185.191.171.8 - - [28/May/2026:21:11:39 +0300] "GET /en/product/35 HTTP/1.1" 200 13453 "-" "Mozilla/5.0 (compatible; SemrushBot/7~bl; +http://www.semrush.com/bot.html)"
103.124.138.125 - - [28/May/2026:21:11:55 +0300] "GET /en/certificates HTTP/1.1" 200 6043 "-" "Mozilla/5.0 (Linux; Android 10; K) AppleWebKit/537.36 (KHTML, like Gecko) Chrome/148.0.0.0 Mobile Safari/537.36"
103.124.138.125 - - [28/May/2026:21:11:56 +0300] "GET /vendors/bootstrap-select/css/bootstrap-select.min.css HTTP/1.1" 200 2247 "https://cehaburo.com/en/certificates" "Mozilla/5.0 (Linux; Android 10; K) AppleWebKit/537.36 (KHTML, like Gecko) Chrome/148.0.0.0 Mobile Safari/537.36"
103.124.138.125 - - [28/May/2026:21:11:56 +0300] "GET /vendors/fontawesome-pro-5/css/all.css HTTP/1.1" 200 32906 "https://cehaburo.com/en/certificates" "Mozilla/5.0 (Linux; Android 10; K) AppleWebKit/537.36 (KHTML, like Gecko) Chrome/148.0.0.0 Mobile Safari/537.36"
103.124.138.125 - - [28/May/2026:21:11:56 +0300] "GET /vendors/slick/slick.min.css HTTP/1.1" 200 503 "https://cehaburo.com/en/certificates" "Mozilla/5.0 (Linux; Android 10; K) AppleWebKit/537.36 (KHTML, like Gecko) Chrome/148.0.0.0 Mobile Safari/537.36"
140.213.38.93 - - [28/May/2026:21:11:56 +0300] "GET /en/certificates HTTP/1.1" 200 6043 "-" "Mozilla/5.0 (Linux; Android 10; K) AppleWebKit/537.36 (KHTML, like Gecko) Chrome/148.0.0.0 Mobile Safari/537.36"
203.17.85.155 - - [28/May/2026:21:11:56 +0300] "GET /en/certificates HTTP/1.1" 200 6043 "-" "Mozilla/5.0 (Linux; Android 11; RMX2189 Build/RP1A.200720.011) AppleWebKit/537.36 (KHTML, like Gecko) Version/4.0 Chrome/148.0.7778.178 Mobile Safari/537.36"
103.172.121.15 - - [28/May/2026:21:11:56 +0300] "GET /en/certificates HTTP/1.1" 200 6043 "-" "Mozilla/5.0 (Linux; Android 10; K) AppleWebKit/537.36 (KHTML, like Gecko) Chrome/148.0.0.0 Mobile Safari/537.36"
103.124.138.125 - - [28/May/2026:21:11:56 +0300] "GET /vendors/magnific-popup/magnific-popup.min.css HTTP/1.1" 200 1565 "https://cehaburo.com/en/certificates" "Mozilla/5.0 (Linux; Android 10; K) AppleWebKit/537.36 (KHTML, like Gecko) Chrome/148.0.0.0 Mobile Safari/537.36"
103.124.138.125 - - [28/May/2026:21:11:56 +0300] "GET /vendors/jquery-ui/jquery-ui.min.css HTTP/1.1" 200 7607 "https://cehaburo.com/en/certificates" "Mozilla/5.0 (Linux; Android 10; K) AppleWebKit/537.36 (KHTML, like Gecko) Chrome/148.0.0.0 Mobile Safari/537.36"
103.172.121.15 - - [28/May/2026:21:11:56 +0300] "GET /vendors/bootstrap-select/css/bootstrap-select.min.css HTTP/1.1" 200 2247 "https://cehaburo.com/en/certificates" "Mozilla/5.0 (Linux; Android 10; K) AppleWebKit/537.36 (KHTML, like Gecko) Chrome/148.0.0.0 Mobile Safari/537.36"
103.172.121.15 - - [28/May/2026:21:11:56 +0300] "GET /vendors/fontawesome-pro-5/css/all.css HTTP/1.1" 200 32906 "https://cehaburo.com/en/certificates" "Mozilla/5.0 (Linux; Android 10; K) AppleWebKit/537.36 (KHTML, like Gecko) Chrome/148.0.0.0 Mobile Safari/537.36"
103.124.138.125 - - [28/May/2026:21:11:56 +0300] "GET /vendors/animate.css HTTP/1.1" 200 4325 "https://cehaburo.com/en/certificates" "Mozilla/5.0 (Linux; Android 10; K) AppleWebKit/537.36 (KHTML, like Gecko) Chrome/148.0.0.0 Mobile Safari/537.36"
140.213.70.147 - - [28/May/2026:21:11:57 +0300] "GET /en/certificates HTTP/1.1" 200 6043 "-" "Mozilla/5.0 (Linux; Android 13; CPH2365 Build/TP1A.220905.001) AppleWebKit/537.36 (KHTML, like Gecko) Version/4.0 Chrome/148.0.7778.178 Mobile Safari/537.36"
103.172.121.15 - - [28/May/2026:21:11:57 +0300] "GET /vendors/slick/slick.min.css HTTP/1.1" 200 503 "https://cehaburo.com/en/certificates" "Mozilla/5.0 (Linux; Android 10; K) AppleWebKit/537.36 (KHTML, like Gecko) Chrome/148.0.0.0 Mobile Safari/537.36"
103.124.138.125 - - [28/May/2026:21:11:57 +0300] "GET /vendors/mapbox-gl/mapbox-gl.min.css HTTP/1.1" 200 4574 "https://cehaburo.com/en/certificates" "Mozilla/5.0 (Linux; Android 10; K) AppleWebKit/537.36 (KHTML, like Gecko) Chrome/148.0.0.0 Mobile Safari/537.36"
103.124.138.125 - - [28/May/2026:21:11:57 +0300] "GET /css/spacing.css HTTP/1.1" 200 10689 "https://cehaburo.com/en/certificates" "Mozilla/5.0 (Linux; Android 10; K) AppleWebKit/537.36 (KHTML, like Gecko) Chrome/148.0.0.0 Mobile Safari/537.36"
103.124.138.125 - - [28/May/2026:21:11:57 +0300] "GET /css/themes.css HTTP/1.1" 200 56838 "https://cehaburo.com/en/certificates" "Mozilla/5.0 (Linux; Android 10; K) AppleWebKit/537.36 (KHTML, like Gecko) Chrome/148.0.0.0 Mobile Safari/537.36"
103.172.121.15 - - [28/May/2026:21:11:57 +0300] "GET /vendors/magnific-popup/magnific-popup.min.css HTTP/1.1" 200 1565 "https://cehaburo.com/en/certificates" "Mozilla/5.0 (Linux; Android 10; K) AppleWebKit/537.36 (KHTML, like Gecko) Chrome/148.0.0.0 Mobile Safari/537.36"
103.172.121.15 - - [28/May/2026:21:11:57 +0300] "GET /vendors/jquery-ui/jquery-ui.min.css HTTP/1.1" 200 7607 "https://cehaburo.com/en/certificates" "Mozilla/5.0 (Linux; Android 10; K) AppleWebKit/537.36 (KHTML, like Gecko) Chrome/148.0.0.0 Mobile Safari/537.36"
140.213.70.147 - - [28/May/2026:21:11:57 +0300] "GET /vendors/fontawesome-pro-5/css/all.css HTTP/1.1" 200 32906 "https://cehaburo.com/en/certificates" "Mozilla/5.0 (Linux; Android 13; CPH2365 Build/TP1A.220905.001) AppleWebKit/537.36 (KHTML, like Gecko) Version/4.0 Chrome/148.0.7778.178 Mobile Safari/537.36"
103.124.138.125 - - [28/May/2026:21:11:57 +0300] "GET /css/responsive.css HTTP/1.1" 200 1057 "https://cehaburo.com/en/certificates" "Mozilla/5.0 (Linux; Android 10; K) AppleWebKit/537.36 (KHTML, like Gecko) Chrome/148.0.0.0 Mobile Safari/537.36"
103.124.138.125 - - [28/May/2026:21:11:57 +0300] "GET /css/colors.css HTTP/1.1" 200 1926 "https://cehaburo.com/en/certificates" "Mozilla/5.0 (Linux; Android 10; K) AppleWebKit/537.36 (KHTML, like Gecko) Chrome/148.0.0.0 Mobile Safari/537.36"
103.172.121.15 - - [28/May/2026:21:11:57 +0300] "GET /vendors/animate.css HTTP/1.1" 200 4325 "https://cehaburo.com/en/certificates" "Mozilla/5.0 (Linux; Android 10; K) AppleWebKit/537.36 (KHTML, like Gecko) Chrome/148.0.0.0 Mobile Safari/537.36"
103.172.121.15 - - [28/May/2026:21:11:57 +0300] "GET /vendors/mapbox-gl/mapbox-gl.min.css HTTP/1.1" 200 4574 "https://cehaburo.com/en/certificates" "Mozilla/5.0 (Linux; Android 10; K) AppleWebKit/537.36 (KHTML, like Gecko) Chrome/148.0.0.0 Mobile Safari/537.36"
103.124.138.125 - - [28/May/2026:21:11:57 +0300] "GET /vendors/jquery.min.js HTTP/1.1" 200 30677 "https://cehaburo.com/en/certificates" "Mozilla/5.0 (Linux; Android 10; K) AppleWebKit/537.36 (KHTML, like Gecko) Chrome/148.0.0.0 Mobile Safari/537.36"
103.124.138.125 - - [28/May/2026:21:11:57 +0300] "GET /images/logo/logo.png HTTP/1.1" 200 4478 "https://cehaburo.com/en/certificates" "Mozilla/5.0 (Linux; Android 10; K) AppleWebKit/537.36 (KHTML, like Gecko) Chrome/148.0.0.0 Mobile Safari/537.36"
103.172.121.15 - - [28/May/2026:21:11:57 +0300] "GET /css/spacing.css HTTP/1.1" 200 10689 "https://cehaburo.com/en/certificates" "Mozilla/5.0 (Linux; Android 10; K) AppleWebKit/537.36 (KHTML, like Gecko) Chrome/148.0.0.0 Mobile Safari/537.36"
103.172.121.15 - - [28/May/2026:21:11:57 +0300] "GET /css/responsive.css HTTP/1.1" 200 1057 "https://cehaburo.com/en/certificates" "Mozilla/5.0 (Linux; Android 10; K) AppleWebKit/537.36 (KHTML, like Gecko) Chrome/148.0.0.0 Mobile Safari/537.36"
103.172.121.15 - - [28/May/2026:21:11:57 +0300] "GET /css/themes.css HTTP/1.1" 200 56838 "https://cehaburo.com/en/certificates" "Mozilla/5.0 (Linux; Android 10; K) AppleWebKit/537.36 (KHTML, like Gecko) Chrome/148.0.0.0 Mobile Safari/537.36"
140.213.70.147 - - [28/May/2026:21:11:58 +0300] "GET /vendors/bootstrap-select/css/bootstrap-select.min.css HTTP/1.1" 200 2247 "https://cehaburo.com/en/certificates" "Mozilla/5.0 (Linux; Android 13; CPH2365 Build/TP1A.220905.001) AppleWebKit/537.36 (KHTML, like Gecko) Version/4.0 Chrome/148.0.7778.178 Mobile Safari/537.36"
103.124.138.125 - - [28/May/2026:21:11:58 +0300] "GET /vendors/jquery-ui/jquery-ui.min.js HTTP/1.1" 200 67971 "https://cehaburo.com/en/certificates" "Mozilla/5.0 (Linux; Android 10; K) AppleWebKit/537.36 (KHTML, like Gecko) Chrome/148.0.0.0 Mobile Safari/537.36"
103.172.121.15 - - [28/May/2026:21:11:58 +0300] "GET /css/colors.css HTTP/1.1" 200 1926 "https://cehaburo.com/en/certificates" "Mozilla/5.0 (Linux; Android 10; K) AppleWebKit/537.36 (KHTML, like Gecko) Chrome/148.0.0.0 Mobile Safari/537.36"
103.124.138.125 - - [28/May/2026:21:11:58 +0300] "GET /vendors/bootstrap/bootstrap.bundle.js HTTP/1.1" 200 30407 "https://cehaburo.com/en/certificates" "Mozilla/5.0 (Linux; Android 10; K) AppleWebKit/537.36 (KHTML, like Gecko) Chrome/148.0.0.0 Mobile Safari/537.36"
103.172.121.15 - - [28/May/2026:21:11:58 +0300] "GET /vendors/jquery.min.js HTTP/1.1" 200 30677 "https://cehaburo.com/en/certificates" "Mozilla/5.0 (Linux; Android 10; K) AppleWebKit/537.36 (KHTML, like Gecko) Chrome/148.0.0.0 Mobile Safari/537.36"
103.172.121.15 - - [28/May/2026:21:11:58 +0300] "GET /images/logo/logo.png HTTP/1.1" 200 4478 "https://cehaburo.com/en/certificates" "Mozilla/5.0 (Linux; Android 10; K) AppleWebKit/537.36 (KHTML, like Gecko) Chrome/148.0.0.0 Mobile Safari/537.36"
140.213.70.147 - - [28/May/2026:21:11:58 +0300] "GET /vendors/slick/slick.min.css HTTP/1.1" 200 503 "https://cehaburo.com/en/certificates" "Mozilla/5.0 (Linux; Android 13; CPH2365 Build/TP1A.220905.001) AppleWebKit/537.36 (KHTML, like Gecko) Version/4.0 Chrome/148.0.7778.178 Mobile Safari/537.36"
203.17.85.155 - - [28/May/2026:21:11:58 +0300] "GET /vendors/fontawesome-pro-5/css/all.css HTTP/1.1" 200 32906 "https://cehaburo.com/en/certificates" "Mozilla/5.0 (Linux; Android 11; RMX2189 Build/RP1A.200720.011) AppleWebKit/537.36 (KHTML, like Gecko) Version/4.0 Chrome/148.0.7778.178 Mobile Safari/537.36"
202.65.239.228 - - [28/May/2026:21:11:58 +0300] "GET /vendors/bootstrap-select/css/bootstrap-select.min.css HTTP/1.1" 200 2247 "https://cehaburo.com/en/certificates" "Mozilla/5.0 (Linux; Android 11; RMX2189 Build/RP1A.200720.011) AppleWebKit/537.36 (KHTML, like Gecko) Version/4.0 Chrome/148.0.7778.178 Mobile Safari/537.36"
103.172.121.15 - - [28/May/2026:21:11:58 +0300] "GET /vendors/fontawesome-pro-5/webfonts/fa-regular-400.woff2 HTTP/1.1" 200 169597 "https://cehaburo.com/vendors/fontawesome-pro-5/css/all.css" "Mozilla/5.0 (Linux; Android 10; K) AppleWebKit/537.36 (KHTML, like Gecko) Chrome/148.0.0.0 Mobile Safari/537.36"
103.124.138.125 - - [28/May/2026:21:11:58 +0300] "GET /vendors/bootstrap-select/js/bootstrap-select.min.js HTTP/1.1" 200 15945 "https://cehaburo.com/en/certificates" "Mozilla/5.0 (Linux; Android 10; K) AppleWebKit/537.36 (KHTML, like Gecko) Chrome/148.0.0.0 Mobile Safari/537.36"
103.172.121.15 - - [28/May/2026:21:11:58 +0300] "GET /vendors/fontawesome-pro-5/webfonts/fa-brands-400.woff2 HTTP/1.1" 200 76526 "https://cehaburo.com/vendors/fontawesome-pro-5/css/all.css" "Mozilla/5.0 (Linux; Android 10; K) AppleWebKit/537.36 (KHTML, like Gecko) Chrome/148.0.0.0 Mobile Safari/537.36"
140.213.70.147 - - [28/May/2026:21:11:58 +0300] "GET /vendors/magnific-popup/magnific-popup.min.css HTTP/1.1" 200 1565 "https://cehaburo.com/en/certificates" "Mozilla/5.0 (Linux; Android 13; CPH2365 Build/TP1A.220905.001) AppleWebKit/537.36 (KHTML, like Gecko) Version/4.0 Chrome/148.0.7778.178 Mobile Safari/537.36"
103.172.121.15 - - [28/May/2026:21:11:58 +0300] "GET /vendors/fontawesome-pro-5/webfonts/fa-light-300.woff2 HTTP/1.1" 200 185394 "https://cehaburo.com/vendors/fontawesome-pro-5/css/all.css" "Mozilla/5.0 (Linux; Android 10; K) AppleWebKit/537.36 (KHTML, like Gecko) Chrome/148.0.0.0 Mobile Safari/537.36"
103.124.138.125 - - [28/May/2026:21:11:58 +0300] "GET /vendors/slick/slick.min.js HTTP/1.1" 200 10442 "https://cehaburo.com/en/certificates" "Mozilla/5.0 (Linux; Android 10; K) AppleWebKit/537.36 (KHTML, like Gecko) Chrome/148.0.0.0 Mobile Safari/537.36"
202.65.239.228 - - [28/May/2026:21:11:58 +0300] "GET /vendors/slick/slick.min.css HTTP/1.1" 200 503 "https://cehaburo.com/en/certificates" "Mozilla/5.0 (Linux; Android 11; RMX2189 Build/RP1A.200720.011) AppleWebKit/537.36 (KHTML, like Gecko) Version/4.0 Chrome/148.0.7778.178 Mobile Safari/537.36"
140.213.70.147 - - [28/May/2026:21:11:58 +0300] "GET /vendors/jquery-ui/jquery-ui.min.css HTTP/1.1" 200 7607 "https://cehaburo.com/en/certificates" "Mozilla/5.0 (Linux; Android 13; CPH2365 Build/TP1A.220905.001) AppleWebKit/537.36 (KHTML, like Gecko) Version/4.0 Chrome/148.0.7778.178 Mobile Safari/537.36"
103.124.138.125 - - [28/May/2026:21:11:58 +0300] "GET /vendors/waypoints/jquery.waypoints.min.js HTTP/1.1" 200 2615 "https://cehaburo.com/en/certificates" "Mozilla/5.0 (Linux; Android 10; K) AppleWebKit/537.36 (KHTML, like Gecko) Chrome/148.0.0.0 Mobile Safari/537.36"
103.172.121.15 - - [28/May/2026:21:11:58 +0300] "GET /images/certificate/6183ee2a63e5c.png HTTP/1.1" 200 794394 "https://cehaburo.com/en/certificates" "Mozilla/5.0 (Linux; Android 10; K) AppleWebKit/537.36 (KHTML, like Gecko) Chrome/148.0.0.0 Mobile Safari/537.36"
114.122.142.133 - - [28/May/2026:21:11:59 +0300] "GET /en/certificates HTTP/1.1" 200 6043 "-" "Mozilla/5.0 (iPhone; CPU iPhone OS 18_7 like Mac OS X) AppleWebKit/605.1.15 (KHTML, like Gecko) Mobile/15E148"
103.124.138.125 - - [28/May/2026:21:11:59 +0300] "GET /vendors/counter/countUp.js HTTP/1.1" 200 1392 "https://cehaburo.com/en/certificates" "Mozilla/5.0 (Linux; Android 10; K) AppleWebKit/537.36 (KHTML, like Gecko) Chrome/148.0.0.0 Mobile Safari/537.36"
203.17.85.155 - - [28/May/2026:21:11:59 +0300] "GET /vendors/magnific-popup/magnific-popup.min.css HTTP/1.1" 200 1565 "https://cehaburo.com/en/certificates" "Mozilla/5.0 (Linux; Android 11; RMX2189 Build/RP1A.200720.011) AppleWebKit/537.36 (KHTML, like Gecko) Version/4.0 Chrome/148.0.7778.178 Mobile Safari/537.36"
140.213.70.147 - - [28/May/2026:21:11:59 +0300] "GET /vendors/animate.css HTTP/1.1" 200 4325 "https://cehaburo.com/en/certificates" "Mozilla/5.0 (Linux; Android 13; CPH2365 Build/TP1A.220905.001) AppleWebKit/537.36 (KHTML, like Gecko) Version/4.0 Chrome/148.0.7778.178 Mobile Safari/537.36"
202.65.239.228 - - [28/May/2026:21:11:59 +0300] "GET /vendors/jquery-ui/jquery-ui.min.css HTTP/1.1" 200 7607 "https://cehaburo.com/en/certificates" "Mozilla/5.0 (Linux; Android 11; RMX2189 Build/RP1A.200720.011) AppleWebKit/537.36 (KHTML, like Gecko) Version/4.0 Chrome/148.0.7778.178 Mobile Safari/537.36"
103.172.121.15 - - [28/May/2026:21:11:58 +0300] "GET /images/certificate/6183ef4b2e075.png HTTP/1.1" 200 697801 "https://cehaburo.com/en/certificates" "Mozilla/5.0 (Linux; Android 10; K) AppleWebKit/537.36 (KHTML, like Gecko) Chrome/148.0.0.0 Mobile Safari/537.36"
140.213.38.93 - - [28/May/2026:21:11:59 +0300] "GET /vendors/fontawesome-pro-5/css/all.css HTTP/1.1" 200 32906 "https://cehaburo.com/en/certificates" "Mozilla/5.0 (Linux; Android 10; K) AppleWebKit/537.36 (KHTML, like Gecko) Chrome/148.0.0.0 Mobile Safari/537.36"
103.124.138.125 - - [28/May/2026:21:11:59 +0300] "GET /vendors/magnific-popup/jquery.magnific-popup.min.js HTTP/1.1" 200 7292 "https://cehaburo.com/en/certificates" "Mozilla/5.0 (Linux; Android 10; K) AppleWebKit/537.36 (KHTML, like Gecko) Chrome/148.0.0.0 Mobile Safari/537.36"
103.124.138.125 - - [28/May/2026:21:11:59 +0300] "GET /vendors/hc-sticky/hc-sticky.min.js HTTP/1.1" 200 4015 "https://cehaburo.com/en/certificates" "Mozilla/5.0 (Linux; Android 10; K) AppleWebKit/537.36 (KHTML, like Gecko) Chrome/148.0.0.0 Mobile Safari/537.36"
103.172.121.15 - - [28/May/2026:21:11:59 +0300] "GET /vendors/jquery-ui/jquery-ui.min.js HTTP/1.1" 200 67971 "https://cehaburo.com/en/certificates" "Mozilla/5.0 (Linux; Android 10; K) AppleWebKit/537.36 (KHTML, like Gecko) Chrome/148.0.0.0 Mobile Safari/537.36"
140.213.70.147 - - [28/May/2026:21:11:59 +0300] "GET /vendors/mapbox-gl/mapbox-gl.min.css HTTP/1.1" 200 4574 "https://cehaburo.com/en/certificates" "Mozilla/5.0 (Linux; Android 13; CPH2365 Build/TP1A.220905.001) AppleWebKit/537.36 (KHTML, like Gecko) Version/4.0 Chrome/148.0.7778.178 Mobile Safari/537.36"
203.17.85.155 - - [28/May/2026:21:11:59 +0300] "GET /vendors/animate.css HTTP/1.1" 200 4325 "https://cehaburo.com/en/certificates" "Mozilla/5.0 (Linux; Android 11; RMX2189 Build/RP1A.200720.011) AppleWebKit/537.36 (KHTML, like Gecko) Version/4.0 Chrome/148.0.7778.178 Mobile Safari/537.36"
202.65.239.228 - - [28/May/2026:21:11:59 +0300] "GET /vendors/mapbox-gl/mapbox-gl.min.css HTTP/1.1" 200 4574 "https://cehaburo.com/en/certificates" "Mozilla/5.0 (Linux; Android 11; RMX2189 Build/RP1A.200720.011) AppleWebKit/537.36 (KHTML, like Gecko) Version/4.0 Chrome/148.0.7778.178 Mobile Safari/537.36"
103.124.138.125 - - [28/May/2026:21:11:59 +0300] "GET /vendors/jparallax/TweenMax.min.js HTTP/1.1" 200 39768 "https://cehaburo.com/en/certificates" "Mozilla/5.0 (Linux; Android 10; K) AppleWebKit/537.36 (KHTML, like Gecko) Chrome/148.0.0.0 Mobile Safari/537.36"
103.172.121.15 - - [28/May/2026:21:11:59 +0300] "GET /vendors/bootstrap/bootstrap.bundle.js HTTP/1.1" 200 30407 "https://cehaburo.com/en/certificates" "Mozilla/5.0 (Linux; Android 10; K) AppleWebKit/537.36 (KHTML, like Gecko) Chrome/148.0.0.0 Mobile Safari/537.36"
140.213.70.147 - - [28/May/2026:21:11:59 +0300] "GET /css/spacing.css HTTP/1.1" 200 10689 "https://cehaburo.com/en/certificates" "Mozilla/5.0 (Linux; Android 13; CPH2365 Build/TP1A.220905.001) AppleWebKit/537.36 (KHTML, like Gecko) Version/4.0 Chrome/148.0.7778.178 Mobile Safari/537.36"
140.213.38.93 - - [28/May/2026:21:11:59 +0300] "GET /vendors/bootstrap-select/css/bootstrap-select.min.css HTTP/1.1" 200 2247 "https://cehaburo.com/en/certificates" "Mozilla/5.0 (Linux; Android 10; K) AppleWebKit/537.36 (KHTML, like Gecko) Chrome/148.0.0.0 Mobile Safari/537.36"
103.172.121.15 - - [28/May/2026:21:11:58 +0300] "GET /images/certificate/61fb7f85b8bcd.jpg HTTP/1.1" 200 1304329 "https://cehaburo.com/en/certificates" "Mozilla/5.0 (Linux; Android 10; K) AppleWebKit/537.36 (KHTML, like Gecko) Chrome/148.0.0.0 Mobile Safari/537.36"
203.17.85.155 - - [28/May/2026:21:11:59 +0300] "GET /css/spacing.css HTTP/1.1" 200 10689 "https://cehaburo.com/en/certificates" "Mozilla/5.0 (Linux; Android 11; RMX2189 Build/RP1A.200720.011) AppleWebKit/537.36 (KHTML, like Gecko) Version/4.0 Chrome/148.0.7778.178 Mobile Safari/537.36"
103.124.138.125 - - [28/May/2026:21:11:59 +0300] "GET /js/theme.js HTTP/1.1" 200 10908 "https://cehaburo.com/en/certificates" "Mozilla/5.0 (Linux; Android 10; K) AppleWebKit/537.36 (KHTML, like Gecko) Chrome/148.0.0.0 Mobile Safari/537.36"
103.172.121.15 - - [28/May/2026:21:11:59 +0300] "GET /images/certificate/6183eec005104.png HTTP/1.1" 200 760196 "https://cehaburo.com/en/certificates" "Mozilla/5.0 (Linux; Android 10; K) AppleWebKit/537.36 (KHTML, like Gecko) Chrome/148.0.0.0 Mobile Safari/537.36"
103.172.121.15 - - [28/May/2026:21:11:58 +0300] "GET /images/certificate/6183f17f21dae.jpg HTTP/1.1" 200 2362276 "https://cehaburo.com/en/certificates" "Mozilla/5.0 (Linux; Android 10; K) AppleWebKit/537.36 (KHTML, like Gecko) Chrome/148.0.0.0 Mobile Safari/537.36"
103.124.138.125 - - [28/May/2026:21:11:59 +0300] "GET /vendors/mapbox-gl/mapbox-gl.js HTTP/1.1" 200 195168 "https://cehaburo.com/en/certificates" "Mozilla/5.0 (Linux; Android 10; K) AppleWebKit/537.36 (KHTML, like Gecko) Chrome/148.0.0.0 Mobile Safari/537.36"
202.65.239.228 - - [28/May/2026:21:11:59 +0300] "GET /css/themes.css HTTP/1.1" 200 56838 "https://cehaburo.com/en/certificates" "Mozilla/5.0 (Linux; Android 11; RMX2189 Build/RP1A.200720.011) AppleWebKit/537.36 (KHTML, like Gecko) Version/4.0 Chrome/148.0.7778.178 Mobile Safari/537.36"
140.213.70.147 - - [28/May/2026:21:12:00 +0300] "GET /css/colors.css HTTP/1.1" 200 1926 "https://cehaburo.com/en/certificates" "Mozilla/5.0 (Linux; Android 13; CPH2365 Build/TP1A.220905.001) AppleWebKit/537.36 (KHTML, like Gecko) Version/4.0 Chrome/148.0.7778.178 Mobile Safari/537.36"
140.213.70.147 - - [28/May/2026:21:12:00 +0300] "GET /css/responsive.css HTTP/1.1" 200 1057 "https://cehaburo.com/en/certificates" "Mozilla/5.0 (Linux; Android 13; CPH2365 Build/TP1A.220905.001) AppleWebKit/537.36 (KHTML, like Gecko) Version/4.0 Chrome/148.0.7778.178 Mobile Safari/537.36"
140.213.70.147 - - [28/May/2026:21:12:00 +0300] "GET /vendors/jquery.min.js HTTP/1.1" 200 30677 "https://cehaburo.com/en/certificates" "Mozilla/5.0 (Linux; Android 13; CPH2365 Build/TP1A.220905.001) AppleWebKit/537.36 (KHTML, like Gecko) Version/4.0 Chrome/148.0.7778.178 Mobile Safari/537.36"
140.213.70.147 - - [28/May/2026:21:12:00 +0300] "GET /css/themes.css HTTP/1.1" 200 56838 "https://cehaburo.com/en/certificates" "Mozilla/5.0 (Linux; Android 13; CPH2365 Build/TP1A.220905.001) AppleWebKit/537.36 (KHTML, like Gecko) Version/4.0 Chrome/148.0.7778.178 Mobile Safari/537.36"
140.213.70.147 - - [28/May/2026:21:12:00 +0300] "GET /images/logo/logo.png HTTP/1.1" 200 4478 "https://cehaburo.com/en/certificates" "Mozilla/5.0 (Linux; Android 13; CPH2365 Build/TP1A.220905.001) AppleWebKit/537.36 (KHTML, like Gecko) Version/4.0 Chrome/148.0.7778.178 Mobile Safari/537.36"
110.138.85.142 - - [28/May/2026:21:12:00 +0300] "GET /en/certificates HTTP/1.1" 200 6043 "-" "Mozilla/5.0 (iPhone; CPU iPhone OS 18_7 like Mac OS X) AppleWebKit/605.1.15 (KHTML, like Gecko) Mobile/15E148"
140.213.38.93 - - [28/May/2026:21:12:00 +0300] "GET /vendors/slick/slick.min.css HTTP/1.1" 200 503 "https://cehaburo.com/en/certificates" "Mozilla/5.0 (Linux; Android 10; K) AppleWebKit/537.36 (KHTML, like Gecko) Chrome/148.0.0.0 Mobile Safari/537.36"
114.8.229.245 - - [28/May/2026:21:12:00 +0300] "GET /en/certificates HTTP/1.1" 200 6043 "-" "Mozilla/5.0 (Linux; Android 11; M2003J15SC Build/RP1A.200720.011) AppleWebKit/537.36 (KHTML, like Gecko) Version/4.0 Chrome/148.0.7778.120 Mobile Safari/537.36"
114.10.42.227 - - [28/May/2026:21:12:00 +0300] "GET /en/certificates HTTP/1.1" 200 6043 "-" "Mozilla/5.0 (iPhone; CPU iPhone OS 18_7 like Mac OS X) AppleWebKit/605.1.15 (KHTML, like Gecko) Mobile/15E148"
203.17.85.155 - - [28/May/2026:21:12:00 +0300] "GET /css/colors.css HTTP/1.1" 200 1926 "https://cehaburo.com/en/certificates" "Mozilla/5.0 (Linux; Android 11; RMX2189 Build/RP1A.200720.011) AppleWebKit/537.36 (KHTML, like Gecko) Version/4.0 Chrome/148.0.7778.178 Mobile Safari/537.36"
203.17.85.155 - - [28/May/2026:21:12:00 +0300] "GET /css/responsive.css HTTP/1.1" 200 1057 "https://cehaburo.com/en/certificates" "Mozilla/5.0 (Linux; Android 11; RMX2189 Build/RP1A.200720.011) AppleWebKit/537.36 (KHTML, like Gecko) Version/4.0 Chrome/148.0.7778.178 Mobile Safari/537.36"
202.65.239.228 - - [28/May/2026:21:12:00 +0300] "GET /images/logo/logo.png HTTP/1.1" 200 4478 "https://cehaburo.com/en/certificates" "Mozilla/5.0 (Linux; Android 11; RMX2189 Build/RP1A.200720.011) AppleWebKit/537.36 (KHTML, like Gecko) Version/4.0 Chrome/148.0.7778.178 Mobile Safari/537.36"
140.213.70.147 - - [28/May/2026:21:12:00 +0300] "GET /vendors/bootstrap/bootstrap.bundle.js HTTP/1.1" 200 30407 "https://cehaburo.com/en/certificates" "Mozilla/5.0 (Linux; Android 13; CPH2365 Build/TP1A.220905.001) AppleWebKit/537.36 (KHTML, like Gecko) Version/4.0 Chrome/148.0.7778.178 Mobile Safari/537.36"
140.213.70.147 - - [28/May/2026:21:12:00 +0300] "GET /vendors/jquery-ui/jquery-ui.min.js HTTP/1.1" 200 67971 "https://cehaburo.com/en/certificates" "Mozilla/5.0 (Linux; Android 13; CPH2365 Build/TP1A.220905.001) AppleWebKit/537.36 (KHTML, like Gecko) Version/4.0 Chrome/148.0.7778.178 Mobile Safari/537.36"
140.213.70.147 - - [28/May/2026:21:12:00 +0300] "GET /vendors/bootstrap-select/js/bootstrap-select.min.js HTTP/1.1" 200 15945 "https://cehaburo.com/en/certificates" "Mozilla/5.0 (Linux; Android 13; CPH2365 Build/TP1A.220905.001) AppleWebKit/537.36 (KHTML, like Gecko) Version/4.0 Chrome/148.0.7778.178 Mobile Safari/537.36"
140.213.38.93 - - [28/May/2026:21:12:00 +0300] "GET /vendors/magnific-popup/magnific-popup.min.css HTTP/1.1" 200 1565 "https://cehaburo.com/en/certificates" "Mozilla/5.0 (Linux; Android 10; K) AppleWebKit/537.36 (KHTML, like Gecko) Chrome/148.0.0.0 Mobile Safari/537.36"
103.124.138.125 - - [28/May/2026:21:12:00 +0300] "GET /vendors/fontawesome-pro-5/webfonts/fa-light-300.woff2 HTTP/1.1" 200 185394 "https://cehaburo.com/vendors/fontawesome-pro-5/css/all.css" "Mozilla/5.0 (Linux; Android 10; K) AppleWebKit/537.36 (KHTML, like Gecko) Chrome/148.0.0.0 Mobile Safari/537.36"
140.213.70.147 - - [28/May/2026:21:12:00 +0300] "GET /vendors/slick/slick.min.js HTTP/1.1" 200 10442 "https://cehaburo.com/en/certificates" "Mozilla/5.0 (Linux; Android 13; CPH2365 Build/TP1A.220905.001) AppleWebKit/537.36 (KHTML, like Gecko) Version/4.0 Chrome/148.0.7778.178 Mobile Safari/537.36"
203.17.85.155 - - [28/May/2026:21:12:00 +0300] "GET /vendors/jquery-ui/jquery-ui.min.js HTTP/1.1" 200 67971 "https://cehaburo.com/en/certificates" "Mozilla/5.0 (Linux; Android 11; RMX2189 Build/RP1A.200720.011) AppleWebKit/537.36 (KHTML, like Gecko) Version/4.0 Chrome/148.0.7778.178 Mobile Safari/537.36"
116.254.97.80 - - [28/May/2026:21:12:00 +0300] "GET /vendors/jquery.min.js HTTP/1.1" 200 30677 "https://cehaburo.com/en/certificates" "Mozilla/5.0 (Linux; Android 11; RMX2189 Build/RP1A.200720.011) AppleWebKit/537.36 (KHTML, like Gecko) Version/4.0 Chrome/148.0.7778.178 Mobile Safari/537.36"
202.65.239.228 - - [28/May/2026:21:12:00 +0300] "GET /vendors/bootstrap/bootstrap.bundle.js HTTP/1.1" 200 30407 "https://cehaburo.com/en/certificates" "Mozilla/5.0 (Linux; Android 11; RMX2189 Build/RP1A.200720.011) AppleWebKit/537.36 (KHTML, like Gecko) Version/4.0 Chrome/148.0.7778.178 Mobile Safari/537.36"
202.65.239.228 - - [28/May/2026:21:12:00 +0300] "GET /vendors/bootstrap-select/js/bootstrap-select.min.js HTTP/1.1" 200 15945 "https://cehaburo.com/en/certificates" "Mozilla/5.0 (Linux; Android 11; RMX2189 Build/RP1A.200720.011) AppleWebKit/537.36 (KHTML, like Gecko) Version/4.0 Chrome/148.0.7778.178 Mobile Safari/537.36"
140.213.70.147 - - [28/May/2026:21:12:00 +0300] "GET /vendors/waypoints/jquery.waypoints.min.js HTTP/1.1" 200 2615 "https://cehaburo.com/en/certificates" "Mozilla/5.0 (Linux; Android 13; CPH2365 Build/TP1A.220905.001) AppleWebKit/537.36 (KHTML, like Gecko) Version/4.0 Chrome/148.0.7778.178 Mobile Safari/537.36"
202.65.239.228 - - [28/May/2026:21:12:00 +0300] "GET /vendors/slick/slick.min.js HTTP/1.1" 200 10442 "https://cehaburo.com/en/certificates" "Mozilla/5.0 (Linux; Android 11; RMX2189 Build/RP1A.200720.011) AppleWebKit/537.36 (KHTML, like Gecko) Version/4.0 Chrome/148.0.7778.178 Mobile Safari/537.36"
140.213.70.147 - - [28/May/2026:21:12:00 +0300] "GET /vendors/counter/countUp.js HTTP/1.1" 200 1392 "https://cehaburo.com/en/certificates" "Mozilla/5.0 (Linux; Android 13; CPH2365 Build/TP1A.220905.001) AppleWebKit/537.36 (KHTML, like Gecko) Version/4.0 Chrome/148.0.7778.178 Mobile Safari/537.36"
140.213.38.93 - - [28/May/2026:21:12:00 +0300] "GET /vendors/jquery-ui/jquery-ui.min.css HTTP/1.1" 200 7607 "https://cehaburo.com/en/certificates" "Mozilla/5.0 (Linux; Android 10; K) AppleWebKit/537.36 (KHTML, like Gecko) Chrome/148.0.0.0 Mobile Safari/537.36"
103.108.130.43 - - [28/May/2026:21:12:00 +0300] "GET /en/certificates HTTP/1.1" 200 6043 "-" "Mozilla/5.0 (iPhone; CPU iPhone OS 18_7 like Mac OS X) AppleWebKit/605.1.15 (KHTML, like Gecko) Mobile/15E148"
140.213.70.147 - - [28/May/2026:21:12:00 +0300] "GET /vendors/hc-sticky/hc-sticky.min.js HTTP/1.1" 200 4015 "https://cehaburo.com/en/certificates" "Mozilla/5.0 (Linux; Android 13; CPH2365 Build/TP1A.220905.001) AppleWebKit/537.36 (KHTML, like Gecko) Version/4.0 Chrome/148.0.7778.178 Mobile Safari/537.36"
140.213.70.147 - - [28/May/2026:21:12:00 +0300] "GET /vendors/magnific-popup/jquery.magnific-popup.min.js HTTP/1.1" 200 7292 "https://cehaburo.com/en/certificates" "Mozilla/5.0 (Linux; Android 13; CPH2365 Build/TP1A.220905.001) AppleWebKit/537.36 (KHTML, like Gecko) Version/4.0 Chrome/148.0.7778.178 Mobile Safari/537.36"
114.8.229.245 - - [28/May/2026:21:12:00 +0300] "GET /vendors/fontawesome-pro-5/css/all.css HTTP/1.1" 200 32906 "https://cehaburo.com/en/certificates" "Mozilla/5.0 (Linux; Android 11; M2003J15SC Build/RP1A.200720.011) AppleWebKit/537.36 (KHTML, like Gecko) Version/4.0 Chrome/148.0.7778.120 Mobile Safari/537.36"
140.213.70.147 - - [28/May/2026:21:12:00 +0300] "GET /vendors/jparallax/TweenMax.min.js HTTP/1.1" 200 39768 "https://cehaburo.com/en/certificates" "Mozilla/5.0 (Linux; Android 13; CPH2365 Build/TP1A.220905.001) AppleWebKit/537.36 (KHTML, like Gecko) Version/4.0 Chrome/148.0.7778.178 Mobile Safari/537.36"
202.65.239.228 - - [28/May/2026:21:12:01 +0300] "GET /vendors/fontawesome-pro-5/webfonts/fa-light-300.woff2 HTTP/1.1" 200 185394 "https://cehaburo.com/vendors/fontawesome-pro-5/css/all.css" "Mozilla/5.0 (Linux; Android 11; RMX2189 Build/RP1A.200720.011) AppleWebKit/537.36 (KHTML, like Gecko) Version/4.0 Chrome/148.0.7778.178 Mobile Safari/537.36"
140.213.70.147 - - [28/May/2026:21:12:01 +0300] "GET /vendors/fontawesome-pro-5/webfonts/fa-brands-400.woff2 HTTP/1.1" 200 76526 "https://cehaburo.com/vendors/fontawesome-pro-5/css/all.css" "Mozilla/5.0 (Linux; Android 13; CPH2365 Build/TP1A.220905.001) AppleWebKit/537.36 (KHTML, like Gecko) Version/4.0 Chrome/148.0.7778.178 Mobile Safari/537.36"
140.213.38.93 - - [28/May/2026:21:12:01 +0300] "GET /vendors/animate.css HTTP/1.1" 200 4325 "https://cehaburo.com/en/certificates" "Mozilla/5.0 (Linux; Android 10; K) AppleWebKit/537.36 (KHTML, like Gecko) Chrome/148.0.0.0 Mobile Safari/537.36"
140.213.38.93 - - [28/May/2026:21:12:01 +0300] "GET /vendors/mapbox-gl/mapbox-gl.min.css HTTP/1.1" 200 4574 "https://cehaburo.com/en/certificates" "Mozilla/5.0 (Linux; Android 10; K) AppleWebKit/537.36 (KHTML, like Gecko) Chrome/148.0.0.0 Mobile Safari/537.36"
103.124.138.125 - - [28/May/2026:21:12:01 +0300] "GET /vendors/fontawesome-pro-5/webfonts/fa-regular-400.woff2 HTTP/1.1" 200 169597 "https://cehaburo.com/vendors/fontawesome-pro-5/css/all.css" "Mozilla/5.0 (Linux; Android 10; K) AppleWebKit/537.36 (KHTML, like Gecko) Chrome/148.0.0.0 Mobile Safari/537.36"
140.213.38.93 - - [28/May/2026:21:12:01 +0300] "GET /css/spacing.css HTTP/1.1" 200 10689 "https://cehaburo.com/en/certificates" "Mozilla/5.0 (Linux; Android 10; K) AppleWebKit/537.36 (KHTML, like Gecko) Chrome/148.0.0.0 Mobile Safari/537.36"
103.52.6.103 - - [28/May/2026:21:12:01 +0300] "GET /en/certificates HTTP/1.1" 200 6043 "-" "Mozilla/5.0 (Linux; Android 13; 23053RN02A Build/TP1A.220624.014; wv) AppleWebKit/537.36 (KHTML, like Gecko) Version/4.0 Chrome/148.0.7778.178 Mobile Safari/537.36[FBAN/EMA;FBLC/id_ID;FBAV/513.0.0.6.105;FBCX/modulariab;]"
202.179.190.20 - - [28/May/2026:21:12:01 +0300] "GET /en/certificates HTTP/1.1" 200 6043 "-" "Mozilla/5.0 (Linux; Android 10; K) AppleWebKit/537.36 (KHTML, like Gecko) Chrome/148.0.0.0 Mobile Safari/537.36"
114.8.213.55 - - [28/May/2026:21:12:01 +0300] "GET /en/certificates HTTP/1.1" 200 6043 "-" "Mozilla/5.0 (Linux; Android 15; V2322 Build/AP3A.240905.015.A2_CS) AppleWebKit/537.36 (KHTML, like Gecko) Version/4.0 Chrome/148.0.7778.178 Mobile Safari/537.36"
140.213.70.147 - - [28/May/2026:21:12:01 +0300] "GET /vendors/fontawesome-pro-5/webfonts/fa-light-300.woff2 HTTP/1.1" 200 185394 "https://cehaburo.com/vendors/fontawesome-pro-5/css/all.css" "Mozilla/5.0 (Linux; Android 13; CPH2365 Build/TP1A.220905.001) AppleWebKit/537.36 (KHTML, like Gecko) Version/4.0 Chrome/148.0.7778.178 Mobile Safari/537.36"
140.213.38.93 - - [28/May/2026:21:12:01 +0300] "GET /css/responsive.css HTTP/1.1" 200 1057 "https://cehaburo.com/en/certificates" "Mozilla/5.0 (Linux; Android 10; K) AppleWebKit/537.36 (KHTML, like Gecko) Chrome/148.0.0.0 Mobile Safari/537.36"
140.213.70.147 - - [28/May/2026:21:12:01 +0300] "GET /vendors/fontawesome-pro-5/webfonts/fa-regular-400.woff2 HTTP/1.1" 200 169597 "https://cehaburo.com/vendors/fontawesome-pro-5/css/all.css" "Mozilla/5.0 (Linux; Android 13; CPH2365 Build/TP1A.220905.001) AppleWebKit/537.36 (KHTML, like Gecko) Version/4.0 Chrome/148.0.7778.178 Mobile Safari/537.36"
140.213.38.93 - - [28/May/2026:21:12:01 +0300] "GET /css/colors.css HTTP/1.1" 200 1926 "https://cehaburo.com/en/certificates" "Mozilla/5.0 (Linux; Android 10; K) AppleWebKit/537.36 (KHTML, like Gecko) Chrome/148.0.0.0 Mobile Safari/537.36"
140.213.70.147 - - [28/May/2026:21:12:00 +0300] "GET /images/certificate/61fb7f85b8bcd.jpg HTTP/1.1" 200 1304329 "https://cehaburo.com/en/certificates" "Mozilla/5.0 (Linux; Android 13; CPH2365 Build/TP1A.220905.001) AppleWebKit/537.36 (KHTML, like Gecko) Version/4.0 Chrome/148.0.7778.178 Mobile Safari/537.36"
140.213.70.147 - - [28/May/2026:21:12:01 +0300] "GET /vendors/mapbox-gl/mapbox-gl.js HTTP/1.1" 200 195168 "https://cehaburo.com/en/certificates" "Mozilla/5.0 (Linux; Android 13; CPH2365 Build/TP1A.220905.001) AppleWebKit/537.36 (KHTML, like Gecko) Version/4.0 Chrome/148.0.7778.178 Mobile Safari/537.36"
114.8.229.245 - - [28/May/2026:21:12:01 +0300] "GET /vendors/bootstrap-select/css/bootstrap-select.min.css HTTP/1.1" 200 2247 "https://cehaburo.com/en/certificates" "Mozilla/5.0 (Linux; Android 11; M2003J15SC Build/RP1A.200720.011) AppleWebKit/537.36 (KHTML, like Gecko) Version/4.0 Chrome/148.0.7778.120 Mobile Safari/537.36"
103.52.6.103 - - [28/May/2026:21:12:01 +0300] "GET /vendors/bootstrap-select/css/bootstrap-select.min.css HTTP/1.1" 200 2247 "https://cehaburo.com/en/certificates" "Mozilla/5.0 (Linux; Android 13; 23053RN02A Build/TP1A.220624.014; wv) AppleWebKit/537.36 (KHTML, like Gecko) Version/4.0 Chrome/148.0.7778.178 Mobile Safari/537.36[FBAN/EMA;FBLC/id_ID;FBAV/513.0.0.6.105;FBCX/modulariab;]"
103.52.6.103 - - [28/May/2026:21:12:01 +0300] "GET /vendors/fontawesome-pro-5/css/all.css HTTP/1.1" 200 32906 "https://cehaburo.com/en/certificates" "Mozilla/5.0 (Linux; Android 13; 23053RN02A Build/TP1A.220624.014; wv) AppleWebKit/537.36 (KHTML, like Gecko) Version/4.0 Chrome/148.0.7778.178 Mobile Safari/537.36[FBAN/EMA;FBLC/id_ID;FBAV/513.0.0.6.105;FBCX/modulariab;]"
140.213.38.93 - - [28/May/2026:21:12:01 +0300] "GET /images/logo/logo.png HTTP/1.1" 200 4478 "https://cehaburo.com/en/certificates" "Mozilla/5.0 (Linux; Android 10; K) AppleWebKit/537.36 (KHTML, like Gecko) Chrome/148.0.0.0 Mobile Safari/537.36"
140.213.38.93 - - [28/May/2026:21:12:01 +0300] "GET /css/themes.css HTTP/1.1" 200 56838 "https://cehaburo.com/en/certificates" "Mozilla/5.0 (Linux; Android 10; K) AppleWebKit/537.36 (KHTML, like Gecko) Chrome/148.0.0.0 Mobile Safari/537.36"
140.213.70.147 - - [28/May/2026:21:12:01 +0300] "GET /images/certificate/6183ef4b2e075.png HTTP/1.1" 200 697801 "https://cehaburo.com/en/certificates" "Mozilla/5.0 (Linux; Android 13; CPH2365 Build/TP1A.220905.001) AppleWebKit/537.36 (KHTML, like Gecko) Version/4.0 Chrome/148.0.7778.178 Mobile Safari/537.36"
202.179.190.20 - - [28/May/2026:21:12:01 +0300] "GET /vendors/bootstrap-select/css/bootstrap-select.min.css HTTP/1.1" 200 2247 "https://cehaburo.com/en/certificates" "Mozilla/5.0 (Linux; Android 10; K) AppleWebKit/537.36 (KHTML, like Gecko) Chrome/148.0.0.0 Mobile Safari/537.36"
202.179.190.20 - - [28/May/2026:21:12:01 +0300] "GET /vendors/fontawesome-pro-5/css/all.css HTTP/1.1" 200 32906 "https://cehaburo.com/en/certificates" "Mozilla/5.0 (Linux; Android 10; K) AppleWebKit/537.36 (KHTML, like Gecko) Chrome/148.0.0.0 Mobile Safari/537.36"
103.124.138.125 - - [28/May/2026:21:12:01 +0300] "GET /vendors/fontawesome-pro-5/webfonts/fa-brands-400.woff2 HTTP/1.1" 200 76526 "https://cehaburo.com/vendors/fontawesome-pro-5/css/all.css" "Mozilla/5.0 (Linux; Android 10; K) AppleWebKit/537.36 (KHTML, like Gecko) Chrome/148.0.0.0 Mobile Safari/537.36"
114.8.229.245 - - [28/May/2026:21:12:01 +0300] "GET /vendors/slick/slick.min.css HTTP/1.1" 200 503 "https://cehaburo.com/en/certificates" "Mozilla/5.0 (Linux; Android 11; M2003J15SC Build/RP1A.200720.011) AppleWebKit/537.36 (KHTML, like Gecko) Version/4.0 Chrome/148.0.7778.120 Mobile Safari/537.36"
140.213.70.147 - - [28/May/2026:21:12:01 +0300] "GET /images/certificate/6183eec005104.png HTTP/1.1" 200 760196 "https://cehaburo.com/en/certificates" "Mozilla/5.0 (Linux; Android 13; CPH2365 Build/TP1A.220905.001) AppleWebKit/537.36 (KHTML, like Gecko) Version/4.0 Chrome/148.0.7778.178 Mobile Safari/537.36"
203.17.85.155 - - [28/May/2026:21:12:01 +0300] "GET /vendors/waypoints/jquery.waypoints.min.js HTTP/1.1" 200 2615 "https://cehaburo.com/en/certificates" "Mozilla/5.0 (Linux; Android 11; RMX2189 Build/RP1A.200720.011) AppleWebKit/537.36 (KHTML, like Gecko) Version/4.0 Chrome/148.0.7778.178 Mobile Safari/537.36"
202.65.239.228 - - [28/May/2026:21:12:01 +0300] "GET /vendors/fontawesome-pro-5/webfonts/fa-regular-400.woff2 HTTP/1.1" 200 169597 "https://cehaburo.com/vendors/fontawesome-pro-5/css/all.css" "Mozilla/5.0 (Linux; Android 11; RMX2189 Build/RP1A.200720.011) AppleWebKit/537.36 (KHTML, like Gecko) Version/4.0 Chrome/148.0.7778.178 Mobile Safari/537.36"
140.213.70.147 - - [28/May/2026:21:12:01 +0300] "GET /js/theme.js HTTP/1.1" 200 10908 "https://cehaburo.com/en/certificates" "Mozilla/5.0 (Linux; Android 13; CPH2365 Build/TP1A.220905.001) AppleWebKit/537.36 (KHTML, like Gecko) Version/4.0 Chrome/148.0.7778.178 Mobile Safari/537.36"
140.213.38.93 - - [28/May/2026:21:12:01 +0300] "GET /vendors/jquery.min.js HTTP/1.1" 200 30677 "https://cehaburo.com/en/certificates" "Mozilla/5.0 (Linux; Android 10; K) AppleWebKit/537.36 (KHTML, like Gecko) Chrome/148.0.0.0 Mobile Safari/537.36"
140.213.70.147 - - [28/May/2026:21:12:01 +0300] "GET /images/logo/64b5226a99913.png HTTP/1.1" 200 20537 "https://cehaburo.com/en/certificates" "Mozilla/5.0 (Linux; Android 13; CPH2365 Build/TP1A.220905.001) AppleWebKit/537.36 (KHTML, like Gecko) Version/4.0 Chrome/148.0.7778.178 Mobile Safari/537.36"
103.52.6.103 - - [28/May/2026:21:12:01 +0300] "GET /vendors/slick/slick.min.css HTTP/1.1" 200 503 "https://cehaburo.com/en/certificates" "Mozilla/5.0 (Linux; Android 13; 23053RN02A Build/TP1A.220624.014; wv) AppleWebKit/537.36 (KHTML, like Gecko) Version/4.0 Chrome/148.0.7778.178 Mobile Safari/537.36[FBAN/EMA;FBLC/id_ID;FBAV/513.0.0.6.105;FBCX/modulariab;]"
140.213.38.93 - - [28/May/2026:21:12:02 +0300] "GET /vendors/bootstrap/bootstrap.bundle.js HTTP/1.1" 200 30407 "https://cehaburo.com/en/certificates" "Mozilla/5.0 (Linux; Android 10; K) AppleWebKit/537.36 (KHTML, like Gecko) Chrome/148.0.0.0 Mobile Safari/537.36"
202.179.190.20 - - [28/May/2026:21:12:02 +0300] "GET /vendors/slick/slick.min.css HTTP/1.1" 200 503 "https://cehaburo.com/en/certificates" "Mozilla/5.0 (Linux; Android 10; K) AppleWebKit/537.36 (KHTML, like Gecko) Chrome/148.0.0.0 Mobile Safari/537.36"
114.8.229.245 - - [28/May/2026:21:12:02 +0300] "GET /vendors/magnific-popup/magnific-popup.min.css HTTP/1.1" 200 1565 "https://cehaburo.com/en/certificates" "Mozilla/5.0 (Linux; Android 11; M2003J15SC Build/RP1A.200720.011) AppleWebKit/537.36 (KHTML, like Gecko) Version/4.0 Chrome/148.0.7778.120 Mobile Safari/537.36"
140.213.38.93 - - [28/May/2026:21:12:02 +0300] "GET /vendors/bootstrap-select/js/bootstrap-select.min.js HTTP/1.1" 200 15945 "https://cehaburo.com/en/certificates" "Mozilla/5.0 (Linux; Android 10; K) AppleWebKit/537.36 (KHTML, like Gecko) Chrome/148.0.0.0 Mobile Safari/537.36"
103.124.138.125 - - [28/May/2026:21:11:57 +0300] "GET /images/certificate/61fb7f85b8bcd.jpg HTTP/1.1" 200 1304329 "https://cehaburo.com/en/certificates" "Mozilla/5.0 (Linux; Android 10; K) AppleWebKit/537.36 (KHTML, like Gecko) Chrome/148.0.0.0 Mobile Safari/537.36"
114.10.22.137 - - [28/May/2026:21:12:02 +0300] "GET /en/certificates HTTP/1.1" 200 6043 "-" "Mozilla/5.0 (Linux; Android 14; CPH2473 Build/TP1A.220905.001) AppleWebKit/537.36 (KHTML, like Gecko) Version/4.0 Chrome/148.0.7778.178 Mobile Safari/537.36"
140.213.70.147 - - [28/May/2026:21:12:02 +0300] "GET /images/logo/64b69cd526f8e.png HTTP/1.1" 200 10142 "https://cehaburo.com/en/certificates" "Mozilla/5.0 (Linux; Android 13; CPH2365 Build/TP1A.220905.001) AppleWebKit/537.36 (KHTML, like Gecko) Version/4.0 Chrome/148.0.7778.178 Mobile Safari/537.36"
